000
CDUS44 KMRX 280807
CLITYS


CLIMATE REPORT
NATIONAL WEATHER SERVICE MORRISTOWN TN
406 AM EDT FRI JUL 28 2017


...................................

...THE KNOXVILLE    ASOS CLIMATE SUMMARY FOR JULY 27 2017...

CLIMATE NORMAL PERIOD 1981 TO 2010
CLIMATE RECORD PERIOD 1871 TO 2017


WEATHER ITEM   OBSERVED TIME   RECORD YEAR NORMAL DEPARTURE LAST
                VALUE   (LST)  VALUE       VALUE  FROM      YEAR
                                                  NORMAL
..................................................................
TEMPERATURE (F)
 YESTERDAY
  MAXIMUM         88    234 PM 103    1952  88      0       96
  MINIMUM         71    315 PM  56    1911  69      2       74
  AVERAGE         80                        78      2       85

PRECIPITATION (IN)
  YESTERDAY        0.39          1.98 1882   0.15   0.24     0.00
  MONTH TO DATE    2.37                      4.51  -2.14     3.87
  SINCE JUN 1      6.79                      8.32  -1.53     8.30
  SINCE JAN 1     30.92                     29.76   1.16    27.56

SNOWFALL (IN)
  YESTERDAY        0.0                       0.0    0.0      0.0
  MONTH TO DATE    0.0                       0.0    0.0      0.0
  SINCE JUN 1      0.0                       0.0    0.0      0.0
  SINCE JUL 1      0.0                       0.0    0.0      0.0
  SNOW DEPTH       0

DEGREE DAYS
 HEATING
  YESTERDAY        0                         0      0        0
  MONTH TO DATE    0                         0      0        0
  SINCE JUN 1      0                         4     -4        0
  SINCE JUL 1      0                         0      0        0

 COOLING
  YESTERDAY       15                        14      1       20
  MONTH TO DATE  386                       368     18      458
  SINCE JUN 1    649                       673    -24      857
  SINCE JAN 1    897                       835     62     1068
..................................................................


WIND (MPH)
  HIGHEST WIND SPEED    25   HIGHEST WIND DIRECTION     W (290)
  HIGHEST GUST SPEED    32   HIGHEST GUST DIRECTION     W (280)
  AVERAGE WIND SPEED     6.8


SKY COVER
  POSSIBLE SUNSHINE  MM
  AVERAGE SKY COVER 0.9


WEATHER CONDITIONS
 THE FOLLOWING WEATHER WAS RECORDED YESTERDAY.
  THUNDERSTORM
  HEAVY RAIN
  LIGHT RAIN
  FOG


RELATIVE HUMIDITY (PERCENT)
 HIGHEST    94          1000 PM
 LOWEST     61          1100 AM
 AVERAGE    78

..........................................................


THE KNOXVILLE    ASOS CLIMATE NORMALS FOR TODAY
                         NORMAL    RECORD    YEAR
 MAXIMUM TEMPERATURE (F)   88       103      1952
                                             1930
 MINIMUM TEMPERATURE (F)   69        59      1962
                                             1911


SUNRISE AND SUNSET
JULY 28 2017..........SUNRISE   641 AM EDT   SUNSET   844 PM EDT
JULY 29 2017..........SUNRISE   642 AM EDT   SUNSET   843 PM EDT


-  INDICATES NEGATIVE NUMBERS.
R  INDICATES RECORD WAS SET OR TIED.
MM INDICATES DATA IS MISSING.
T  INDICATES TRACE AMOUNT.




$$
