000
CDUS44 KMRX 172138
CLITYS

CLIMATE REPORT
NATIONAL WEATHER SERVICE MORRISTOWN TN
534 PM EDT THU APR 17 2014


...................................

...THE KNOXVILLE CLIMATE SUMMARY FOR APRIL 17 2014...
VALID TODAY AS OF 0500 PM LOCAL TIME.

CLIMATE NORMAL PERIOD 1981 TO 2010
CLIMATE RECORD PERIOD 1871 TO 2014


WEATHER ITEM   OBSERVED TIME   RECORD YEAR NORMAL DEPARTURE LAST
                VALUE   (LST)  VALUE       VALUE  FROM      YEAR
                                                  NORMAL
..................................................................
TEMPERATURE (F)
 TODAY
  MAXIMUM         67    400 PM  90    1896  71     -4       77
  MINIMUM         34    204 AM  24    1875  48    -14       61
  AVERAGE         51                        59     -8       69

PRECIPITATION (IN)
  TODAY            0.00          1.06 2003   0.13  -0.13     0.03
  MONTH TO DATE    2.57                      2.24   0.33     2.08
  SINCE MAR 1      4.99                      6.58  -1.59     7.57
  SINCE JAN 1     13.06                     15.16  -2.10    22.66

SNOWFALL (IN)
  TODAY            0.0                       0.0    0.0      0.0
  MONTH TO DATE    T                         0.4   -0.4      0.0
  SINCE MAR 1      0.5                       1.3   -0.8      1.2
  SINCE JUL 1     12.4                       6.4    6.0      3.8
  SNOW DEPTH       0

DEGREE DAYS
 HEATING
  TODAY           14                         7      7        0
  MONTH TO DATE  114                       151    -37      124
  SINCE MAR 1    647                       612     35      767
  SINCE JUL 1   3694                      3508    186     3459

 COOLING
  TODAY            0                         1     -1        4
  MONTH TO DATE   14                        15     -1       22
  SINCE MAR 1     14                        20     -6       24
  SINCE JAN 1     14                        20     -6       26
..................................................................


WIND (MPH)
  HIGHEST WIND SPEED     6   HIGHEST WIND DIRECTION    NE (60)
  HIGHEST GUST SPEED    10   HIGHEST GUST DIRECTION    NE (40)
  AVERAGE WIND SPEED     2.4


SKY COVER
  POSSIBLE SUNSHINE  MM
  AVERAGE SKY COVER  MM


WEATHER CONDITIONS
 THE FOLLOWING WEATHER WAS RECORDED TODAY.
  NO SIGNIFICANT WEATHER WAS OBSERVED.


RELATIVE HUMIDITY (PERCENT)
 HIGHEST    89           200 AM
 LOWEST     29           400 PM
 AVERAGE    59

..........................................................


THE KNOXVILLE CLIMATE NORMALS FOR TOMORROW
                         NORMAL    RECORD    YEAR
 MAXIMUM TEMPERATURE (F)   71        90      1896
 MINIMUM TEMPERATURE (F)   48        24      1875


SUNRISE AND SUNSET
APRIL 17 2014.........SUNRISE   700 AM EDT   SUNSET   811 PM EDT
APRIL 18 2014.........SUNRISE   659 AM EDT   SUNSET   812 PM EDT


-  INDICATES NEGATIVE NUMBERS.
R  INDICATES RECORD WAS SET OR TIED.
MM INDICATES DATA IS MISSING.
T  INDICATES TRACE AMOUNT.




$$
