000
CDUS44 KMRX 280851
CLITYS


CLIMATE REPORT
NATIONAL WEATHER SERVICE MORRISTOWN TN
451 AM EDT TUE MAR 28 2017


...................................

...THE KNOXVILLE    ASOS CLIMATE SUMMARY FOR MARCH 27 2017...

CLIMATE NORMAL PERIOD 1981 TO 2010
CLIMATE RECORD PERIOD 1871 TO 2017


WEATHER ITEM   OBSERVED TIME   RECORD YEAR NORMAL DEPARTURE LAST
                VALUE   (LST)  VALUE       VALUE  FROM      YEAR
                                                  NORMAL
..................................................................
TEMPERATURE (F)
 YESTERDAY
  MAXIMUM         76    522 PM  84    1910  65     11       69
  MINIMUM         54    728 AM  14    1955  42     12       54
  AVERAGE         65                        53     12       62

PRECIPITATION (IN)
  YESTERDAY        0.34          5.75 1994   0.15   0.19     0.01
  MONTH TO DATE    5.18                      3.76   1.42     2.32
  SINCE MAR 1      5.18                      3.76   1.42     2.32
  SINCE JAN 1     11.12                     12.34  -1.22    12.20

SNOWFALL (IN)
  YESTERDAY        0.0                       0.0    0.0      0.0
  MONTH TO DATE    T                         0.8   -0.8      0.0
  SINCE MAR 1      T                         0.8   -0.8      0.0
  SINCE JUL 1      2.3                       5.9   -3.6      5.2
  SNOW DEPTH       0

DEGREE DAYS
 HEATING
  YESTERDAY        0                        12    -12        3
  MONTH TO DATE  392                       415    -23      276
  SINCE MAR 1    392                       415    -23      276
  SINCE JUL 1   2451                      3311   -860     2709

 COOLING
  YESTERDAY        0                         0      0        0
  MONTH TO DATE    1                         0      1       14
  SINCE MAR 1      1                         0      1       14
  SINCE JAN 1      1                         0      1       14
..................................................................


WIND (MPH)
  HIGHEST WIND SPEED    23   HIGHEST WIND DIRECTION     W (270)
  HIGHEST GUST SPEED    30   HIGHEST GUST DIRECTION     W (270)
  AVERAGE WIND SPEED     9.3


SKY COVER
  POSSIBLE SUNSHINE  MM
  AVERAGE SKY COVER 0.7


WEATHER CONDITIONS
 THE FOLLOWING WEATHER WAS RECORDED YESTERDAY.
  THUNDERSTORM
  HEAVY RAIN
  RAIN
  LIGHT RAIN
  FOG


RELATIVE HUMIDITY (PERCENT)
 HIGHEST    93           700 AM
 LOWEST     43           500 PM
 AVERAGE    68

..........................................................


THE KNOXVILLE    ASOS CLIMATE NORMALS FOR TODAY
                         NORMAL    RECORD    YEAR
 MAXIMUM TEMPERATURE (F)   65        85      1907
 MINIMUM TEMPERATURE (F)   42        24      1955
                                             1894


SUNRISE AND SUNSET
MARCH 28 2017.........SUNRISE   728 AM EDT   SUNSET   755 PM EDT
MARCH 29 2017.........SUNRISE   726 AM EDT   SUNSET   755 PM EDT


-  INDICATES NEGATIVE NUMBERS.
R  INDICATES RECORD WAS SET OR TIED.
MM INDICATES DATA IS MISSING.
T  INDICATES TRACE AMOUNT.




$$
