000
CDUS44 KMRX 180826
CLITYS


CLIMATE REPORT
NATIONAL WEATHER SERVICE MORRISTOWN TN
326 AM EST WED JAN 18 2017


...................................

...THE KNOXVILLE    ASOS CLIMATE SUMMARY FOR JANUARY 17 2017...

CLIMATE NORMAL PERIOD 1981 TO 2010
CLIMATE RECORD PERIOD 1871 TO 2017


WEATHER ITEM   OBSERVED TIME   RECORD YEAR NORMAL DEPARTURE LAST
                VALUE   (LST)  VALUE       VALUE  FROM      YEAR
                                                  NORMAL
..................................................................
TEMPERATURE (F)
 YESTERDAY
  MAXIMUM         66        MM  74    1943  47     19       37
  MINIMUM         51        MM  -5    1982  29     22       30
  AVERAGE         59                        38     21       34

PRECIPITATION (IN)
  YESTERDAY        0.19          1.51 2006   0.14   0.05      T
  MONTH TO DATE    1.49                      2.35  -0.86     0.76
  SINCE DEC 1      8.45                      6.85   1.60     8.60
  SINCE JAN 1      1.49                      2.35  -0.86     0.76

SNOWFALL (IN)
  YESTERDAY        0.0                       0.1   -0.1       T
  MONTH TO DATE    2.3                       1.4    0.9       T
  SINCE DEC 1      2.3                       2.2    0.1       T
  SINCE JUL 1      2.3                       2.2    0.1       T
  SNOW DEPTH       0

DEGREE DAYS
 HEATING
  YESTERDAY        6                        27    -21       31
  MONTH TO DATE  316                       459   -143      475
  SINCE DEC 1    997                      1211   -214      858
  SINCE JUL 1   1401                      1892   -491     1368

 COOLING
  YESTERDAY        0                         0      0        0
  MONTH TO DATE    0                         0      0        0
  SINCE DEC 1      0                         0      0        5
  SINCE JAN 1      0                         0      0        0
..................................................................


WIND (MPH)
  HIGHEST WIND SPEED    23   HIGHEST WIND DIRECTION    SW (220)
  HIGHEST GUST SPEED    31   HIGHEST GUST DIRECTION    SW (220)
  AVERAGE WIND SPEED    12.9


SKY COVER
  POSSIBLE SUNSHINE  MM
  AVERAGE SKY COVER 1.0


WEATHER CONDITIONS
 THE FOLLOWING WEATHER WAS RECORDED YESTERDAY.
  HEAVY RAIN
  RAIN
  LIGHT RAIN
  FOG


RELATIVE HUMIDITY (PERCENT)
 HIGHEST    96           200 AM
 LOWEST     63           800 AM
 AVERAGE    80

..........................................................


THE KNOXVILLE    ASOS CLIMATE NORMALS FOR TODAY
                         NORMAL    RECORD    YEAR
 MAXIMUM TEMPERATURE (F)   47        74      1929
 MINIMUM TEMPERATURE (F)   29         0      1994


SUNRISE AND SUNSET
JANUARY 18 2017.......SUNRISE   744 AM EST   SUNSET   549 PM EST
JANUARY 19 2017.......SUNRISE   744 AM EST   SUNSET   550 PM EST


-  INDICATES NEGATIVE NUMBERS.
R  INDICATES RECORD WAS SET OR TIED.
MM INDICATES DATA IS MISSING.
T  INDICATES TRACE AMOUNT.




$$
