000
CDUS44 KMRX 180916
CLITYS


CLIMATE REPORT
NATIONAL WEATHER SERVICE MORRISTOWN TN
416 AM EST THU JAN 18 2018


...................................

...THE KNOXVILLE    ASOS CLIMATE SUMMARY FOR JANUARY 17 2018...

CLIMATE NORMAL PERIOD 1981 TO 2010
CLIMATE RECORD PERIOD 1871 TO 2018


WEATHER ITEM   OBSERVED TIME   RECORD YEAR NORMAL DEPARTURE LAST
                VALUE   (LST)  VALUE       VALUE  FROM      YEAR
                                                  NORMAL
..................................................................
TEMPERATURE (F)
 YESTERDAY
  MAXIMUM         20    406 PM  74    1943  47    -27       66
  MINIMUM          8    851 AM  -5    1982  29    -21       51
  AVERAGE         14                        38    -24       59

PRECIPITATION (IN)
  YESTERDAY        T             1.51 2006   0.14  -0.14     0.19
  MONTH TO DATE    0.87                      2.35  -1.48     1.49
  SINCE DEC 1      4.25                      6.85  -2.60     8.45
  SINCE JAN 1      0.87                      2.35  -1.48     1.49

SNOWFALL (IN)
  YESTERDAY        T                         0.1   -0.1      0.0
  MONTH TO DATE    1.7                       1.4    0.3      2.3
  SINCE DEC 1      2.6                       2.2    0.4      2.3
  SINCE JUL 1      2.6                       2.2    0.4      2.3
  SNOW DEPTH       1

DEGREE DAYS
 HEATING
  YESTERDAY       51                        27     24        6
  MONTH TO DATE  627                       459    168      316
  SINCE DEC 1   1373                      1211    162      997
  SINCE JUL 1   1991                      1892     99     1401

 COOLING
  YESTERDAY        0                         0      0        0
  MONTH TO DATE    0                         0      0        0
  SINCE DEC 1      0                         0      0        0
  SINCE JAN 1      0                         0      0        0
..................................................................


WIND (MPH)
  HIGHEST WIND SPEED    15   HIGHEST WIND DIRECTION     N (10)
  HIGHEST GUST SPEED    19   HIGHEST GUST DIRECTION     N (10)
  AVERAGE WIND SPEED     8.4


SKY COVER
  POSSIBLE SUNSHINE  MM
  AVERAGE SKY COVER 0.6


WEATHER CONDITIONS
 THE FOLLOWING WEATHER WAS RECORDED YESTERDAY.
  LIGHT SNOW
  FOG


RELATIVE HUMIDITY (PERCENT)
 HIGHEST    80          1000 AM
 LOWEST     56           300 PM
 AVERAGE    68

..........................................................


THE KNOXVILLE    ASOS CLIMATE NORMALS FOR TODAY
                         NORMAL    RECORD    YEAR
 MAXIMUM TEMPERATURE (F)   47        74      1929
 MINIMUM TEMPERATURE (F)   29         0      1994


SUNRISE AND SUNSET
JANUARY 18 2018.......SUNRISE   744 AM EST   SUNSET   549 PM EST
JANUARY 19 2018.......SUNRISE   744 AM EST   SUNSET   550 PM EST


-  INDICATES NEGATIVE NUMBERS.
R  INDICATES RECORD WAS SET OR TIED.
MM INDICATES DATA IS MISSING.
T  INDICATES TRACE AMOUNT.




$$
