000
CDUS44 KMRX 030920
CLITYS


CLIMATE REPORT
NATIONAL WEATHER SERVICE MORRISTOWN TN
420 AM EST SAT DEC 3 2016


...................................

...THE KNOXVILLE    ASOS CLIMATE SUMMARY FOR DECEMBER 2 2016...

CLIMATE NORMAL PERIOD 1981 TO 2010
CLIMATE RECORD PERIOD 1871 TO 2016


WEATHER ITEM   OBSERVED TIME   RECORD YEAR NORMAL DEPARTURE LAST
                VALUE   (LST)  VALUE       VALUE  FROM      YEAR
                                                  NORMAL
..................................................................
TEMPERATURE (F)
 YESTERDAY
  MAXIMUM         55    356 PM  76    1982  54      1       59
  MINIMUM         31    730 AM  12    1876  34     -3       44
  AVERAGE         43                        44     -1       52

PRECIPITATION (IN)
  YESTERDAY        0.00          1.94 1991   0.16  -0.16     0.81
  MONTH TO DATE    0.00                      0.31  -0.31     2.39
  SINCE DEC 1      0.00                      0.31  -0.31     2.39
  SINCE JAN 1     38.20                     43.67  -5.47    46.21

SNOWFALL (IN)
  YESTERDAY        0.0                       0.0    0.0      0.0
  MONTH TO DATE    0.0                       0.0    0.0      0.0
  SINCE DEC 1      0.0                       0.0    0.0      0.0
  SINCE JUL 1      0.0                       T      0.0      0.0
  SNOW DEPTH       0

DEGREE DAYS
 HEATING
  YESTERDAY       22                        21      1       13
  MONTH TO DATE   42                        42      0       18
  SINCE DEC 1     42                        42      0       18
  SINCE JUL 1    446                       723   -277      528

 COOLING
  YESTERDAY        0                         0      0        0
  MONTH TO DATE    0                         0      0        0
  SINCE DEC 1      0                         0      0        0
  SINCE JAN 1   2121                      1526    595     1700
..................................................................


WIND (MPH)
  HIGHEST WIND SPEED    12   HIGHEST WIND DIRECTION    SW (240)
  HIGHEST GUST SPEED    14   HIGHEST GUST DIRECTION    SW (240)
  AVERAGE WIND SPEED     3.0


SKY COVER
  POSSIBLE SUNSHINE  MM
  AVERAGE SKY COVER 0.2


WEATHER CONDITIONS
 THE FOLLOWING WEATHER WAS RECORDED YESTERDAY.
  NO SIGNIFICANT WEATHER WAS OBSERVED.


RELATIVE HUMIDITY (PERCENT)
 HIGHEST    85           600 AM
 LOWEST     38           200 PM
 AVERAGE    62

..........................................................


THE KNOXVILLE    ASOS CLIMATE NORMALS FOR TODAY
                         NORMAL    RECORD    YEAR
 MAXIMUM TEMPERATURE (F)   53        79      1982
 MINIMUM TEMPERATURE (F)   34        10      1929


SUNRISE AND SUNSET
DECEMBER  3 2016......SUNRISE   730 AM EST   SUNSET   522 PM EST
DECEMBER  4 2016......SUNRISE   731 AM EST   SUNSET   522 PM EST


-  INDICATES NEGATIVE NUMBERS.
R  INDICATES RECORD WAS SET OR TIED.
MM INDICATES DATA IS MISSING.
T  INDICATES TRACE AMOUNT.




$$
