717
CDUS44 KMRX 080944
CLITYS


CLIMATE REPORT
NATIONAL WEATHER SERVICE MORRISTOWN TN
443 AM EST MON FEB 8 2016


...................................

...THE KNOXVILLE    ASOS CLIMATE SUMMARY FOR FEBRUARY 7 2016...

CLIMATE NORMAL PERIOD 1981 TO 2010
CLIMATE RECORD PERIOD 1871 TO 2016


WEATHER ITEM   OBSERVED TIME   RECORD YEAR NORMAL DEPARTURE LAST
                VALUE   (LST)  VALUE       VALUE  FROM      YEAR
                                                  NORMAL
..................................................................
TEMPERATURE (F)
 YESTERDAY
  MAXIMUM         52    423 PM  71    1925  50      2       61
  MINIMUM         26    710 AM   3    1984  31     -5       25
  AVERAGE         39                        40     -1       43

PRECIPITATION (IN)
  YESTERDAY        0.00          1.97 1892   0.15  -0.15     0.00
  MONTH TO DATE    3.09                      1.07   2.02     0.65
  SINCE DEC 1     13.70                      9.89   3.81     8.28
  SINCE JAN 1      5.86                      5.39   0.47     4.04

SNOWFALL (IN)
  YESTERDAY        0.0                       0.0    0.0      0.0
  MONTH TO DATE    0.0                       0.5   -0.5       T
  SINCE DEC 1      2.6                       4.0   -1.4      1.1
  SINCE JUL 1      2.6                       4.0   -1.4      1.1
  SNOW DEPTH       0

DEGREE DAYS
 HEATING
  YESTERDAY       26                        25      1       22
  MONTH TO DATE  123                       176    -53      191
  SINCE DEC 1   1399                      1757   -358     1716
  SINCE JUL 1   1909                      2438   -529     2542

 COOLING
  YESTERDAY        0                         0      0        0
  MONTH TO DATE    0                         0      0        0
  SINCE DEC 1      5                         0      5        0
  SINCE JAN 1      0                         0      0        0
..................................................................


WIND (MPH)
  HIGHEST WIND SPEED     9   HIGHEST WIND DIRECTION     W (270)
  HIGHEST GUST SPEED    11   HIGHEST GUST DIRECTION     W (270)
  AVERAGE WIND SPEED     2.4


SKY COVER
  POSSIBLE SUNSHINE  MM
  AVERAGE SKY COVER 0.2


WEATHER CONDITIONS
 THE FOLLOWING WEATHER WAS RECORDED YESTERDAY.
  NO SIGNIFICANT WEATHER WAS OBSERVED.


RELATIVE HUMIDITY (PERCENT)
 HIGHEST    85           400 AM
 LOWEST     28           500 PM
 AVERAGE    57

..........................................................


THE KNOXVILLE    ASOS CLIMATE NORMALS FOR TODAY
                         NORMAL    RECORD    YEAR
 MAXIMUM TEMPERATURE (F)   50        75      1937
                                             1900
 MINIMUM TEMPERATURE (F)   31        -7      1895


SUNRISE AND SUNSET
FEBRUARY  8 2016......SUNRISE   731 AM EST   SUNSET   610 PM EST
FEBRUARY  9 2016......SUNRISE   730 AM EST   SUNSET   611 PM EST


-  INDICATES NEGATIVE NUMBERS.
R  INDICATES RECORD WAS SET OR TIED.
MM INDICATES DATA IS MISSING.
T  INDICATES TRACE AMOUNT.




$$
