000
CDUS44 KMRX 251231
CLITYS

CLIMATE REPORT
NATIONAL WEATHER SERVICE MORRISTOWN TN
831 AM EDT SAT OCT 25 2014


...................................

...THE KNOXVILLE CLIMATE SUMMARY FOR OCTOBER 24 2014...

CLIMATE NORMAL PERIOD 1981 TO 2010
CLIMATE RECORD PERIOD 1871 TO 2014


WEATHER ITEM   OBSERVED TIME   RECORD YEAR NORMAL DEPARTURE LAST
                VALUE   (LST)  VALUE       VALUE  FROM      YEAR
                                                  NORMAL
..................................................................
TEMPERATURE (F)
 YESTERDAY
  MAXIMUM         68    421 PM  84    1939  69     -1       55
  MINIMUM         43    752 AM  28    1917  46     -3       36
  AVERAGE         56                        57     -1       46

PRECIPITATION (IN)
  YESTERDAY        0.00          1.19 1887   0.08  -0.08     0.00
  MONTH TO DATE    4.98                      1.88   3.10     0.91
  SINCE SEP 1      5.17                      5.12   0.05     5.33
  SINCE JAN 1     34.43                     38.72  -4.29    56.71

SNOWFALL (IN)
  YESTERDAY        0.0                       0.0    0.0      0.0
  MONTH TO DATE    0.0                       0.0    0.0      0.0
  SINCE SEP 1      0.0                       0.0    0.0      0.0
  SINCE JUL 1      0.0                       0.0    0.0      0.0
  SNOW DEPTH       0

DEGREE DAYS
 HEATING
  YESTERDAY        9                         8      1       19
  MONTH TO DATE  120                       128     -8       99
  SINCE SEP 1    121                       151    -30      100
  SINCE JUL 1    121                       151    -30      100

 COOLING
  YESTERDAY        0                         1     -1        0
  MONTH TO DATE   36                        35      1       51
  SINCE SEP 1    287                       241     46      249
  SINCE JAN 1   1486                      1522    -36     1436
..................................................................


WIND (MPH)
  HIGHEST WIND SPEED    12   HIGHEST WIND DIRECTION    NE (30)
  HIGHEST GUST SPEED    14   HIGHEST GUST DIRECTION     N (340)
  AVERAGE WIND SPEED     4.5


SKY COVER
  POSSIBLE SUNSHINE  MM
  AVERAGE SKY COVER  MM


WEATHER CONDITIONS
 THE FOLLOWING WEATHER WAS RECORDED YESTERDAY.
  NO SIGNIFICANT WEATHER WAS OBSERVED.


RELATIVE HUMIDITY (PERCENT)
 HIGHEST    96           700 AM
 LOWEST     34           500 PM
 AVERAGE    65

..........................................................


THE KNOXVILLE    ASOS CLIMATE NORMALS FOR TODAY
                         NORMAL    RECORD    YEAR
 MAXIMUM TEMPERATURE (F)   68        82      1991
                                             1984
 MINIMUM TEMPERATURE (F)   45        30      2006
                                             1999
                                             1909


SUNRISE AND SUNSET
OCTOBER 25 2014.......SUNRISE   752 AM EDT   SUNSET   648 PM EDT
OCTOBER 26 2014.......SUNRISE   752 AM EDT   SUNSET   647 PM EDT


-  INDICATES NEGATIVE NUMBERS.
R  INDICATES RECORD WAS SET OR TIED.
MM INDICATES DATA IS MISSING.
T  INDICATES TRACE AMOUNT.

&&

THE LOW TEMPERATURE SINCE MIDNIGHT HAS BEEN 39.
THERE HAS BEEN NO PRECIPITATION SINCE MIDNIGHT.

$$
