000
CDUS43 KLOT 301147
CLIUGN


CLIMATE REPORT
NATIONAL WEATHER SERVICE CHICAGO IL
646 AM CDT SAT APR 30 2016


...................................

...THE WAUKEGAN   CLIMATE SUMMARY FOR APRIL 29 2016...

CLIMATE NORMAL PERIOD 1981 TO 2010
CLIMATE RECORD PERIOD 2000 TO 2016


WEATHER ITEM   OBSERVED TIME   RECORD YEAR NORMAL DEPARTURE LAST
                VALUE   (LST)  VALUE       VALUE  FROM      YEAR
                                                  NORMAL
..................................................................
TEMPERATURE (F)
 YESTERDAY
  MAXIMUM         47   1242 PM  82    2007  61    -14       59
  MINIMUM         40    532 AM  29    2008  42     -2       34
  AVERAGE         44

PRECIPITATION (IN)
  YESTERDAY        0.01          0.53 2014   0.16  -0.15     0.00
  MONTH TO DATE    2.52                      3.30  -0.78     4.24
  SINCE MAR 1      5.76                      5.62   0.14     4.88
  SINCE JAN 1      7.27                      8.67  -1.40     5.42

DEGREE DAYS
 HEATING
  YESTERDAY       21                        14      7       18
  MONTH TO DATE  615                       558     57      555
  SINCE MAR 1   1392                      1482    -90     1561
  SINCE JUL 1   5737                      6428   -691     7086

 COOLING
  YESTERDAY        0                         0      0        0
  MONTH TO DATE    0                         0      0        0
  SINCE MAR 1      0                         0      0        0
  SINCE JAN 1      0                         0      0        0
..................................................................


WIND (MPH)
  RESULTANT WIND SPEED   7   RESULTANT WIND DIRECTION  NE (30)
  HIGHEST WIND SPEED    18   HIGHEST WIND DIRECTION    NE (30)
  HIGHEST GUST SPEED    26   HIGHEST GUST DIRECTION    NE (30)
  AVERAGE WIND SPEED     7.3


SKY COVER
  POSSIBLE SUNSHINE  MM
  AVERAGE SKY COVER 1.0


WEATHER CONDITIONS
 THE FOLLOWING WEATHER WAS RECORDED YESTERDAY.
  LIGHT RAIN
  FOG


RELATIVE HUMIDITY (PERCENT)
 HIGHEST   100
 LOWEST     71
 AVERAGE    86

..........................................................


THE WAUKEGAN   CLIMATE NORMALS FOR TODAY
                         NORMAL    RECORD    YEAR
 MAXIMUM TEMPERATURE (F)   61        84      2013
                                             2001
 MINIMUM TEMPERATURE (F)   42        26      2008


SUNRISE AND SUNSET
APRIL 30 2016.........SUNRISE   547 AM CDT   SUNSET   751 PM CDT
MAY  1 2016...........SUNRISE   546 AM CDT   SUNSET   752 PM CDT


-  INDICATES NEGATIVE NUMBERS.
R  INDICATES RECORD WAS SET OR TIED.
MM INDICATES DATA IS MISSING.
T  INDICATES TRACE AMOUNT.




$$
