000
CDUS43 KLOT 280641
CLIUGN


CLIMATE REPORT
NATIONAL WEATHER SERVICE CHICAGO IL
1240 AM CST TUE FEB 28 2017


...................................

...THE WAUKEGAN   CLIMATE SUMMARY FOR FEBRUARY 27 2017...

CLIMATE NORMAL PERIOD 1981 TO 2010
CLIMATE RECORD PERIOD 2000 TO 2017


WEATHER ITEM   OBSERVED TIME   RECORD YEAR NORMAL DEPARTURE LAST
                VALUE   (LST)  VALUE       VALUE  FROM      YEAR
                                                  NORMAL
..................................................................
TEMPERATURE (F)
 YESTERDAY
  MAXIMUM         46    303 PM  55    2016  38      8       55
  MINIMUM         22    604 AM  -9    2014  22      0       27
  AVERAGE         34

PRECIPITATION (IN)
  YESTERDAY        0.00          0.46 2013   0.06  -0.06     0.00
  MONTH TO DATE    0.93                      1.60  -0.67     0.72
  SINCE DEC 1      4.33                      4.99  -0.66     6.15
  SINCE JAN 1      3.43                      2.99   0.44     1.35

DEGREE DAYS
 HEATING
  YESTERDAY       31                        35     -4       24
  MONTH TO DATE  818                      1061   -243     1017
  SINCE DEC 1   3210                      3527   -317     3143
  SINCE JUL 1   4097                      4912   -815     4301

 COOLING
  YESTERDAY        0                         0      0        0
  MONTH TO DATE    0                         0      0        0
  SINCE DEC 1      0                         0      0        0
  SINCE JAN 1      0                         0      0        0
..................................................................


WIND (MPH)
  RESULTANT WIND SPEED   6   RESULTANT WIND DIRECTION  SE (140)
  HIGHEST WIND SPEED    15   HIGHEST WIND DIRECTION    SE (140)
  HIGHEST GUST SPEED    19   HIGHEST GUST DIRECTION    SE (140)
  AVERAGE WIND SPEED     6.4


SKY COVER
  POSSIBLE SUNSHINE  MM
  AVERAGE SKY COVER 0.3


WEATHER CONDITIONS
 THE FOLLOWING WEATHER WAS RECORDED YESTERDAY.
  FOG
  HAZE


RELATIVE HUMIDITY (PERCENT)
 HIGHEST   100
 LOWEST     60
 AVERAGE    80

..........................................................


THE WAUKEGAN   CLIMATE NORMALS FOR TODAY
                         NORMAL    RECORD    YEAR
 MAXIMUM TEMPERATURE (F)   38        61      2016
 MINIMUM TEMPERATURE (F)   22       -10      2014


SUNRISE AND SUNSET
FEBRUARY 28 2017......SUNRISE   628 AM CST   SUNSET   540 PM CST
MARCH  1 2017.........SUNRISE   626 AM CST   SUNSET   542 PM CST


-  INDICATES NEGATIVE NUMBERS.
R  INDICATES RECORD WAS SET OR TIED.
MM INDICATES DATA IS MISSING.
T  INDICATES TRACE AMOUNT.




$$
