000
CDUS43 KLOT 250636
CLIUGN


CLIMATE REPORT
NATIONAL WEATHER SERVICE CHICAGO IL
1234 AM CST THU DEC 25 2014


...................................

...THE WAUKEGAN   CLIMATE SUMMARY FOR DECEMBER 24 2014...

CLIMATE NORMAL PERIOD 1981 TO 2010
CLIMATE RECORD PERIOD 2000 TO 2014


WEATHER ITEM   OBSERVED TIME   RECORD YEAR NORMAL DEPARTURE LAST
                VALUE   (LST)  VALUE       VALUE  FROM      YEAR
                                                  NORMAL
..................................................................
TEMPERATURE (F)
 YESTERDAY
  MAXIMUM         39    226 PM  44    2006  33      6       16
  MINIMUM         35   1159 PM  -4    2004  19     16       -2
  AVERAGE         37

PRECIPITATION (IN)
  YESTERDAY        0.00          1.45 2009   0.05  -0.05      T
  MONTH TO DATE    0.80                      1.68  -0.88     0.56
  SINCE DEC 1      0.80                      1.68  -0.88     0.56
  SINCE JAN 1     32.18                     35.27  -3.09    28.74

DEGREE DAYS
 HEATING
  YESTERDAY       28                        39    -11       58
  MONTH TO DATE  785                       884    -99     1051
  SINCE DEC 1    785                       884    -99     1051
  SINCE JUL 1   2448                      2269    179     2563

 COOLING
  YESTERDAY        0                         0      0        0
  MONTH TO DATE    0                         0      0        0
  SINCE DEC 1      0                         0      0        0
  SINCE JAN 1    424                       564   -140      590
..................................................................


WIND (MPH)
  RESULTANT WIND SPEED   3   RESULTANT WIND DIRECTION   W (280)
  HIGHEST WIND SPEED    13   HIGHEST WIND DIRECTION     W (260)
  HIGHEST GUST SPEED    21   HIGHEST GUST DIRECTION     W (260)
  AVERAGE WIND SPEED     5.0


SKY COVER
  POSSIBLE SUNSHINE  MM
  AVERAGE SKY COVER 1.0


WEATHER CONDITIONS
 THE FOLLOWING WEATHER WAS RECORDED YESTERDAY.
  FOG


RELATIVE HUMIDITY (PERCENT)
 HIGHEST    96
 LOWEST     79
 AVERAGE    88

..........................................................


THE WAUKEGAN   CLIMATE NORMALS FOR TODAY
                         NORMAL    RECORD    YEAR
 MAXIMUM TEMPERATURE (F)   33        44      2011
 MINIMUM TEMPERATURE (F)   18        -6      2000


SUNRISE AND SUNSET
DECEMBER 25 2014......SUNRISE   719 AM CST   SUNSET   424 PM CST
DECEMBER 26 2014......SUNRISE   720 AM CST   SUNSET   425 PM CST


-  INDICATES NEGATIVE NUMBERS.
R  INDICATES RECORD WAS SET OR TIED.
MM INDICATES DATA IS MISSING.
T  INDICATES TRACE AMOUNT.




$$
