000
CDUS43 KLOT 220637
CLIUGN


CLIMATE REPORT
NATIONAL WEATHER SERVICE CHICAGO IL
1235 AM CST SUN JAN 22 2017


...................................

...THE WAUKEGAN   CLIMATE SUMMARY FOR JANUARY 21 2017...

CLIMATE NORMAL PERIOD 1981 TO 2010
CLIMATE RECORD PERIOD 2000 TO 2017


WEATHER ITEM   OBSERVED TIME   RECORD YEAR NORMAL DEPARTURE LAST
                VALUE   (LST)  VALUE       VALUE  FROM      YEAR
                                                  NORMAL
..................................................................
TEMPERATURE (F)
 YESTERDAY
  MAXIMUM         58R   250 PM  35    2002  30     28       27
  MINIMUM         38    205 AM  -7    2011  15     23       11
  AVERAGE         48

PRECIPITATION (IN)
  YESTERDAY        0.01          0.50 2006   0.04  -0.03     0.00
  MONTH TO DATE    2.18                      0.90   1.28     0.44
  SINCE DEC 1      3.08                      2.90   0.18     5.24
  SINCE JAN 1      2.18                      0.90   1.28     0.44

DEGREE DAYS
 HEATING
  YESTERDAY       17                        43    -26       46
  MONTH TO DATE  824                       876    -52      938
  SINCE DEC 1   2060                      2040     20     1780
  SINCE JUL 1   2947                      3425   -478     2938

 COOLING
  YESTERDAY        0                         0      0        0
  MONTH TO DATE    0                         0      0        0
  SINCE DEC 1      0                         0      0        0
  SINCE JAN 1      0                         0      0        0
..................................................................


WIND (MPH)
  RESULTANT WIND SPEED   4   RESULTANT WIND DIRECTION   S (200)
  HIGHEST WIND SPEED    22   HIGHEST WIND DIRECTION    SW (220)
  HIGHEST GUST SPEED    31   HIGHEST GUST DIRECTION    SW (220)
  AVERAGE WIND SPEED     6.5


SKY COVER
  POSSIBLE SUNSHINE  MM
  AVERAGE SKY COVER 0.6


WEATHER CONDITIONS
 THE FOLLOWING WEATHER WAS RECORDED YESTERDAY.
  LIGHT RAIN
  FOG
  FOG W/VISIBILITY <= 1/4 MILE


RELATIVE HUMIDITY (PERCENT)
 HIGHEST   100
 LOWEST     61
 AVERAGE    81

..........................................................


THE WAUKEGAN   CLIMATE NORMALS FOR TODAY
                         NORMAL    RECORD    YEAR
 MAXIMUM TEMPERATURE (F)   30        54      2002
 MINIMUM TEMPERATURE (F)   15        -5      2013


SUNRISE AND SUNSET
JANUARY 22 2017.......SUNRISE   714 AM CST   SUNSET   453 PM CST
JANUARY 23 2017.......SUNRISE   713 AM CST   SUNSET   454 PM CST


-  INDICATES NEGATIVE NUMBERS.
R  INDICATES RECORD WAS SET OR TIED.
MM INDICATES DATA IS MISSING.
T  INDICATES TRACE AMOUNT.




$$
