000
CDUS46 KSEW 260832
CLIUIL


CLIMATE REPORT
NATIONAL WEATHER SERVICE SEATTLE WA
132 AM PDT THU MAY 26 2016


...................................

...THE QUILLAYUTE WA AIRPORT CLIMATE SUMMARY FOR MAY 25 2016...

CLIMATE NORMAL PERIOD 1981 TO 2010
CLIMATE RECORD PERIOD 1966 TO 2016


WEATHER ITEM   OBSERVED TIME   RECORD YEAR NORMAL DEPARTURE LAST
                VALUE   (LST)  VALUE       VALUE  FROM      YEAR
                                                  NORMAL
..................................................................
TEMPERATURE (F)
 YESTERDAY
  MAXIMUM         58    445 PM  78    2005  61     -3       57
  MINIMUM         48   1159 PM  32    1972  45      3       50
  AVERAGE         53                        53      0       54

PRECIPITATION (IN)
  YESTERDAY        T             1.79 1984   0.15  -0.15     0.01
  MONTH TO DATE    0.29                      4.20  -3.91     0.67
  SINCE OCT 1     93.78                     86.84   6.94    86.15
  SINCE JAN 1     49.80                     47.84   1.96    41.40

DEGREE DAYS
 HEATING
  YESTERDAY       12                        12      0       11
  MONTH TO DATE  279                       354    -75      305
  SINCE MAR 1   1195                      1551   -356     1364
  SINCE JUL 1   4318                      5396  -1078     4274

 COOLING
  YESTERDAY        0                         0      0        0
  MONTH TO DATE    0                         0      0        0
  SINCE MAR 1      0                         0      0        0
  SINCE JAN 1      0                         0      0        0
..................................................................


WIND (MPH)
  RESULTANT WIND SPEED   3   RESULTANT WIND DIRECTION  SW (240)
  HIGHEST WIND SPEED    13   HIGHEST WIND DIRECTION     W (270)
  HIGHEST GUST SPEED    16   HIGHEST GUST DIRECTION     W (280)
  AVERAGE WIND SPEED     4.1


SKY COVER
  AVERAGE SKY COVER 1.0


WEATHER CONDITIONS
 THE FOLLOWING WEATHER WAS RECORDED YESTERDAY.
  LIGHT RAIN


RELATIVE HUMIDITY (PERCENT)
 HIGHEST    96           700 AM
 LOWEST     71           700 PM
 AVERAGE    84

..........................................................


THE QUILLAYUTE WA AIRPORT CLIMATE NORMALS FOR TODAY
                         NORMAL    RECORD    YEAR
 MAXIMUM TEMPERATURE (F)   61        86      2005
 MINIMUM TEMPERATURE (F)   45        34      1998


SUNRISE AND SUNSET
MAY 26 2016...........SUNRISE   527 AM PDT   SUNSET   904 PM PDT
MAY 27 2016...........SUNRISE   526 AM PDT   SUNSET   905 PM PDT


-  INDICATES NEGATIVE NUMBERS.
R  INDICATES RECORD WAS SET OR TIED.
MM INDICATES DATA IS MISSING.
T  INDICATES TRACE AMOUNT.




$$
