000
CDUS46 KSEW 230834
CLIUIL


CLIMATE REPORT
NATIONAL WEATHER SERVICE SEATTLE WA
1234 AM PST MON JAN 23 2017


...................................

...THE QUILLAYUTE WA AIRPORT CLIMATE SUMMARY FOR JANUARY 22 2017...

CLIMATE NORMAL PERIOD 1981 TO 2010
CLIMATE RECORD PERIOD 1966 TO 2017


WEATHER ITEM   OBSERVED TIME   RECORD YEAR NORMAL DEPARTURE LAST
                VALUE   (LST)  VALUE       VALUE  FROM      YEAR
                                                  NORMAL
..................................................................
TEMPERATURE (F)
 YESTERDAY
  MAXIMUM         47    319 PM  63    1981  48     -1       54
  MINIMUM         35    404 AM  12    1969  36     -1       43
  AVERAGE         41                        42     -1       49

PRECIPITATION (IN)
  YESTERDAY        0.19          4.36 2005   0.46  -0.27     1.32
  MONTH TO DATE    7.52                     10.66  -3.14     9.82
  SINCE OCT 1     67.45                     49.66  17.79    53.80
  SINCE JAN 1      7.52                     10.66  -3.14     9.82

DEGREE DAYS
 HEATING
  YESTERDAY       24                        23      1       16
  MONTH TO DATE  618                       518    100      477
  SINCE DEC 1   1479                      1282    197     1145
  SINCE JUL 1   2906                      2996    -90     2456

 COOLING
  YESTERDAY        0                         0      0        0
  MONTH TO DATE    0                         0      0        0
  SINCE DEC 1      0                         0      0        0
  SINCE JAN 1      0                         0      0        0
..................................................................


WIND (MPH)
  RESULTANT WIND SPEED   6   RESULTANT WIND DIRECTION   E (100)
  HIGHEST WIND SPEED    17   HIGHEST WIND DIRECTION    SE (150)
  HIGHEST GUST SPEED    27   HIGHEST GUST DIRECTION     S (170)
  AVERAGE WIND SPEED     7.1


SKY COVER
  AVERAGE SKY COVER 0.6


WEATHER CONDITIONS
 THE FOLLOWING WEATHER WAS RECORDED YESTERDAY.
  RAIN
  LIGHT RAIN
  FOG


RELATIVE HUMIDITY (PERCENT)
 HIGHEST   100           400 AM
 LOWEST     76          1200 PM
 AVERAGE    88

..........................................................


THE QUILLAYUTE WA AIRPORT CLIMATE NORMALS FOR TODAY
                         NORMAL    RECORD    YEAR
 MAXIMUM TEMPERATURE (F)   48        59      2005
                                             1968
 MINIMUM TEMPERATURE (F)   36         7      1969


SUNRISE AND SUNSET
JANUARY 23 2017.......SUNRISE   756 AM PST   SUNSET   505 PM PST
JANUARY 24 2017.......SUNRISE   755 AM PST   SUNSET   507 PM PST


-  INDICATES NEGATIVE NUMBERS.
R  INDICATES RECORD WAS SET OR TIED.
MM INDICATES DATA IS MISSING.
T  INDICATES TRACE AMOUNT.




$$
