000
CDUS46 KSEW 310826
CLIUIL


CLIMATE REPORT
NATIONAL WEATHER SERVICE SEATTLE WA
1226 AM PST SAT JAN 31 2015


...................................

...THE QUILLAYUTE WA AIRPORT CLIMATE SUMMARY FOR JANUARY 30 2015...

CLIMATE NORMAL PERIOD 1981 TO 2010
CLIMATE RECORD PERIOD 1966 TO 2015


WEATHER ITEM   OBSERVED TIME   RECORD YEAR NORMAL DEPARTURE LAST
                VALUE   (LST)  VALUE       VALUE  FROM      YEAR
                                                  NORMAL
..................................................................
TEMPERATURE (F)
 YESTERDAY
  MAXIMUM         56    332 PM  59    1993  48      8       47
  MINIMUM         30    807 AM  13    1980  36     -6       42
                                      1969
  AVERAGE         43                        42      1       45

PRECIPITATION (IN)
  YESTERDAY        0.00          1.62 1973   0.43  -0.43     0.55
  MONTH TO DATE   11.53                     14.18  -2.65    11.93
  SINCE OCT 1     56.28                     53.18   3.10    29.16
  SINCE JAN 1     11.53                     14.18  -2.65    11.93

DEGREE DAYS
 HEATING
  YESTERDAY       22                        23     -1       20
  MONTH TO DATE  574                       702   -128      582
  SINCE DEC 1   1199                      1466   -267     1339
  SINCE JUL 1   2433                      3180   -747     2535

 COOLING
  YESTERDAY        0                         0      0        0
  MONTH TO DATE    0                         0      0        0
  SINCE DEC 1      0                         0      0        0
  SINCE JAN 1      0                         0      0        0
..................................................................


WIND (MPH)
  RESULTANT WIND SPEED   1   RESULTANT WIND DIRECTION  NE (40)
  HIGHEST WIND SPEED     8   HIGHEST WIND DIRECTION     N (350)
  HIGHEST GUST SPEED    11   HIGHEST GUST DIRECTION     N (340)
  AVERAGE WIND SPEED     2.2


SKY COVER
  AVERAGE SKY COVER 0.1


WEATHER CONDITIONS
 THE FOLLOWING WEATHER WAS RECORDED YESTERDAY.
  FOG


RELATIVE HUMIDITY (PERCENT)
 HIGHEST   100          1200 AM
 LOWEST     72           300 PM
 AVERAGE    86

..........................................................


THE QUILLAYUTE WA AIRPORT CLIMATE NORMALS FOR TODAY
                         NORMAL    RECORD    YEAR
 MAXIMUM TEMPERATURE (F)   48        63      1998
 MINIMUM TEMPERATURE (F)   36        17      1979


SUNRISE AND SUNSET
JANUARY 31 2015.......SUNRISE   747 AM PST   SUNSET   517 PM PST
FEBRUARY  1 2015......SUNRISE   746 AM PST   SUNSET   518 PM PST


-  INDICATES NEGATIVE NUMBERS.
R  INDICATES RECORD WAS SET OR TIED.
MM INDICATES DATA IS MISSING.
T  INDICATES TRACE AMOUNT.




$$
