000
CDUS46 KSEW 170829
CLIUIL


CLIMATE REPORT
NATIONAL WEATHER SERVICE SEATTLE WA
129 AM PDT TUE OCT 17 2017


...................................

...THE QUILLAYUTE WA AIRPORT CLIMATE SUMMARY FOR OCTOBER 16 2017...

CLIMATE NORMAL PERIOD 1981 TO 2010
CLIMATE RECORD PERIOD 1966 TO 2017


WEATHER ITEM   OBSERVED TIME   RECORD YEAR NORMAL DEPARTURE LAST
                VALUE   (LST)  VALUE       VALUE  FROM      YEAR
                                                  NORMAL
..................................................................
TEMPERATURE (F)
 YESTERDAY
  MAXIMUM         56   1224 PM  70    1972  58     -2       55
  MINIMUM         42    344 AM  29    1999  42      0       49
  AVERAGE         49                        50     -1       52

PRECIPITATION (IN)
  YESTERDAY        0.28          5.21 2003   0.35  -0.07     1.51
  MONTH TO DATE    0.97                      4.47  -3.50    13.93
  SINCE OCT 1      0.97                      4.47  -3.50    13.93
  SINCE JAN 1     72.36                     65.01   7.35    76.30

DEGREE DAYS
 HEATING
  YESTERDAY       16                        15      1       13
  MONTH TO DATE  249                       215     34      203
  SINCE SEP 1    440                       471    -31      468
  SINCE JUL 1    746                       840    -94      744

 COOLING
  YESTERDAY        0                         0      0        0
  MONTH TO DATE    0                         0      0        0
  SINCE SEP 1     20                         2     18        0
  SINCE JAN 1     73                        19     54       54
..................................................................


WIND (MPH)
  RESULTANT WIND SPEED   3   RESULTANT WIND DIRECTION  SE (140)
  HIGHEST WIND SPEED    13   HIGHEST WIND DIRECTION     S (190)
  HIGHEST GUST SPEED    23   HIGHEST GUST DIRECTION     S (170)
  AVERAGE WIND SPEED     4.8


SKY COVER
  AVERAGE SKY COVER 0.8


WEATHER CONDITIONS
 THE FOLLOWING WEATHER WAS RECORDED YESTERDAY.
  LIGHT RAIN
  FOG


RELATIVE HUMIDITY (PERCENT)
 HIGHEST   100           400 AM
 LOWEST     72           100 PM
 AVERAGE    86

..........................................................


THE QUILLAYUTE WA AIRPORT CLIMATE NORMALS FOR TODAY
                         NORMAL    RECORD    YEAR
 MAXIMUM TEMPERATURE (F)   58        71      1974
 MINIMUM TEMPERATURE (F)   42        27      1984


SUNRISE AND SUNSET
OCTOBER 17 2017.......SUNRISE   741 AM PDT   SUNSET   625 PM PDT
OCTOBER 18 2017.......SUNRISE   742 AM PDT   SUNSET   623 PM PDT


-  INDICATES NEGATIVE NUMBERS.
R  INDICATES RECORD WAS SET OR TIED.
MM INDICATES DATA IS MISSING.
T  INDICATES TRACE AMOUNT.




$$
