000
CDUS46 KSEW 030829
CLIUIL


CLIMATE REPORT
NATIONAL WEATHER SERVICE SEATTLE WA
129 AM PDT MON AUG 3 2015


...................................

...THE QUILLAYUTE WA AIRPORT CLIMATE SUMMARY FOR AUGUST 2 2015...

CLIMATE NORMAL PERIOD 1981 TO 2010
CLIMATE RECORD PERIOD 1966 TO 2015


WEATHER ITEM   OBSERVED TIME   RECORD YEAR NORMAL DEPARTURE LAST
                VALUE   (LST)  VALUE       VALUE  FROM      YEAR
                                                  NORMAL
..................................................................
TEMPERATURE (F)
 YESTERDAY
  MAXIMUM         80    117 PM  89    1993  69     11       70
  MINIMUM         52    517 AM  40    1999  51      1       47
  AVERAGE         66                        60      6       59

PRECIPITATION (IN)
  YESTERDAY        0.00          1.23 2001   0.06  -0.06     0.00
  MONTH TO DATE    0.00                      0.12  -0.12     0.00
  SINCE OCT 1     87.32                     93.35  -6.03    72.39
  SINCE JAN 1     42.57                     54.35 -11.78    55.16

DEGREE DAYS
 HEATING
  YESTERDAY        0                         5     -5        6
  MONTH TO DATE    0                        10    -10        8
  SINCE JUN 1    261                       498   -237      393
  SINCE JUL 1     71                       204   -133      144

 COOLING
  YESTERDAY        1                         0      1        0
  MONTH TO DATE    4                         0      4        0
  SINCE JUN 1     34                        10     24        6
  SINCE JAN 1     34                        11     23       10
..................................................................


WIND (MPH)
  RESULTANT WIND SPEED   3   RESULTANT WIND DIRECTION  NW (300)
  HIGHEST WIND SPEED    14   HIGHEST WIND DIRECTION    NW (300)
  HIGHEST GUST SPEED    19   HIGHEST GUST DIRECTION     W (270)
  AVERAGE WIND SPEED     4.5


SKY COVER
  AVERAGE SKY COVER 0.2


WEATHER CONDITIONS
 THE FOLLOWING WEATHER WAS RECORDED YESTERDAY.
  FOG
  FOG W/VISIBILITY <= 1/4 MILE


RELATIVE HUMIDITY (PERCENT)
 HIGHEST   100          1200 AM
 LOWEST     50           100 PM
 AVERAGE    75

..........................................................


THE QUILLAYUTE WA AIRPORT CLIMATE NORMALS FOR TODAY
                         NORMAL    RECORD    YEAR
 MAXIMUM TEMPERATURE (F)   69        94      1993
 MINIMUM TEMPERATURE (F)   51        42      1999


SUNRISE AND SUNSET
AUGUST  3 2015........SUNRISE   557 AM PDT   SUNSET   851 PM PDT
AUGUST  4 2015........SUNRISE   558 AM PDT   SUNSET   849 PM PDT


-  INDICATES NEGATIVE NUMBERS.
R  INDICATES RECORD WAS SET OR TIED.
MM INDICATES DATA IS MISSING.
T  INDICATES TRACE AMOUNT.




$$
