000
CDUS46 KSEW 270850
CLIUIL


CLIMATE REPORT
NATIONAL WEATHER SERVICE SEATTLE WA
149 AM PDT TUE JUN 27 2017


...................................

...THE QUILLAYUTE WA AIRPORT CLIMATE SUMMARY FOR JUNE 26 2017...

CLIMATE NORMAL PERIOD 1981 TO 2010
CLIMATE RECORD PERIOD 1966 TO 2017


WEATHER ITEM   OBSERVED TIME   RECORD YEAR NORMAL DEPARTURE LAST
                VALUE   (LST)  VALUE       VALUE  FROM      YEAR
                                                  NORMAL
..................................................................
TEMPERATURE (F)
 YESTERDAY
  MAXIMUM         63    309 PM  90    2006  65     -2       76
  MINIMUM         52   1159 PM  38    1985  49      3       52
  AVERAGE         58                        57      1       64

PRECIPITATION (IN)
  YESTERDAY        0.00          1.14 1982   0.09  -0.09     0.00
  MONTH TO DATE    4.30                      3.14   1.16     3.49
  SINCE OCT 1    126.83                     90.89  35.94    99.30
  SINCE JAN 1     66.90                     51.89  15.01    55.32

DEGREE DAYS
 HEATING
  YESTERDAY        7                         9     -2        1
  MONTH TO DATE  241                       262    -21      216
  SINCE JUN 1    241                       262    -21      216
  SINCE JUL 1   5644                      5730    -86     4605

 COOLING
  YESTERDAY        0                         0      0        0
  MONTH TO DATE   11                         0     11       11
  SINCE JUN 1     11                         0     11       11
  SINCE JAN 1     11                         1     10       11
..................................................................


WIND (MPH)
  RESULTANT WIND SPEED   5   RESULTANT WIND DIRECTION  NW (310)
  HIGHEST WIND SPEED    14   HIGHEST WIND DIRECTION     W (270)
  HIGHEST GUST SPEED    20   HIGHEST GUST DIRECTION     W (260)
  AVERAGE WIND SPEED     5.9


SKY COVER
  AVERAGE SKY COVER 0.9


WEATHER CONDITIONS
 THE FOLLOWING WEATHER WAS RECORDED YESTERDAY.
  NO SIGNIFICANT WEATHER WAS OBSERVED.


RELATIVE HUMIDITY (PERCENT)
 HIGHEST    96          1100 PM
 LOWEST     67           300 PM
 AVERAGE    82

..........................................................


THE QUILLAYUTE WA AIRPORT CLIMATE NORMALS FOR TODAY
                         NORMAL    RECORD    YEAR
 MAXIMUM TEMPERATURE (F)   65        94      2015
 MINIMUM TEMPERATURE (F)   49        38      2009


SUNRISE AND SUNSET
JUNE 27 2017..........SUNRISE   521 AM PDT   SUNSET   922 PM PDT
JUNE 28 2017..........SUNRISE   522 AM PDT   SUNSET   921 PM PDT


-  INDICATES NEGATIVE NUMBERS.
R  INDICATES RECORD WAS SET OR TIED.
MM INDICATES DATA IS MISSING.
T  INDICATES TRACE AMOUNT.




$$
