000
CDUS46 KSEW 050829
CLIUIL


CLIMATE REPORT
NATIONAL WEATHER SERVICE SEATTLE WA
128 AM PDT SUN JUL 5 2015


...................................

...THE QUILLAYUTE WA AIRPORT CLIMATE SUMMARY FOR JULY 4 2015...

CLIMATE NORMAL PERIOD 1981 TO 2010
CLIMATE RECORD PERIOD 1966 TO 2015


WEATHER ITEM   OBSERVED TIME   RECORD YEAR NORMAL DEPARTURE LAST
                VALUE   (LST)  VALUE       VALUE  FROM      YEAR
                                                  NORMAL
..................................................................
TEMPERATURE (F)
 YESTERDAY
  MAXIMUM         80   1234 PM  92    1975  66     14       65
  MINIMUM         50    435 AM  40    2011  50      0       44
                                      1988
                                      1986
  AVERAGE         65                        58      7       55

PRECIPITATION (IN)
  YESTERDAY        0.00          0.50 1987   0.08  -0.08     0.02
  MONTH TO DATE    0.00                      0.32  -0.32     0.04
  SINCE OCT 1     86.35                     91.57  -5.22    71.61
  SINCE JAN 1     41.60                     52.57 -10.97    54.38

DEGREE DAYS
 HEATING
  YESTERDAY        0                         7     -7       10
  MONTH TO DATE    3                        31    -28       20
  SINCE JUN 1    193                       325   -132      269
  SINCE JUL 1      3                        31    -28       20

 COOLING
  YESTERDAY        0                         0      0        0
  MONTH TO DATE    2                         0      2        6
  SINCE JUN 1     15                         3     12        6
  SINCE JAN 1     15                         4     11       10
..................................................................


WIND (MPH)
  RESULTANT WIND SPEED   2   RESULTANT WIND DIRECTION  SW (210)
  HIGHEST WIND SPEED    10   HIGHEST WIND DIRECTION    SW (240)
  HIGHEST GUST SPEED    20   HIGHEST GUST DIRECTION    SW (210)
  AVERAGE WIND SPEED     4.0


SKY COVER
  AVERAGE SKY COVER 0.0


WEATHER CONDITIONS
 THE FOLLOWING WEATHER WAS RECORDED YESTERDAY.
  LIGHT RAIN
  FOG


RELATIVE HUMIDITY (PERCENT)
 HIGHEST   100          1200 AM
 LOWEST     48           200 PM
 AVERAGE    74

..........................................................


THE QUILLAYUTE WA AIRPORT CLIMATE NORMALS FOR TODAY
                         NORMAL    RECORD    YEAR
 MAXIMUM TEMPERATURE (F)   66        74      1976
                                             1975
 MINIMUM TEMPERATURE (F)   50        38      2002


SUNRISE AND SUNSET
JULY  5 2015..........SUNRISE   526 AM PDT   SUNSET   920 PM PDT
JULY  6 2015..........SUNRISE   526 AM PDT   SUNSET   919 PM PDT


-  INDICATES NEGATIVE NUMBERS.
R  INDICATES RECORD WAS SET OR TIED.
MM INDICATES DATA IS MISSING.
T  INDICATES TRACE AMOUNT.




$$
