000
CDUS43 KLSX 210728
CLIUIN


CLIMATE REPORT
NATIONAL WEATHER SERVICE ST LOUIS MO
128 AM CST WED FEB 21 2018


...................................

...THE QUINCY IL CLIMATE SUMMARY FOR FEBRUARY 20 2018...

CLIMATE NORMAL PERIOD 1981 TO 2010
CLIMATE RECORD PERIOD 1901 TO 2018


WEATHER ITEM   OBSERVED TIME   RECORD YEAR NORMAL DEPARTURE LAST
                VALUE   (LST)  VALUE       VALUE  FROM      YEAR
                                                  NORMAL
..................................................................
TEMPERATURE (F)
 YESTERDAY
  MAXIMUM         62    809 AM  77    2017  41     21       77
  MINIMUM         26   1159 PM  -3    1929  24      2       52
  AVERAGE         44                        32     12

PRECIPITATION (IN)
  YESTERDAY        1.07          1.91 1997   0.07   1.00     0.24
  MONTH TO DATE    2.30                      1.26   1.04     0.33
  SINCE DEC 1      3.76                      5.03  -1.27     2.54
  SINCE JAN 1      3.59                      2.78   0.81     1.51

DEGREE DAYS
 HEATING
  YESTERDAY       21                        33    -12
  MONTH TO DATE  729                       708     21
  SINCE DEC 1   3026                      2994     32
  SINCE JUL 1   3973                      4094   -121

 COOLING
  YESTERDAY        0                         0      0
  MONTH TO DATE    0                         0      0
  SINCE DEC 1      0                         0      0
  SINCE JAN 1      0                         0      0
..................................................................


WIND (MPH)
  HIGHEST WIND SPEED    32   HIGHEST WIND DIRECTION    NW (300)
  HIGHEST GUST SPEED    45   HIGHEST GUST DIRECTION     W (290)
  AVERAGE WIND SPEED    11.6


SKY COVER
  AVERAGE SKY COVER 1.0



RELATIVE HUMIDITY (PERCENT)
 HIGHEST   100          1200 PM
 LOWEST     84           800 AM
 AVERAGE    92

..........................................................


THE QUINCY IL CLIMATE NORMALS FOR TODAY
                         NORMAL    RECORD    YEAR
 MAXIMUM TEMPERATURE (F)   41        69      1930
 MINIMUM TEMPERATURE (F)   24        -5      1963


SUNRISE AND SUNSET
FEBRUARY 21 2018......SUNRISE   649 AM CST   SUNSET   548 PM CST
FEBRUARY 22 2018......SUNRISE   648 AM CST   SUNSET   549 PM CST


-  INDICATES NEGATIVE NUMBERS.
R  INDICATES RECORD WAS SET OR TIED.
MM INDICATES DATA IS MISSING.
T  INDICATES TRACE AMOUNT.




$$
