000
CDUS43 KLSX 120728
CLIUIN


CLIMATE REPORT
NATIONAL WEATHER SERVICE ST LOUIS MO
227 AM CDT SAT JUL 12 2014


...................................

...THE QUINCY IL CLIMATE SUMMARY FOR JULY 11 2014...

CLIMATE NORMAL PERIOD 1981 TO 2010
CLIMATE RECORD PERIOD 1901 TO 2014


WEATHER ITEM   OBSERVED TIME   RECORD YEAR NORMAL DEPARTURE LAST
                VALUE   (LST)  VALUE       VALUE  FROM      YEAR
                                                  NORMAL
..................................................................
TEMPERATURE (F)
 YESTERDAY
  MAXIMUM         84    257 PM 106    1936  86     -2       84
                                      1930
  MINIMUM         59    507 AM  53    1945  67     -8       60
  AVERAGE         72                        76     -4

PRECIPITATION (IN)
  YESTERDAY        0.00          1.60 1915   0.13  -0.13     0.00
  MONTH TO DATE    1.44                      1.46  -0.02     0.02
  SINCE JUN 1      9.59                      5.45   4.14     1.80
  SINCE JAN 1     18.00                     19.54  -1.54    27.04

DEGREE DAYS
 HEATING
  YESTERDAY        0                         0      0
  MONTH TO DATE    1                         0      1
  SINCE JUN 1      5                        16    -11
  SINCE JUL 1      1                         0      1

 COOLING
  YESTERDAY        7                        11     -4
  MONTH TO DATE   72                       121    -49
  SINCE JUN 1    339                       348     -9
  SINCE JAN 1    482                       434     48
..................................................................


WIND (MPH)
  HIGHEST WIND SPEED    17   HIGHEST WIND DIRECTION    SE (150)
  HIGHEST GUST SPEED    24   HIGHEST GUST DIRECTION    SE (140)
  AVERAGE WIND SPEED     8.7


SKY COVER
  AVERAGE SKY COVER 0.0



RELATIVE HUMIDITY (PERCENT)
 HIGHEST    84           500 AM
 LOWEST     58          1000 AM
 AVERAGE    71

..........................................................


THE QUINCY IL CLIMATE NORMALS FOR TODAY
                         NORMAL    RECORD    YEAR
 MAXIMUM TEMPERATURE (F)   86       109      1936
 MINIMUM TEMPERATURE (F)   67        54      1959


SUNRISE AND SUNSET
JULY 12 2014..........SUNRISE   547 AM CDT   SUNSET   834 PM CDT
JULY 13 2014..........SUNRISE   547 AM CDT   SUNSET   833 PM CDT


-  INDICATES NEGATIVE NUMBERS.
R  INDICATES RECORD WAS SET OR TIED.
MM INDICATES DATA IS MISSING.
T  INDICATES TRACE AMOUNT.




$$
