000
CDUS43 KLSX 262356
CLIUIN


CLIMATE REPORT
NATIONAL WEATHER SERVICE ST LOUIS MO
556 PM CST WED NOV 26 2014


...................................

...THE QUINCY IL CLIMATE SUMMARY FOR NOVEMBER 26 2014...
VALID TODAY AS OF 0500 PM LOCAL TIME.

CLIMATE NORMAL PERIOD 1981 TO 2010
CLIMATE RECORD PERIOD 1901 TO 2014


WEATHER ITEM   OBSERVED TIME   RECORD YEAR NORMAL DEPARTURE LAST
                VALUE   (LST)  VALUE       VALUE  FROM      YEAR
                                                  NORMAL
..................................................................
TEMPERATURE (F)
 TODAY
  MAXIMUM         33   1114 AM  75    1965  45    -12       36
  MINIMUM         24   1222 AM   5    1977  29     -5       19
  AVERAGE         29                        37     -8       28

PRECIPITATION (IN)
  TODAY            0.03          1.28 2011   0.10  -0.07     0.00
                                      1915
  MONTH TO DATE    0.85                      2.63  -1.78     1.85
  SINCE SEP 1     13.19                      8.94   4.25     6.49
  SINCE JAN 1     38.81                     34.69   4.12    34.59

DEGREE DAYS
 HEATING
  TODAY           36                        28      8
  MONTH TO DATE  752                       561    191
  SINCE SEP 1   1160                       980    180
  SINCE JUL 1   1165                       985    180

 COOLING
  TODAY            0                         0      0
  MONTH TO DATE    0                         0      0
  SINCE SEP 1     92                       140    -48
  SINCE JAN 1   1021                      1093    -72
..................................................................


WIND (MPH)
  HIGHEST WIND SPEED    16   HIGHEST WIND DIRECTION    SE (130)
  HIGHEST GUST SPEED    20   HIGHEST GUST DIRECTION    SE (130)
  AVERAGE WIND SPEED     9.1


SKY COVER
  AVERAGE SKY COVER 0.6



RELATIVE HUMIDITY (PERCENT)
 HIGHEST   100           100 PM
 LOWEST     75           200 AM
 AVERAGE    88

..........................................................


THE QUINCY IL CLIMATE NORMALS FOR TOMORROW
                         NORMAL    RECORD    YEAR
 MAXIMUM TEMPERATURE (F)   45        72      1909
 MINIMUM TEMPERATURE (F)   29         8      1955


SUNRISE AND SUNSET
NOVEMBER 26 2014......SUNRISE   702 AM CST   SUNSET   442 PM CST
NOVEMBER 27 2014......SUNRISE   703 AM CST   SUNSET   441 PM CST


-  INDICATES NEGATIVE NUMBERS.
R  INDICATES RECORD WAS SET OR TIED.
MM INDICATES DATA IS MISSING.
T  INDICATES TRACE AMOUNT.




$$
