000
CDUS43 KLSX 240731
CLIUIN


CLIMATE REPORT
NATIONAL WEATHER SERVICE ST LOUIS MO
130 AM CST TUE JAN 24 2017


...................................

...THE QUINCY IL CLIMATE SUMMARY FOR JANUARY 23 2017...

CLIMATE NORMAL PERIOD 1981 TO 2010
CLIMATE RECORD PERIOD 1901 TO 2017


WEATHER ITEM   OBSERVED TIME   RECORD YEAR NORMAL DEPARTURE LAST
                VALUE   (LST)  VALUE       VALUE  FROM      YEAR
                                                  NORMAL
..................................................................
TEMPERATURE (F)
 YESTERDAY
  MAXIMUM         40    145 PM  72    1909  35      5       29
  MINIMUM         34   1159 PM -16    1936  18     16       10
  AVERAGE         37                        26     11

PRECIPITATION (IN)
  YESTERDAY        0.00          1.62 1969   0.04  -0.04     0.00
  MONTH TO DATE    1.18                      1.14   0.04     0.40
  SINCE DEC 1      2.21                      3.39  -1.18     6.22
  SINCE JAN 1      1.18                      1.14   0.04     0.40

DEGREE DAYS
 HEATING
  YESTERDAY       28                        39    -11
  MONTH TO DATE  786                       893   -107
  SINCE DEC 1   1899                      1984    -85
  SINCE JUL 1   2587                      3084   -497

 COOLING
  YESTERDAY        0                         0      0
  MONTH TO DATE    0                         0      0
  SINCE DEC 1      0                         0      0
  SINCE JAN 1      0                         0      0
..................................................................


WIND (MPH)
  HIGHEST WIND SPEED    20   HIGHEST WIND DIRECTION     N (340)
  HIGHEST GUST SPEED    25   HIGHEST GUST DIRECTION     N (340)
  AVERAGE WIND SPEED     9.2


SKY COVER
  AVERAGE SKY COVER 1.0



RELATIVE HUMIDITY (PERCENT)
 HIGHEST    92          1200 AM
 LOWEST     79           900 AM
 AVERAGE    86

..........................................................


THE QUINCY IL CLIMATE NORMALS FOR TODAY
                         NORMAL    RECORD    YEAR
 MAXIMUM TEMPERATURE (F)   35        73      1950
 MINIMUM TEMPERATURE (F)   18       -10      1963
                                             1915


SUNRISE AND SUNSET
JANUARY 24 2017.......SUNRISE   719 AM CST   SUNSET   515 PM CST
JANUARY 25 2017.......SUNRISE   719 AM CST   SUNSET   516 PM CST


-  INDICATES NEGATIVE NUMBERS.
R  INDICATES RECORD WAS SET OR TIED.
MM INDICATES DATA IS MISSING.
T  INDICATES TRACE AMOUNT.




$$
