000
CDUS43 KLSX 210738
CLIUIN


CLIMATE REPORT
NATIONAL WEATHER SERVICE ST LOUIS MO
137 AM CST TUE NOV 21 2017


...................................

...THE QUINCY IL CLIMATE SUMMARY FOR NOVEMBER 20 2017...

CLIMATE NORMAL PERIOD 1981 TO 2010
CLIMATE RECORD PERIOD 1901 TO 2017


WEATHER ITEM   OBSERVED TIME   RECORD YEAR NORMAL DEPARTURE LAST
                VALUE   (LST)  VALUE       VALUE  FROM      YEAR
                                                  NORMAL
..................................................................
TEMPERATURE (F)
 YESTERDAY
  MAXIMUM         59    251 PM  74    1942  49     10       42
  MINIMUM         33    111 AM   8    1914  32      1       21
  AVERAGE         46                        40      6

PRECIPITATION (IN)
  YESTERDAY        0.00          1.92 1979   0.10  -0.10     0.00
  MONTH TO DATE    1.30                      2.04  -0.74     0.81
  SINCE SEP 1      6.45                      8.35  -1.90     5.81
  SINCE JAN 1     32.60                     34.10  -1.50    29.50

DEGREE DAYS
 HEATING
  YESTERDAY       19                        25     -6
  MONTH TO DATE  456                       402     54
  SINCE SEP 1    737                       821    -84
  SINCE JUL 1    737                       826    -89

 COOLING
  YESTERDAY        0                         0      0
  MONTH TO DATE    0                         0      0
  SINCE SEP 1    234                       140     94
  SINCE JAN 1   1229                      1093    136
..................................................................


WIND (MPH)
  HIGHEST WIND SPEED    26   HIGHEST WIND DIRECTION     S (200)
  HIGHEST GUST SPEED    33   HIGHEST GUST DIRECTION    SW (210)
  AVERAGE WIND SPEED    15.9


SKY COVER
  AVERAGE SKY COVER 0.0



RELATIVE HUMIDITY (PERCENT)
 HIGHEST    75           300 AM
 LOWEST     33           200 PM
 AVERAGE    54

..........................................................


THE QUINCY IL CLIMATE NORMALS FOR TODAY
                         NORMAL    RECORD    YEAR
 MAXIMUM TEMPERATURE (F)   48        74      1913
 MINIMUM TEMPERATURE (F)   31         5      1937


SUNRISE AND SUNSET
NOVEMBER 21 2017......SUNRISE   657 AM CST   SUNSET   444 PM CST
NOVEMBER 22 2017......SUNRISE   658 AM CST   SUNSET   444 PM CST


-  INDICATES NEGATIVE NUMBERS.
R  INDICATES RECORD WAS SET OR TIED.
MM INDICATES DATA IS MISSING.
T  INDICATES TRACE AMOUNT.




$$
