000
CDUS46 KEKA 261214
CLIUKI


CLIMATE REPORT
NATIONAL WEATHER SERVICE EUREKA CA
514 AM PDT TUE MAY 26 2015


...................................

...THE UKIAH CA CLIMATE SUMMARY FOR MAY 25 2015...

CLIMATE NORMAL PERIOD 1981 TO 2010
CLIMATE RECORD PERIOD 1903 TO 2015


WEATHER ITEM   OBSERVED TIME   RECORD YEAR NORMAL DEPARTURE LAST
                VALUE   (LST)  VALUE       VALUE  FROM      YEAR
                                                  NORMAL
..................................................................
TEMPERATURE (F)
 YESTERDAY
  MAXIMUM         82    403 PM  98    1982  79      3       89
  MINIMUM         51    355 AM  33    1920  48      3       54
  AVERAGE         67                        63      4       72

PRECIPITATION (IN)
  YESTERDAY        0.00          1.04 1942   0.02  -0.02     0.00
  MONTH TO DATE    0.40                      1.26  -0.86      T
  SINCE OCT 1     25.84                     36.26 -10.42    17.97
  SINCE JAN 1      8.07                     22.88 -14.81    16.63

SNOWFALL (IN)
  YESTERDAY        0.0          MM      MM  MM     MM        0.0
  MONTH TO DATE    0.0                      MM     MM        0.0
  SINCE MAR 1      0.0                      MM     MM        0.0
  SINCE JUL 1      0.0                      MM     MM        0.0
  SNOW DEPTH       0

DEGREE DAYS
 HEATING
  YESTERDAY        0                         4     -4        0
  MONTH TO DATE   80                       123    -43       68
  SINCE MAR 1    483                       836   -353      536
  SINCE JUL 1   1997                      3069  -1072     2543

 COOLING
  YESTERDAY        2                         2      0        7
  MONTH TO DATE   11                        36    -25       66
  SINCE MAR 1     25                        44    -19       78
  SINCE JAN 1     25                        44    -19       78
..................................................................


WIND (MPH)
  HIGHEST WIND SPEED    17   HIGHEST WIND DIRECTION    SE (140)
  HIGHEST GUST SPEED    23   HIGHEST GUST DIRECTION    SE (150)
  AVERAGE WIND SPEED     6.5


SKY COVER
  AVERAGE SKY COVER 0.2


WEATHER CONDITIONS
 THE FOLLOWING WEATHER WAS RECORDED YESTERDAY.
  NO SIGNIFICANT WEATHER WAS OBSERVED.


RELATIVE HUMIDITY (PERCENT)
 HIGHEST    89
 LOWEST     40
 AVERAGE    65

..........................................................


THE UKIAH CA CLIMATE NORMALS FOR TODAY
                         NORMAL    RECORD    YEAR
 MAXIMUM TEMPERATURE (F)   79        99      1951
 MINIMUM TEMPERATURE (F)   48        34      1920


SUNRISE AND SUNSET
MAY 26 2015...........SUNRISE   552 AM PDT   SUNSET   828 PM PDT
MAY 27 2015...........SUNRISE   551 AM PDT   SUNSET   829 PM PDT


-  INDICATES NEGATIVE NUMBERS.
R  INDICATES RECORD WAS SET OR TIED.
MM INDICATES DATA IS MISSING.
T  INDICATES TRACE AMOUNT.




$$
