000
CDUS46 KEKA 231214
CLIUKI


CLIMATE REPORT
NATIONAL WEATHER SERVICE EUREKA CA
413 AM PST THU NOV 23 2017


...................................

...THE UKIAH CA CLIMATE SUMMARY FOR NOVEMBER 22 2017...

CLIMATE NORMAL PERIOD 1981 TO 2010
CLIMATE RECORD PERIOD 1903 TO 2017


WEATHER ITEM   OBSERVED TIME   RECORD YEAR NORMAL DEPARTURE LAST
                VALUE   (LST)  VALUE       VALUE  FROM      YEAR
                                                  NORMAL
..................................................................
TEMPERATURE (F)
 YESTERDAY
  MAXIMUM         69    254 PM  78    1958  60      9       56
  MINIMUM         51   1001 AM  23    1931  38     13       38
  AVERAGE         60                        49     11       47

PRECIPITATION (IN)
  YESTERDAY        0.00          2.55 1946   0.17  -0.17     0.16
  MONTH TO DATE    4.18                      2.94   1.24     2.57
  SINCE OCT 1      4.39                      5.10  -0.71     8.88
  SINCE JAN 1     38.93                     29.07   9.86    33.19

SNOWFALL (IN)
  YESTERDAY        0.0          MM      MM  MM     MM       MM
  MONTH TO DATE    0.0                      MM     MM        0.0
  SINCE SEP 1      0.0                      MM     MM        0.0
  SINCE JUL 1      0.0                      MM     MM        0.0
  SNOW DEPTH       0

DEGREE DAYS
 HEATING
  YESTERDAY        5                        16    -11       18
  MONTH TO DATE  285                       285      0      206
  SINCE SEP 1    466                       482    -16      397
  SINCE JUL 1    466                       485    -19      397

 COOLING
  YESTERDAY        0                         0      0        0
  MONTH TO DATE    0                         0      0        0
  SINCE SEP 1    220                       152     68      176
  SINCE JAN 1   1310                       835    475     1004
..................................................................


WIND (MPH)
  HIGHEST WIND SPEED     7   HIGHEST WIND DIRECTION     E (90)
  HIGHEST GUST SPEED     7   HIGHEST GUST DIRECTION     E (90)
  AVERAGE WIND SPEED     0.8


SKY COVER
  AVERAGE SKY COVER 0.5


WEATHER CONDITIONS
 THE FOLLOWING WEATHER WAS RECORDED YESTERDAY.
  FOG W/VISIBILITY <= 1/4 MILE


RELATIVE HUMIDITY (PERCENT)
 HIGHEST   100
 LOWEST     59
 AVERAGE    80

..........................................................


THE UKIAH CA CLIMATE NORMALS FOR TODAY
                         NORMAL    RECORD    YEAR
 MAXIMUM TEMPERATURE (F)   60        82      1930
 MINIMUM TEMPERATURE (F)   38        24      1931


SUNRISE AND SUNSET
NOVEMBER 23 2017......SUNRISE   705 AM PST   SUNSET   453 PM PST
NOVEMBER 24 2017......SUNRISE   706 AM PST   SUNSET   453 PM PST


-  INDICATES NEGATIVE NUMBERS.
R  INDICATES RECORD WAS SET OR TIED.
MM INDICATES DATA IS MISSING.
T  INDICATES TRACE AMOUNT.




$$
