000
CDUS46 KEKA 200016
CLIUKI


CLIMATE REPORT
NATIONAL WEATHER SERVICE EUREKA CA
416 PM PST FRI DEC 19 2014


...................................

...THE UKIAH CA CLIMATE SUMMARY FOR DECEMBER 19 2014...
VALID TODAY AS OF 0400 PM LOCAL TIME.

CLIMATE NORMAL PERIOD 1981 TO 2010
CLIMATE RECORD PERIOD 1903 TO 2014


WEATHER ITEM   OBSERVED RECORD YEAR NORMAL DEPARTURE LAST
                VALUE   VALUE       VALUE  FROM      YEAR
                                           NORMAL
...........................................................
TEMPERATURE (F)
 TODAY
  MAXIMUM         58     69    1999  54      4       59
  MINIMUM         52     21    1908  36     16       29
  AVERAGE         55                 45     10       44

PRECIPITATION (IN)
  TODAY            0.60   3.85 1955   0.28   0.32     0.00
  MONTH TO DATE   11.54               3.90   7.64     0.49
  SINCE JUL 1     17.90              10.92   6.98     1.92
  SINCE JAN 1     34.53              34.30   0.23     7.50

SNOWFALL (IN)
  TODAY            0.0   MM          MM     MM        0.0
  MONTH TO DATE    0.0               MM     MM        0.0
  SINCE DEC 1      0.0               MM     MM        0.0
  SINCE JUL 1      0.0               MM     MM        0.0
  SNOW DEPTH       0

...........................................................


WIND (MPH)
  HIGHEST WIND SPEED    15   HIGHEST WIND DIRECTION    SE (150)
  HIGHEST GUST SPEED    21   HIGHEST GUST DIRECTION    SE (150)
  AVERAGE WIND SPEED     3.2


SKY COVER
  AVERAGE SKY COVER 0.9


WEATHER CONDITIONS
 THE FOLLOWING WEATHER WAS RECORDED TODAY.
  HEAVY RAIN
  RAIN
  LIGHT RAIN
  FOG


RELATIVE HUMIDITY (PERCENT)
 HIGHEST    96
 LOWEST     72
 AVERAGE    84

..........................................................


THE UKIAH CA CLIMATE NORMALS FOR TOMORROW
                         NORMAL    RECORD    YEAR
 MAXIMUM TEMPERATURE (F)   54        70      1937
 MINIMUM TEMPERATURE (F)   36        23      1990


SUNRISE AND SUNSET
DECEMBER 19 2014......SUNRISE   727 AM PST   SUNSET   453 PM PST
DECEMBER 20 2014......SUNRISE   728 AM PST   SUNSET   453 PM PST


-  INDICATES NEGATIVE NUMBERS.
R  INDICATES RECORD WAS SET OR TIED.
MM INDICATES DATA IS MISSING.
T  INDICATES TRACE AMOUNT.




$$
