000
CDUS46 KEKA 240016
CLIUKI


CLIMATE REPORT
NATIONAL WEATHER SERVICE EUREKA CA
516 PM PDT TUE SEP 23 2014


...................................

...THE UKIAH CA CLIMATE SUMMARY FOR SEPTEMBER 23 2014...
VALID TODAY AS OF 0500 PM LOCAL TIME.

CLIMATE NORMAL PERIOD 1981 TO 2010
CLIMATE RECORD PERIOD 1903 TO 2014


WEATHER ITEM   OBSERVED RECORD YEAR NORMAL DEPARTURE LAST
                VALUE   VALUE       VALUE  FROM      YEAR
                                           NORMAL
...........................................................
TEMPERATURE (F)
 TODAY
  MAXIMUM         86    108    1964  86      0       82
  MINIMUM         52     37    1941  48      4       50
  AVERAGE         69                 67      2       66

PRECIPITATION (IN)
  TODAY            0.00   0.35 1920   0.01  -0.01     0.00
  MONTH TO DATE    0.07               0.33  -0.26     0.29
  SINCE JUL 1      0.08               0.47  -0.39     0.32
  SINCE JAN 1     16.71              23.85  -7.14     5.90

SNOWFALL (IN)
  TODAY            0.0   MM          MM     MM        0.0
  MONTH TO DATE    0.0               MM     MM        0.0
  SINCE SEP 1      0.0               MM     MM        0.0
  SINCE JUL 1      0.0               MM     MM        0.0
  SNOW DEPTH       0

...........................................................


WIND (MPH)
  HIGHEST WIND SPEED    12   HIGHEST WIND DIRECTION    SW (230)
  HIGHEST GUST SPEED    18   HIGHEST GUST DIRECTION     S (200)
  AVERAGE WIND SPEED     3.2


SKY COVER
  AVERAGE SKY COVER 0.0


WEATHER CONDITIONS
 THE FOLLOWING WEATHER WAS RECORDED TODAY.
  NO SIGNIFICANT WEATHER WAS OBSERVED.


RELATIVE HUMIDITY (PERCENT)
 HIGHEST    89
 LOWEST     37
 AVERAGE    63

..........................................................


THE UKIAH CA CLIMATE NORMALS FOR TOMORROW
                         NORMAL    RECORD    YEAR
 MAXIMUM TEMPERATURE (F)   86       106      1964
 MINIMUM TEMPERATURE (F)   48        36      1958


SUNRISE AND SUNSET
SEPTEMBER 23 2014.....SUNRISE   701 AM PDT   SUNSET   708 PM PDT
SEPTEMBER 24 2014.....SUNRISE   702 AM PDT   SUNSET   706 PM PDT


-  INDICATES NEGATIVE NUMBERS.
R  INDICATES RECORD WAS SET OR TIED.
MM INDICATES DATA IS MISSING.
T  INDICATES TRACE AMOUNT.




$$
