000
CDUS43 KSGF 280626
CLIUNO


CLIMATE REPORT
NATIONAL WEATHER SERVICE SPRINGFIELD MO
126 AM CDT TUE MAR 28 2017


...................................

...THE WEST PLAINS MO CLIMATE SUMMARY FOR MARCH 27 2017...

CLIMATE NORMAL PERIOD 1981 TO 2010
CLIMATE RECORD PERIOD 1947 TO 2017


WEATHER ITEM   OBSERVED TIME   RECORD YEAR NORMAL DEPARTURE LAST
                VALUE   (LST)  VALUE       VALUE  FROM      YEAR
                                                  NORMAL
..................................................................
TEMPERATURE (F)
 YESTERDAY
  MAXIMUM         67    442 PM  81    1991  64      3       68
  MINIMUM         52   1159 PM  14    1955  39     13       36
  AVERAGE         60                        51      9       52

PRECIPITATION (IN)
  YESTERDAY        1.05          4.21 1977   0.16   0.89      T
  MONTH TO DATE    5.63                      3.62   2.01     2.85
  SINCE MAR 1      5.63                      3.62   2.01     2.85
  SINCE JAN 1     10.26                      9.18   1.08     5.49

DEGREE DAYS
 HEATING
  YESTERDAY        5                        14     -9       13
  MONTH TO DATE  404                       494    -90      350
  SINCE MAR 1    404                       494    -90      350
  SINCE JUL 1   3053                      3958   -905     3183

 COOLING
  YESTERDAY        0                         0      0        0
  MONTH TO DATE    4                         0      4        4
  SINCE MAR 1      4                         0      4        4
  SINCE JAN 1      5                         0      5        4
..................................................................


WIND (MPH)
  HIGHEST WIND SPEED    16   HIGHEST WIND DIRECTION     W (280)
  HIGHEST GUST SPEED    21   HIGHEST GUST DIRECTION     W (280)
  AVERAGE WIND SPEED     6.7


SKY COVER
  AVERAGE SKY COVER 0.6


WEATHER CONDITIONS
 THE FOLLOWING WEATHER WAS RECORDED YESTERDAY.
  THUNDERSTORM
  HEAVY RAIN
  RAIN
  LIGHT RAIN
  FOG


RELATIVE HUMIDITY (PERCENT)
 HIGHEST    93           400 AM
 LOWEST     63           500 PM
 AVERAGE    78

..........................................................


THE WEST PLAINS MO CLIMATE NORMALS FOR TODAY
                         NORMAL    RECORD    YEAR
 MAXIMUM TEMPERATURE (F)   64        85      1985
 MINIMUM TEMPERATURE (F)   40        22      1966


SUNRISE AND SUNSET
MARCH 28 2017.........SUNRISE   659 AM CDT   SUNSET   727 PM CDT
MARCH 29 2017.........SUNRISE   657 AM CDT   SUNSET   728 PM CDT


-  INDICATES NEGATIVE NUMBERS.
R  INDICATES RECORD WAS SET OR TIED.
MM INDICATES DATA IS MISSING.
T  INDICATES TRACE AMOUNT.




$$
