000
CDUS43 KSGF 280626
CLIUNO


CLIMATE REPORT
NATIONAL WEATHER SERVICE SPRINGFIELD MO
1226 AM CST WED JAN 28 2015


...................................

...THE WEST PLAINS MO CLIMATE SUMMARY FOR JANUARY 27 2015...

CLIMATE NORMAL PERIOD 1981 TO 2010
CLIMATE RECORD PERIOD 1947 TO 2015


WEATHER ITEM   OBSERVED TIME   RECORD YEAR NORMAL DEPARTURE LAST
                VALUE   (LST)  VALUE       VALUE  FROM      YEAR
                                                  NORMAL
..................................................................
TEMPERATURE (F)
 YESTERDAY
  MAXIMUM         59    347 PM  68    1999  45     14       37
  MINIMUM         37    844 PM  -4    1961  24     13       13
  AVERAGE         48                        34     14       25

PRECIPITATION (IN)
  YESTERDAY        0.00          1.90 2009   0.12  -0.12     0.00
  MONTH TO DATE    2.02                      2.19  -0.17     1.57
  SINCE DEC 1      4.99                      5.83  -0.84     3.88
  SINCE JAN 1      2.02                      2.19  -0.17     1.57

DEGREE DAYS
 HEATING
  YESTERDAY       17                        31    -14       40
  MONTH TO DATE  841                       837      4      940
  SINCE DEC 1   1671                      1730    -59     1785
  SINCE JUL 1   2683                      2582    101     2697

 COOLING
  YESTERDAY        0                         0      0        0
  MONTH TO DATE    0                         0      0        0
  SINCE DEC 1      0                         0      0        0
  SINCE JAN 1      0                         0      0        0
..................................................................


WIND (MPH)
  HIGHEST WIND SPEED    14   HIGHEST WIND DIRECTION     N (340)
  HIGHEST GUST SPEED    19   HIGHEST GUST DIRECTION     N (350)
  AVERAGE WIND SPEED     6.0


SKY COVER
  AVERAGE SKY COVER 0.0


WEATHER CONDITIONS
 THE FOLLOWING WEATHER WAS RECORDED YESTERDAY.
  NO SIGNIFICANT WEATHER WAS OBSERVED.


RELATIVE HUMIDITY (PERCENT)
 HIGHEST    82           700 AM
 LOWEST     30           400 PM
 AVERAGE    56

..........................................................


THE WEST PLAINS MO CLIMATE NORMALS FOR TODAY
                         NORMAL    RECORD    YEAR
 MAXIMUM TEMPERATURE (F)   45        74      1970
 MINIMUM TEMPERATURE (F)   24        -7      1961


SUNRISE AND SUNSET
JANUARY 28 2015.......SUNRISE   713 AM CST   SUNSET   528 PM CST
JANUARY 29 2015.......SUNRISE   712 AM CST   SUNSET   530 PM CST


-  INDICATES NEGATIVE NUMBERS.
R  INDICATES RECORD WAS SET OR TIED.
MM INDICATES DATA IS MISSING.
T  INDICATES TRACE AMOUNT.




$$
