000
CDUS43 KUNR 240844
CLIUNR


CLIMATE REPORT
NATIONAL WEATHER SERVICE RAPID CITY SD
242 AM MDT THU JUL 24 2014


...................................

...THE EAST RAPID CITY SD CLIMATE SUMMARY FOR JULY 23 2014...

CLIMATE NORMAL PERIOD 1981 TO 2010
CLIMATE RECORD PERIOD 1888 TO 2014


WEATHER ITEM   OBSERVED RECORD YEAR NORMAL DEPARTURE LAST
                VALUE   VALUE       VALUE  FROM      YEAR
                                           NORMAL
...........................................................
TEMPERATURE (F)
 YESTERDAY
  MAXIMUM         84    106    1936  85     -1       83
  MINIMUM         60     50    1911  63     -3       60
  AVERAGE         72                 74     -2       72

PRECIPITATION (IN)
  YESTERDAY        0.46   1.20 1969   0.08   0.38      T
  MONTH TO DATE    1.42               1.74  -0.32     2.21
  SINCE JUN 1      7.47               4.90   2.57     3.88
  SINCE JAN 1     12.65              12.95  -0.30    12.60

SNOWFALL (IN)
  YESTERDAY        0.0                0.0    0.0      0.0
  MONTH TO DATE    0.0                0.0    0.0      0.0
  SINCE JUN 1      0.0                0.0    0.0      0.0
  SINCE JUL 1      0.0                0.0    0.0      0.0
  SNOW DEPTH       0

DEGREE DAYS
 HEATING
  YESTERDAY        0                  0      0        0
  MONTH TO DATE   11                  6      5        0
  SINCE JUN 1    119                 94     25       58
  SINCE JUL 1     11                  6      5        0

 COOLING
  YESTERDAY        7                  9     -2        7
  MONTH TO DATE  153                185    -32      243
  SINCE JUN 1    181                276    -95      338
  SINCE JAN 1    209                294    -85      362
...........................................................


WIND (MPH)
  HIGHEST GUST SPEED    46   HIGHEST GUST DIRECTION    NW (330)



WEATHER CONDITIONS
 THE FOLLOWING WEATHER WAS RECORDED YESTERDAY.
  THUNDERSTORM
  RAIN
  LIGHT RAIN


..........................................................


THE EAST RAPID CITY SD CLIMATE NORMALS FOR TODAY
                         NORMAL    RECORD    YEAR
 MAXIMUM TEMPERATURE (F)   86       105      1952
 MINIMUM TEMPERATURE (F)   63        46      1911


SUNRISE AND SUNSET
JULY 24 2014..........SUNRISE   532 AM MDT   SUNSET   826 PM MDT
JULY 25 2014..........SUNRISE   533 AM MDT   SUNSET   825 PM MDT


-  INDICATES NEGATIVE NUMBERS.
R  INDICATES RECORD WAS SET OR TIED.
MM INDICATES DATA IS MISSING.
T  INDICATES TRACE AMOUNT.




$$
