987
CDUS43 KUNR 290832
CLIUNR


CLIMATE REPORT
NATIONAL WEATHER SERVICE RAPID CITY SD
231 AM MDT FRI JUL 29 2016


...................................

...THE EAST RAPID CITY SD CLIMATE SUMMARY FOR JULY 28 2016...

CLIMATE NORMAL PERIOD 1981 TO 2010
CLIMATE RECORD PERIOD 1888 TO 2016


WEATHER ITEM   OBSERVED RECORD YEAR NORMAL DEPARTURE LAST
                VALUE   VALUE       VALUE  FROM      YEAR
                                           NORMAL
...........................................................
TEMPERATURE (F)
 YESTERDAY
  MAXIMUM         74    104    2006  86    -12       76
  MINIMUM         58     47    1971  63     -5       57
  AVERAGE         66                 74     -8       67

PRECIPITATION (IN)
  YESTERDAY        0.05   0.88 1922   0.09  -0.04     0.00
  MONTH TO DATE    2.43               2.20   0.23     3.62
  SINCE JUN 1      3.01               5.36  -2.35    10.49
  SINCE JAN 1      7.55              13.41  -5.86    19.85

SNOWFALL (IN)
  YESTERDAY        0.0    0.0  2002   0.0    0.0      0.0
                               2001
                               2000
  MONTH TO DATE    0.0                0.0    0.0      0.0
  SINCE JUN 1      0.0                0.0    0.0      0.0
  SINCE JUL 1      0.0                0.0    0.0      0.0
  SNOW DEPTH       0

DEGREE DAYS
 HEATING
  YESTERDAY        0                  0      0        0
  MONTH TO DATE    1                  6     -5        1
  SINCE JUN 1      6                 94    -88       34
  SINCE JUL 1      1                  6     -5        1

 COOLING
  YESTERDAY        1                  9     -8        2
  MONTH TO DATE  261                230     31      200
  SINCE JUN 1    506                321    185      307
  SINCE JAN 1    512                339    173      315
...........................................................


WIND (MPH)
  HIGHEST GUST SPEED    21   HIGHEST GUST DIRECTION    SE (130)



WEATHER CONDITIONS
 THE FOLLOWING WEATHER WAS RECORDED YESTERDAY.
  THUNDERSTORM
  LIGHT RAIN


..........................................................


THE EAST RAPID CITY SD CLIMATE NORMALS FOR TODAY
                         NORMAL    RECORD    YEAR
 MAXIMUM TEMPERATURE (F)   86       103      2006
 MINIMUM TEMPERATURE (F)   63        48      1899


SUNRISE AND SUNSET
JULY 29 2016..........SUNRISE   538 AM MDT   SUNSET   820 PM MDT
JULY 30 2016..........SUNRISE   539 AM MDT   SUNSET   819 PM MDT


-  INDICATES NEGATIVE NUMBERS.
R  INDICATES RECORD WAS SET OR TIED.
MM INDICATES DATA IS MISSING.
T  INDICATES TRACE AMOUNT.




$$
