000
CDUS43 KUNR 110043
CLIUNR


CLIMATE REPORT
NATIONAL WEATHER SERVICE RAPID CITY SD
542 PM MST SUN DEC 10 2017


...................................

...THE EAST RAPID CITY SD CLIMATE SUMMARY FOR DECEMBER 10 2017...
VALID TODAY AS OF 0500 PM LOCAL TIME.

CLIMATE NORMAL PERIOD 1981 TO 2010
CLIMATE RECORD PERIOD 1888 TO 2017


WEATHER ITEM   OBSERVED RECORD YEAR NORMAL DEPARTURE LAST
                VALUE   VALUE       VALUE  FROM      YEAR
                                           NORMAL
...........................................................
TEMPERATURE (F)
 TODAY
  MAXIMUM         62     75    1890  36     26        7
  MINIMUM         48    -17    1919  19     29       -1
  AVERAGE         55                 28     27        3

PRECIPITATION (IN)
  TODAY            0.00   0.31 1970   0.01  -0.01     0.01
  MONTH TO DATE    0.08               0.09  -0.01     0.01
  SINCE DEC 1      0.08               0.09  -0.01     0.01
  SINCE JAN 1     12.65              19.56  -6.91    12.96

SNOWFALL (IN)
  TODAY            0.0    3.5  2000   0.2   -0.2      0.2
  MONTH TO DATE    1.9                1.7    0.2      0.4
  SINCE DEC 1      1.9                1.7    0.2      0.4
  SINCE JUL 1      3.0               10.3   -7.3      4.1
  SNOW DEPTH       0

DEGREE DAYS
 HEATING
  TODAY           10                 37    -27       62
  MONTH TO DATE  255                363   -108      465
  SINCE DEC 1    255                363   -108      465
  SINCE JUL 1   1635               1943   -308     1496

 COOLING
  TODAY            0                  0      0        0
  MONTH TO DATE    0                  0      0        0
  SINCE DEC 1      0                  0      0        0
  SINCE JAN 1    854                665    189      813
...........................................................





WEATHER CONDITIONS
 THE FOLLOWING WEATHER WAS RECORDED TODAY.
  NO SIGNIFICANT WEATHER WAS OBSERVED.


..........................................................


THE EAST RAPID CITY SD CLIMATE NORMALS FOR TOMORROW
                         NORMAL    RECORD    YEAR
 MAXIMUM TEMPERATURE (F)   36        72      1939
 MINIMUM TEMPERATURE (F)   19       -18      1932


SUNRISE AND SUNSET
DECEMBER 10 2017......SUNRISE   717 AM MST   SUNSET   414 PM MST
DECEMBER 11 2017......SUNRISE   718 AM MST   SUNSET   415 PM MST


-  INDICATES NEGATIVE NUMBERS.
R  INDICATES RECORD WAS SET OR TIED.
MM INDICATES DATA IS MISSING.
T  INDICATES TRACE AMOUNT.




$$
