000
CDUS43 KUNR 061857
CLIUNR


CLIMATE REPORT
NATIONAL WEATHER SERVICE RAPID CITY SD
1257 PM MDT FRI MAY 6 2016


...................................

...THE EAST RAPID CITY SD CLIMATE SUMMARY FOR MAY 6 2016...
VALID AS OF 1100 AM LOCAL TIME.

CLIMATE NORMAL PERIOD 1981 TO 2010
CLIMATE RECORD PERIOD 1888 TO 2016


WEATHER ITEM   OBSERVED RECORD YEAR NORMAL DEPARTURE LAST
                VALUE   VALUE       VALUE  FROM      YEAR
                                           NORMAL
...........................................................
TEMPERATURE (F)
 TODAY
  MAXIMUM         76     89    1911  63     13       66
  MINIMUM         61     25    1906  42     19       49
  AVERAGE         69                 52     17       58

PRECIPITATION (IN)
  TODAY            0.00   1.20 1888   0.11  -0.11     0.19
  MONTH TO DATE    0.01               0.68  -0.67     0.53
  SINCE MAR 1      2.24               3.77  -1.53     1.58
  SINCE JAN 1      3.05               4.54  -1.49     2.13

SNOWFALL (IN)
  TODAY            0.0    1.2  1938   0.2   -0.2      0.0
  MONTH TO DATE    0.0                1.0   -1.0      0.0
  SINCE MAR 1     11.7               21.6   -9.9      1.4
  SINCE JUL 1     41.6               48.3   -6.7     37.1
  SNOW DEPTH       0

DEGREE DAYS
 HEATING
  TODAY            0                 13    -13        7
  MONTH TO DATE   36                 81    -45       49
  SINCE MAR 1   1233               1593   -360     1188
  SINCE JUL 1   5482               6547  -1065     5884

 COOLING
  TODAY            4                  0      4        0
  MONTH TO DATE    5                  0      5        2
  SINCE MAR 1      7                  1      6        8
  SINCE JAN 1      7                  1      6        8
...........................................................





WEATHER CONDITIONS
 THE FOLLOWING WEATHER WAS RECORDED TODAY.
  NO SIGNIFICANT WEATHER WAS OBSERVED.


..........................................................


THE EAST RAPID CITY SD CLIMATE NORMALS FOR TOMORROW
                         NORMAL    RECORD    YEAR
 MAXIMUM TEMPERATURE (F)   64        90      1934
 MINIMUM TEMPERATURE (F)   42        25      1907


SUNRISE AND SUNSET
MAY  6 2016...........SUNRISE   537 AM MDT   SUNSET   803 PM MDT
MAY  7 2016...........SUNRISE   535 AM MDT   SUNSET   804 PM MDT


-  INDICATES NEGATIVE NUMBERS.
R  INDICATES RECORD WAS SET OR TIED.
MM INDICATES DATA IS MISSING.
T  INDICATES TRACE AMOUNT.




$$
