000
CDUS43 KUNR 200036
CLIUNR


CLIMATE REPORT
NATIONAL WEATHER SERVICE RAPID CITY SD
635 PM MDT THU OCT 19 2017


...................................

...THE EAST RAPID CITY SD CLIMATE SUMMARY FOR OCTOBER 19 2017...
VALID TODAY AS OF 0500 PM LOCAL TIME.

CLIMATE NORMAL PERIOD 1981 TO 2010
CLIMATE RECORD PERIOD 1888 TO 2017


WEATHER ITEM   OBSERVED RECORD YEAR NORMAL DEPARTURE LAST
                VALUE   VALUE       VALUE  FROM      YEAR
                                           NORMAL
...........................................................
TEMPERATURE (F)
 TODAY
  MAXIMUM         84     86    1947  58     26       60
  MINIMUM         50     15    1925  36     14       37
  AVERAGE         67                 47     20       49

PRECIPITATION (IN)
  TODAY            0.00   1.18 1919   0.05  -0.05     0.14
  MONTH TO DATE    0.74               1.05  -0.31     0.48
  SINCE SEP 1      2.36               2.59  -0.23     1.35
  SINCE JAN 1     12.33              18.27  -5.94    12.65

SNOWFALL (IN)
  TODAY            0.0    9.9  1919   0.1   -0.1      0.0
  MONTH TO DATE    0.0                0.8   -0.8       T
  SINCE SEP 1      0.0                0.9   -0.9       T
  SINCE JUL 1      0.0                0.9   -0.9       T
  SNOW DEPTH       0

DEGREE DAYS
 HEATING
  TODAY            0                 18    -18       16
  MONTH TO DATE  247                282    -35      229
  SINCE SEP 1    429                461    -32      328
  SINCE JUL 1    434                491    -57      353

 COOLING
  TODAY            2                  0      2        0
  MONTH TO DATE    2                  0      2        2
  SINCE SEP 1    115                 66     49       49
  SINCE JAN 1    852                661    191      809
...........................................................





WEATHER CONDITIONS
 THE FOLLOWING WEATHER WAS RECORDED TODAY.
  NO SIGNIFICANT WEATHER WAS OBSERVED.


..........................................................


THE EAST RAPID CITY SD CLIMATE NORMALS FOR TOMORROW
                         NORMAL    RECORD    YEAR
 MAXIMUM TEMPERATURE (F)   58        86      1947
 MINIMUM TEMPERATURE (F)   36        14      1905


SUNRISE AND SUNSET
OCTOBER 19 2017.......SUNRISE   713 AM MDT   SUNSET   602 PM MDT
OCTOBER 20 2017.......SUNRISE   714 AM MDT   SUNSET   600 PM MDT


-  INDICATES NEGATIVE NUMBERS.
R  INDICATES RECORD WAS SET OR TIED.
MM INDICATES DATA IS MISSING.
T  INDICATES TRACE AMOUNT.




$$
