000
CDUS43 KUNR 130833
CLIUNR


CLIMATE REPORT
NATIONAL WEATHER SERVICE RAPID CITY SD
232 AM MDT SUN JUL 13 2014


...................................

...THE EAST RAPID CITY SD CLIMATE SUMMARY FOR JULY 12 2014...

CLIMATE NORMAL PERIOD 1981 TO 2010
CLIMATE RECORD PERIOD 1888 TO 2014


WEATHER ITEM   OBSERVED RECORD YEAR NORMAL DEPARTURE LAST
                VALUE   VALUE       VALUE  FROM      YEAR
                                           NORMAL
...........................................................
TEMPERATURE (F)
 YESTERDAY
  MAXIMUM         79    107    1954  84     -5       89
  MINIMUM         62     45    1950  62      0       72
  AVERAGE         71                 73     -2       81

PRECIPITATION (IN)
  YESTERDAY        0.01   0.91 1952   0.08  -0.07      T
  MONTH TO DATE    0.32               0.87  -0.55     0.76
  SINCE JUN 1      6.37               4.03   2.34     2.43
  SINCE JAN 1     11.55              12.08  -0.53    11.15

SNOWFALL (IN)
  YESTERDAY        0.0                0.0    0.0      0.0
  MONTH TO DATE    0.0                0.0    0.0      0.0
  SINCE JUN 1      0.0                0.0    0.0      0.0
  SINCE JUL 1      0.0                0.0    0.0      0.0
  SNOW DEPTH       0

DEGREE DAYS
 HEATING
  YESTERDAY        0                  0      0        0
  MONTH TO DATE    4                  6     -2        0
  SINCE JUN 1    112                 94     18       58
  SINCE JUL 1      4                  6     -2        0

 COOLING
  YESTERDAY        6                  8     -2       16
  MONTH TO DATE   74                 87    -13      124
  SINCE JUN 1    102                178    -76      219
  SINCE JAN 1    130                196    -66      243
...........................................................


WIND (MPH)
  HIGHEST GUST SPEED    16   HIGHEST GUST DIRECTION    SE (140)



WEATHER CONDITIONS
 THE FOLLOWING WEATHER WAS RECORDED YESTERDAY.
  LIGHT RAIN


..........................................................


THE EAST RAPID CITY SD CLIMATE NORMALS FOR TODAY
                         NORMAL    RECORD    YEAR
 MAXIMUM TEMPERATURE (F)   84       102      2003
 MINIMUM TEMPERATURE (F)   62        47      1913


SUNRISE AND SUNSET
JULY 13 2014..........SUNRISE   522 AM MDT   SUNSET   835 PM MDT
JULY 14 2014..........SUNRISE   523 AM MDT   SUNSET   834 PM MDT


-  INDICATES NEGATIVE NUMBERS.
R  INDICATES RECORD WAS SET OR TIED.
MM INDICATES DATA IS MISSING.
T  INDICATES TRACE AMOUNT.




$$
