000
CDUS44 KCRP 280109
CLIVCT

CLIMATE REPORT
NATIONAL WEATHER SERVICE CORPUS CHRISTI TX
707 PM CST MON FEB 27 2017

...................................

...THE VICTORIA CLIMATE SUMMARY FOR FEBRUARY 27 2017...
VALID TODAY AS OF 0700 PM LOCAL TIME.

CLIMATE NORMAL PERIOD 1981 TO 2010
CLIMATE RECORD PERIOD 1893 TO 2017

WEATHER ITEM   OBSERVED TIME   RECORD YEAR NORMAL DEPARTURE LAST
                VALUE   (LST)  VALUE       VALUE  FROM      YEAR
                                                  NORMAL
..................................................................
TEMPERATURE (F)
 TODAY
  MAXIMUM         84    330 PM  91    1954  70     14       73
  MINIMUM         65    332 AM  21    2002  49     16       40
  AVERAGE         75                        60     15       57

PRECIPITATION (IN)
  TODAY            0.00          0.86 1967   0.08  -0.08     0.00
  MONTH TO DATE    4.84                      1.99   2.85     1.79
  SINCE DEC 1     11.61                      6.82   4.79     6.54
  SINCE JAN 1      8.60                      4.51   4.09     4.94

SNOWFALL (IN)
  TODAY            0.0
  MONTH TO DATE    0.0
  SINCE DEC 1      0.0
  SINCE JUL 1      0.0
  SNOW DEPTH       0

DEGREE DAYS
 HEATING
  TODAY            0                         7     -7        8
  MONTH TO DATE   53                       235   -182      171
  SINCE DEC 1    481                       924   -443      751
  SINCE JUL 1    531                      1087   -556      849

 COOLING
  TODAY           10                         1      9        0
  MONTH TO DATE  122                        27     95       24
  SINCE DEC 1    250                        68    182       85
  SINCE JAN 1    193                        41    152       29
..................................................................

WIND (MPH)
  HIGHEST WIND SPEED    21   HIGHEST WIND DIRECTION    SE (150)
  HIGHEST GUST SPEED    25   HIGHEST GUST DIRECTION     S (170)

SKY COVER
  POSSIBLE SUNSHINE  MM
  AVERAGE SKY COVER 0.7

WEATHER CONDITIONS
 THE FOLLOWING WEATHER WAS RECORDED TODAY.
  FOG
  FOG W/VISIBILITY <= 1/4 MILE

RELATIVE HUMIDITY (PERCENT)
 HIGHEST   100           300 AM
 LOWEST     55           200 PM
 AVERAGE    78

..........................................................

THE VICTORIA CLIMATE NORMALS FOR TOMORROW
                         NORMAL    RECORD    YEAR
 MAXIMUM TEMPERATURE (F)   71        96      1940
 MINIMUM TEMPERATURE (F)   49        31      1962
                                             1937


SUNRISE AND SUNSET
FEBRUARY 27 2017......SUNRISE   655 AM CST   SUNSET   626 PM CST
FEBRUARY 28 2017......SUNRISE   654 AM CST   SUNSET   627 PM CST

-  INDICATES NEGATIVE NUMBERS.
R  INDICATES RECORD WAS SET OR TIED.
MM INDICATES DATA IS MISSING.
T  INDICATES TRACE AMOUNT.

$$
