000
CDUS44 KCRP 290836
CLIVCT

CLIMATE REPORT
NATIONAL WEATHER SERVICE CORPUS CHRISTI TX
332 AM CDT SAT APR 29 2017


...................................

...THE VICTORIA CLIMATE SUMMARY FOR APRIL 28 2017...

CLIMATE NORMAL PERIOD 1981 TO 2010
CLIMATE RECORD PERIOD 1893 TO 2017


WEATHER ITEM   OBSERVED TIME   RECORD YEAR NORMAL DEPARTURE LAST
                VALUE   (LST)  VALUE       VALUE  FROM      YEAR
                                                  NORMAL
..................................................................
TEMPERATURE (F)
 YESTERDAY
  MAXIMUM         89    237 PM  98    2014  83      6       84
  MINIMUM         72    632 AM  49    1928  63      9       69
                                      1920
  AVERAGE         81                        73      8       77

PRECIPITATION (IN)
  YESTERDAY        0.00          3.27 1957   0.11  -0.11     0.00
  MONTH TO DATE    2.78                      2.57   0.21     4.41
  SINCE MAR 1      7.76                      5.34   2.42     8.73
  SINCE JAN 1     16.36                      9.94   6.42    13.67

SNOWFALL (IN)
  YESTERDAY        0.0
  MONTH TO DATE    0.0
  SINCE MAR 1      0.0
  SINCE JUL 1      0.0
  SNOW DEPTH       0

DEGREE DAYS
 HEATING
  YESTERDAY        0                         0      0        0
  MONTH TO DATE    2                        29    -27        9
  SINCE MAR 1     36                       154   -118       63
  SINCE JUL 1    567                      1247   -680      913

 COOLING
  YESTERDAY       16                         8      8       12
  MONTH TO DATE  225                       160     65      161
  SINCE MAR 1    405                       234    171      283
  SINCE JAN 1    612                       272    340      318
..................................................................


WIND (MPH)
  HIGHEST WIND SPEED    26   HIGHEST WIND DIRECTION    SE (150)
  HIGHEST GUST SPEED    32   HIGHEST GUST DIRECTION    SE (140)
  AVERAGE WIND SPEED    16.9


SKY COVER
  POSSIBLE SUNSHINE  MM
  AVERAGE SKY COVER 0.5


WEATHER CONDITIONS
 THE FOLLOWING WEATHER WAS RECORDED YESTERDAY.
  FOG
  HAZE


RELATIVE HUMIDITY (PERCENT)
 HIGHEST    93           600 AM
 LOWEST     59           100 PM
 AVERAGE    76

..........................................................


THE VICTORIA CLIMATE NORMALS FOR TODAY
                         NORMAL    RECORD    YEAR
 MAXIMUM TEMPERATURE (F)   83        93      1927
 MINIMUM TEMPERATURE (F)   63        47      2008


SUNRISE AND SUNSET
APRIL 29 2017.........SUNRISE   648 AM CDT   SUNSET   802 PM CDT
APRIL 30 2017.........SUNRISE   647 AM CDT   SUNSET   803 PM CDT


-  INDICATES NEGATIVE NUMBERS.
R  INDICATES RECORD WAS SET OR TIED.
MM INDICATES DATA IS MISSING.
T  INDICATES TRACE AMOUNT.




$$
