000
CDUS44 KCRP 210741
CLIVCT

CLIMATE REPORT
NATIONAL WEATHER SERVICE CORPUS CHRISTI TX
238 AM CDT FRI JUL 21 2017


...................................

...THE VICTORIA CLIMATE SUMMARY FOR JULY 20 2017...

CLIMATE NORMAL PERIOD 1981 TO 2010
CLIMATE RECORD PERIOD 1893 TO 2017


WEATHER ITEM   OBSERVED TIME   RECORD YEAR NORMAL DEPARTURE LAST
                VALUE   (LST)  VALUE       VALUE  FROM      YEAR
                                                  NORMAL
..................................................................
TEMPERATURE (F)
 YESTERDAY
  MAXIMUM         99    257 PM 105    1913  94      5       98
  MINIMUM         76    608 AM  69    1907  74      2       76
  AVERAGE         88                        84      4       87

PRECIPITATION (IN)
  YESTERDAY        0.00          2.29 2007   0.12  -0.12      T
  MONTH TO DATE    0.37                      2.91  -2.54     0.04
  SINCE JUN 1      3.88                      7.37  -3.49     3.22
  SINCE JAN 1     23.46                     22.75   0.71    23.44

SNOWFALL (IN)
  YESTERDAY        0.0
  MONTH TO DATE    0.0
  SINCE JUN 1      0.0
  SINCE JUL 1      0.0
  SNOW DEPTH       0

DEGREE DAYS
 HEATING
  YESTERDAY        0                         0      0        0
  MONTH TO DATE    0                         0      0        0
  SINCE JUN 1      0                         0      0        0
  SINCE JUL 1      0                         0      0        0

 COOLING
  YESTERDAY       23                        19      4       22
  MONTH TO DATE  404                       375     29      429
  SINCE JUN 1    964                       883     81      959
  SINCE JAN 1   1976                      1542    434     1672
..................................................................


WIND (MPH)
  HIGHEST WIND SPEED    20   HIGHEST WIND DIRECTION     S (160)
  HIGHEST GUST SPEED    24   HIGHEST GUST DIRECTION     S (170)
  AVERAGE WIND SPEED     7.1


SKY COVER
  POSSIBLE SUNSHINE  MM
  AVERAGE SKY COVER 0.2


WEATHER CONDITIONS
 THE FOLLOWING WEATHER WAS RECORDED YESTERDAY.
  THUNDERSTORM


RELATIVE HUMIDITY (PERCENT)
 HIGHEST   100           600 AM
 LOWEST     38           100 PM
 AVERAGE    69

..........................................................


THE VICTORIA CLIMATE NORMALS FOR TODAY
                         NORMAL    RECORD    YEAR
 MAXIMUM TEMPERATURE (F)   94       101      1939
 MINIMUM TEMPERATURE (F)   74        68      2008


SUNRISE AND SUNSET
JULY 21 2017..........SUNRISE   643 AM CDT   SUNSET   825 PM CDT
JULY 22 2017..........SUNRISE   643 AM CDT   SUNSET   825 PM CDT


-  INDICATES NEGATIVE NUMBERS.
R  INDICATES RECORD WAS SET OR TIED.
MM INDICATES DATA IS MISSING.
T  INDICATES TRACE AMOUNT.




$$
