937
CDUS44 KCRP 050939 RRA
CLIVCT

CLIMATE REPORT
NATIONAL WEATHER SERVICE CORPUS CHRISTI TX
438 AM CDT THU MAY 5 2016


...................................

...THE VICTORIA CLIMATE SUMMARY FOR MAY 4 2016...

CLIMATE NORMAL PERIOD 1981 TO 2010
CLIMATE RECORD PERIOD 1893 TO 2016


WEATHER ITEM   OBSERVED TIME   RECORD YEAR NORMAL DEPARTURE LAST
                VALUE   (LST)  VALUE       VALUE  FROM      YEAR
                                                  NORMAL
..................................................................
TEMPERATURE (F)
 YESTERDAY
  MAXIMUM         86    515 PM  95    1951  84      2       83
  MINIMUM         53    613 AM  45    1954  65    -12       66
  AVERAGE         70                        74     -4       75

PRECIPITATION (IN)
  YESTERDAY        0.00          2.91 1966   0.16  -0.16      T
  MONTH TO DATE    T                         0.61  -0.61      T
  SINCE MAR 1      8.91                      6.20   2.71    15.18
  SINCE JAN 1     13.85                     10.80   3.05    19.23

SNOWFALL (IN)
  YESTERDAY        0.0
  MONTH TO DATE    0.0
  SINCE MAR 1      0.0
  SINCE JUL 1      0.0
  SNOW DEPTH       0

DEGREE DAYS
 HEATING
  YESTERDAY        0                         0      0        0
  MONTH TO DATE    0                         0      0        0
  SINCE MAR 1     63                       155    -92      140
  SINCE JUL 1    913                      1248   -335     1220

 COOLING
  YESTERDAY        5                         9     -4       10
  MONTH TO DATE   27                        36     -9       25
  SINCE MAR 1    343                       287     56      317
  SINCE JAN 1    378                       325     53      332
..................................................................


WIND (MPH)
  HIGHEST WIND SPEED    15   HIGHEST WIND DIRECTION     W (290)
  HIGHEST GUST SPEED    20   HIGHEST GUST DIRECTION    NW (320)
  AVERAGE WIND SPEED     5.8


SKY COVER
  POSSIBLE SUNSHINE  MM
  AVERAGE SKY COVER 0.0


WEATHER CONDITIONS
 THE FOLLOWING WEATHER WAS RECORDED YESTERDAY.
  HAZE


RELATIVE HUMIDITY (PERCENT)
 HIGHEST    93           500 AM
 LOWEST     32           300 PM
 AVERAGE    63

..........................................................


THE VICTORIA CLIMATE NORMALS FOR TODAY
                         NORMAL    RECORD    YEAR
 MAXIMUM TEMPERATURE (F)   84        95      1933
 MINIMUM TEMPERATURE (F)   65        48      1945


SUNRISE AND SUNSET
MAY  5 2016...........SUNRISE   643 AM CDT   SUNSET   806 PM CDT
MAY  6 2016...........SUNRISE   642 AM CDT   SUNSET   807 PM CDT


-  INDICATES NEGATIVE NUMBERS.
R  INDICATES RECORD WAS SET OR TIED.
MM INDICATES DATA IS MISSING.
T  INDICATES TRACE AMOUNT.




$$
