000
CDUS44 KCRP 270827
CLIVCT

CLIMATE REPORT
NATIONAL WEATHER SERVICE CORPUS CHRISTI TX
327 AM CDT FRI MAR 27 2015


...................................

...THE VICTORIA CLIMATE SUMMARY FOR MARCH 26 2015...

CLIMATE NORMAL PERIOD 1981 TO 2010
CLIMATE RECORD PERIOD 1893 TO 2015


WEATHER ITEM   OBSERVED TIME   RECORD YEAR NORMAL DEPARTURE LAST
                VALUE   (LST)  VALUE       VALUE  FROM      YEAR
                                                  NORMAL
..................................................................
TEMPERATURE (F)
 YESTERDAY
  MAXIMUM         70    547 AM  99    1928  77     -7       67
  MINIMUM         53   1159 PM  32    1955  54     -1       53
  AVERAGE         62                        65     -3       60

PRECIPITATION (IN)
  YESTERDAY        0.09          1.12 1951   0.10  -0.01     0.10
  MONTH TO DATE    8.37                      2.31   6.06     1.61
  SINCE MAR 1      8.37                      2.31   6.06     1.61
  SINCE JAN 1     12.42                      6.91   5.51     3.27

SNOWFALL (IN)
  YESTERDAY        0.0
  MONTH TO DATE    0.0
  SINCE MAR 1      0.0
  SINCE JUL 1      0.0
  SNOW DEPTH       0

DEGREE DAYS
 HEATING
  YESTERDAY        3                         3      0        5
  MONTH TO DATE  136                       114     22      204
  SINCE MAR 1    136                       114     22      204
  SINCE JUL 1   1216                      1207      9     1457

 COOLING
  YESTERDAY        0                         3     -3        0
  MONTH TO DATE   41                        57    -16       26
  SINCE MAR 1     41                        57    -16       26
  SINCE JAN 1     56                        95    -39       84
..................................................................


WIND (MPH)
  HIGHEST WIND SPEED    28   HIGHEST WIND DIRECTION     N (360)
  HIGHEST GUST SPEED    37   HIGHEST GUST DIRECTION    NW (330)
  AVERAGE WIND SPEED    12.9


SKY COVER
  POSSIBLE SUNSHINE  MM
  AVERAGE SKY COVER 0.5


WEATHER CONDITIONS
 THE FOLLOWING WEATHER WAS RECORDED YESTERDAY.
  RAIN
  LIGHT RAIN
  FOG


RELATIVE HUMIDITY (PERCENT)
 HIGHEST   100           500 AM
 LOWEST     56           600 PM
 AVERAGE    78

..........................................................


THE VICTORIA CLIMATE NORMALS FOR TODAY
                         NORMAL    RECORD    YEAR
 MAXIMUM TEMPERATURE (F)   77        98      1939
 MINIMUM TEMPERATURE (F)   55        32      1913


SUNRISE AND SUNSET
MARCH 27 2015.........SUNRISE   724 AM CDT   SUNSET   743 PM CDT
MARCH 28 2015.........SUNRISE   722 AM CDT   SUNSET   743 PM CDT


-  INDICATES NEGATIVE NUMBERS.
R  INDICATES RECORD WAS SET OR TIED.
MM INDICATES DATA IS MISSING.
T  INDICATES TRACE AMOUNT.




$$
