000
CDUS44 KCRP 200742
CLIVCT

CLIMATE REPORT
NATIONAL WEATHER SERVICE CORPUS CHRISTI TX
238 AM CDT WED SEP 20 2017


...................................

...THE VICTORIA CLIMATE SUMMARY FOR SEPTEMBER 19 2017...

CLIMATE NORMAL PERIOD 1981 TO 2010
CLIMATE RECORD PERIOD 1893 TO 2017


WEATHER ITEM   OBSERVED TIME   RECORD YEAR NORMAL DEPARTURE LAST
                VALUE   (LST)  VALUE       VALUE  FROM      YEAR
                                                  NORMAL
..................................................................
TEMPERATURE (F)
 YESTERDAY
  MAXIMUM         94    212 PM 103    1912  90      4       97
  MINIMUM         75    615 AM  51    1903  68      7       74
  AVERAGE         85                        79      6       86

PRECIPITATION (IN)
  YESTERDAY        0.00          5.24 1979   0.13  -0.13     0.00
  MONTH TO DATE    0.36                      2.78  -2.42     2.20
  SINCE SEP 1      0.36                      2.78  -2.42     2.20
  SINCE JAN 1     40.76                     29.65  11.11    31.78

SNOWFALL (IN)
  YESTERDAY        0.0
  MONTH TO DATE    0.0
  SINCE SEP 1      0.0
  SINCE JUL 1      0.0
  SNOW DEPTH       0

DEGREE DAYS
 HEATING
  YESTERDAY        0                         0      0        0
  MONTH TO DATE    0                         0      0        0
  SINCE SEP 1      0                         0      0        0
  SINCE JUL 1      0                         0      0        0

 COOLING
  YESTERDAY       20                        14      6       21
  MONTH TO DATE  273                       307    -34      347
  SINCE SEP 1    273                       307    -34      347
  SINCE JAN 1   3106                      2660    446     2834
..................................................................


WIND (MPH)
  HIGHEST WIND SPEED    17   HIGHEST WIND DIRECTION     S (170)
  HIGHEST GUST SPEED    21   HIGHEST GUST DIRECTION     S (170)
  AVERAGE WIND SPEED     9.3


SKY COVER
  POSSIBLE SUNSHINE  MM
  AVERAGE SKY COVER 0.1


WEATHER CONDITIONS
 THE FOLLOWING WEATHER WAS RECORDED YESTERDAY.
  FOG


RELATIVE HUMIDITY (PERCENT)
 HIGHEST   100           500 AM
 LOWEST     52           200 PM
 AVERAGE    76

..........................................................


THE VICTORIA CLIMATE NORMALS FOR TODAY
                         NORMAL    RECORD    YEAR
 MAXIMUM TEMPERATURE (F)   89       103      1924
                                             1912
 MINIMUM TEMPERATURE (F)   68        57      1981
                                             1971


SUNRISE AND SUNSET
SEPTEMBER 20 2017.....SUNRISE   715 AM CDT   SUNSET   726 PM CDT
SEPTEMBER 21 2017.....SUNRISE   716 AM CDT   SUNSET   725 PM CDT


-  INDICATES NEGATIVE NUMBERS.
R  INDICATES RECORD WAS SET OR TIED.
MM INDICATES DATA IS MISSING.
T  INDICATES TRACE AMOUNT.




$$
