000
CDUS44 KCRP 220656
CLIVCT

CLIMATE REPORT
NATIONAL WEATHER SERVICE CORPUS CHRISTI TX
149 AM CDT FRI AUG 22 2014


...................................

...THE VICTORIA CLIMATE SUMMARY FOR AUGUST 21 2014...

CLIMATE NORMAL PERIOD 1981 TO 2010
CLIMATE RECORD PERIOD 1893 TO 2014


WEATHER ITEM   OBSERVED TIME   RECORD YEAR NORMAL DEPARTURE LAST
                VALUE   (LST)  VALUE       VALUE  FROM      YEAR
                                                  NORMAL
..................................................................
TEMPERATURE (F)
 YESTERDAY
  MAXIMUM        100    151 PM 104    1930  95      5       95
  MINIMUM         81    623 AM  65    1940  74      7       75
  AVERAGE         91                        84      7       85

PRECIPITATION (IN)
  YESTERDAY        0.00          1.45 1963   0.09  -0.09     0.00
  MONTH TO DATE    0.40                      1.70  -1.30     0.91
  SINCE JUN 1      6.88                     10.34  -3.46     4.62
  SINCE JAN 1     18.16                     25.72  -7.56    14.00

SNOWFALL (IN)
  YESTERDAY        0.0
  MONTH TO DATE    0.0
  SINCE JUN 1      0.0
  SINCE JUL 1      0.0
  SNOW DEPTH       0

DEGREE DAYS
 HEATING
  YESTERDAY        0                         0      0        0
  MONTH TO DATE    0                         0      0        0
  SINCE JUN 1      0                         0      0        0
  SINCE JUL 1      0                         0      0        0

 COOLING
  YESTERDAY       26                        19      7       20
  MONTH TO DATE  497                       417     80      456
  SINCE JUN 1   1694                      1511    183     1659
  SINCE JAN 1   2344                      2170    174     2293
..................................................................


WIND (MPH)
  HIGHEST WIND SPEED    25   HIGHEST WIND DIRECTION     S (160)
  HIGHEST GUST SPEED    33   HIGHEST GUST DIRECTION     S (160)
  AVERAGE WIND SPEED    15.9


SKY COVER
  POSSIBLE SUNSHINE  MM
  AVERAGE SKY COVER 0.2


WEATHER CONDITIONS
 THE FOLLOWING WEATHER WAS RECORDED YESTERDAY.
  NO SIGNIFICANT WEATHER WAS OBSERVED.


RELATIVE HUMIDITY (PERCENT)
 HIGHEST    88          1200 AM
 LOWEST     39           100 PM
 AVERAGE    64

..........................................................


THE VICTORIA CLIMATE NORMALS FOR TODAY
                         NORMAL    RECORD    YEAR
 MAXIMUM TEMPERATURE (F)   95       103      2011
                                             1930
                                             1917
 MINIMUM TEMPERATURE (F)   74        65      1940


SUNRISE AND SUNSET
AUGUST 22 2014........SUNRISE   700 AM CDT   SUNSET   800 PM CDT
AUGUST 23 2014........SUNRISE   701 AM CDT   SUNSET   759 PM CDT


-  INDICATES NEGATIVE NUMBERS.
R  INDICATES RECORD WAS SET OR TIED.
MM INDICATES DATA IS MISSING.
T  INDICATES TRACE AMOUNT.

$$

GW
