000
CDUS44 KCRP 030748
CLIVCT

CLIMATE REPORT
NATIONAL WEATHER SERVICE CORPUS CHRISTI TX
244 AM CDT MON AUG 3 2015


...................................

...THE VICTORIA CLIMATE SUMMARY FOR AUGUST 2 2015...

CLIMATE NORMAL PERIOD 1981 TO 2010
CLIMATE RECORD PERIOD 1893 TO 2015


WEATHER ITEM   OBSERVED TIME   RECORD YEAR NORMAL DEPARTURE LAST
                VALUE   (LST)  VALUE       VALUE  FROM      YEAR
                                                  NORMAL
..................................................................
TEMPERATURE (F)
 YESTERDAY
  MAXIMUM         99    409 PM 103    2011  95      4       93
                                      1998
  MINIMUM         70R   611 AM  70    1994  74     -4       71
                                      1945
                                      1925
  AVERAGE         85                        85      0       82

PRECIPITATION (IN)
  YESTERDAY        0.00          1.23 1947   0.09  -0.09      T
  MONTH TO DATE    0.00                      0.17  -0.17      T
  SINCE JUN 1     10.07                      8.81   1.26     6.48
  SINCE JAN 1     37.80                     24.19  13.61    17.76

SNOWFALL (IN)
  YESTERDAY        0.0
  MONTH TO DATE    0.0
  SINCE JUN 1      0.0
  SINCE JUL 1      0.0
  SNOW DEPTH       0

DEGREE DAYS
 HEATING
  YESTERDAY        0                         0      0        0
  MONTH TO DATE    0                         0      0        0
  SINCE JUN 1      0                         0      0        0
  SINCE JUL 1      0                         0      0        0

 COOLING
  YESTERDAY       20                        20      0       17
  MONTH TO DATE   41                        40      1       42
  SINCE JUN 1   1152                      1134     18     1239
  SINCE JAN 1   1852                      1793     59     1889
..................................................................


WIND (MPH)
  HIGHEST WIND SPEED    18   HIGHEST WIND DIRECTION     S (170)
  HIGHEST GUST SPEED    23   HIGHEST GUST DIRECTION     S (180)
  AVERAGE WIND SPEED     5.9


SKY COVER
  POSSIBLE SUNSHINE  MM
  AVERAGE SKY COVER 0.1


WEATHER CONDITIONS
 THE FOLLOWING WEATHER WAS RECORDED YESTERDAY.
  FOG


RELATIVE HUMIDITY (PERCENT)
 HIGHEST   100           200 AM
 LOWEST     33           200 PM
 AVERAGE    67

..........................................................


THE VICTORIA CLIMATE NORMALS FOR TODAY
                         NORMAL    RECORD    YEAR
 MAXIMUM TEMPERATURE (F)   95       105      1998
 MINIMUM TEMPERATURE (F)   74        67      1949


SUNRISE AND SUNSET
AUGUST  3 2015........SUNRISE   650 AM CDT   SUNSET   818 PM CDT
AUGUST  4 2015........SUNRISE   650 AM CDT   SUNSET   817 PM CDT


-  INDICATES NEGATIVE NUMBERS.
R  INDICATES RECORD WAS SET OR TIED.
MM INDICATES DATA IS MISSING.
T  INDICATES TRACE AMOUNT.




$$
