000
CDUS45 KGJT 220757
CLIVEL


CLIMATE REPORT
NATIONAL WEATHER SERVICE GRAND JUNCTION CO
1256 AM MST MON DEC 22 2014


...................................

...THE VERNAL UT CLIMATE SUMMARY FOR DECEMBER 21 2014...

CLIMATE NORMAL PERIOD 1981 TO 2010
CLIMATE RECORD PERIOD 9999 TO 9999


WEATHER ITEM   OBSERVED TIME   RECORD YEAR NORMAL DEPARTURE LAST
                VALUE   (LST)  VALUE       VALUE  FROM      YEAR
                                                  NORMAL
..................................................................
TEMPERATURE (F)
 YESTERDAY
  MAXIMUM         36    324 PM  MM      MM  29      7       21
  MINIMUM         28    628 AM  MM      MM  12     16       13
  AVERAGE         32                        20     12       17

PRECIPITATION (IN)
  YESTERDAY        0.00         MM      MM   0.02  -0.02     0.00
  MONTH TO DATE    0.25                      0.42  -0.17     0.85
  SINCE DEC 1      0.25                      0.42  -0.17     0.85
  SINCE JAN 1     10.12                      9.09   1.03     9.47

SNOWFALL (IN)
  YESTERDAY       MM            MM      MM   0.2   MM       MM
  MONTH TO DATE   MM                         3.6   MM       MM
  SINCE DEC 1     MM                         3.6   MM       MM
  SINCE JUL 1     MM                         5.2   MM       MM
  SNOW DEPTH      MM

DEGREE DAYS
 HEATING
  YESTERDAY       33                        45    -12       48
  MONTH TO DATE  673                       886   -213     1206
  SINCE DEC 1    673                       886   -213     1206
  SINCE JUL 1   2156                      2517   -361     2877

 COOLING
  YESTERDAY        0                         0      0        0
  MONTH TO DATE    0                         0      0        0
  SINCE DEC 1      0                         0      0        0
  SINCE JAN 1    621                       511    110      787
..................................................................


WIND (MPH)
  HIGHEST WIND SPEED     9   HIGHEST WIND DIRECTION     W (260)
  HIGHEST GUST SPEED    12   HIGHEST GUST DIRECTION     W (260)
  AVERAGE WIND SPEED     2.3


SKY COVER
  POSSIBLE SUNSHINE  MM
  AVERAGE SKY COVER 0.9


WEATHER CONDITIONS
 THE FOLLOWING WEATHER WAS RECORDED YESTERDAY.
  FOG


RELATIVE HUMIDITY (PERCENT)
 HIGHEST   100           500 AM
 LOWEST     75           300 PM
 AVERAGE    88

..........................................................


THE VERNAL UT CLIMATE NORMALS FOR TODAY
                         NORMAL    RECORD    YEAR
 MAXIMUM TEMPERATURE (F)   29        MM        MM
 MINIMUM TEMPERATURE (F)   11        MM        MM


SUNRISE AND SUNSET
DECEMBER 22 2014......SUNRISE   738 AM MST   SUNSET   455 PM MST
DECEMBER 23 2014......SUNRISE   739 AM MST   SUNSET   456 PM MST


-  INDICATES NEGATIVE NUMBERS.
R  INDICATES RECORD WAS SET OR TIED.
MM INDICATES DATA IS MISSING.
T  INDICATES TRACE AMOUNT.




$$
