000
CDUS45 KGJT 300735
CLIVEL


CLIMATE REPORT
NATIONAL WEATHER SERVICE GRAND JUNCTION CO
133 AM MDT THU JUL 30 2015


...................................

...THE VERNAL UT CLIMATE SUMMARY FOR JULY 29 2015...

CLIMATE NORMAL PERIOD 1981 TO 2010
CLIMATE RECORD PERIOD 9999 TO 9999


WEATHER ITEM   OBSERVED TIME   RECORD YEAR NORMAL DEPARTURE LAST
                VALUE   (LST)  VALUE       VALUE  FROM      YEAR
                                                  NORMAL
..................................................................
TEMPERATURE (F)
 YESTERDAY
  MAXIMUM         87    552 PM  MM      MM  88     -1       80
  MINIMUM         50    457 AM  MM      MM  58     -8       61
  AVERAGE         69                        73     -4       71

PRECIPITATION (IN)
  YESTERDAY        0.00         MM      MM   0.03  -0.03     0.08
  MONTH TO DATE    0.76                      0.59   0.17     0.67
  SINCE JUN 1      1.12                      1.39  -0.27     0.71
  SINCE JAN 1      5.94                      4.80   1.14     2.69

SNOWFALL (IN)
  YESTERDAY       MM            MM      MM   0.0   MM       MM
  MONTH TO DATE   MM                         0.0   MM       MM
  SINCE JUN 1     MM                         0.0   MM       MM
  SINCE JUL 1     MM                         0.0   MM       MM
  SNOW DEPTH      MM

DEGREE DAYS
 HEATING
  YESTERDAY        0                         0      0        0
  MONTH TO DATE    0                         2     -2        0
  SINCE JUN 1     14                        74    -60       33
  SINCE JUL 1      0                         2     -2        0

 COOLING
  YESTERDAY        4                         8     -4        6
  MONTH TO DATE  189                       210    -21      324
  SINCE JUN 1    411                       292    119      427
  SINCE JAN 1    415                       301    114      450
..................................................................


WIND (MPH)
  HIGHEST WIND SPEED    12   HIGHEST WIND DIRECTION    SE (130)
  HIGHEST GUST SPEED    13   HIGHEST GUST DIRECTION    SE (120)
  AVERAGE WIND SPEED     3.4


SKY COVER
  POSSIBLE SUNSHINE  MM
  AVERAGE SKY COVER 0.0


WEATHER CONDITIONS
 THE FOLLOWING WEATHER WAS RECORDED YESTERDAY.
  NO SIGNIFICANT WEATHER WAS OBSERVED.


RELATIVE HUMIDITY (PERCENT)
 HIGHEST    46           500 AM
 LOWEST      4           600 PM
 AVERAGE    25

..........................................................


THE VERNAL UT CLIMATE NORMALS FOR TODAY
                         NORMAL    RECORD    YEAR
 MAXIMUM TEMPERATURE (F)   88        MM        MM
 MINIMUM TEMPERATURE (F)   58        MM        MM


SUNRISE AND SUNSET
JULY 30 2015..........SUNRISE   613 AM MDT   SUNSET   835 PM MDT
JULY 31 2015..........SUNRISE   614 AM MDT   SUNSET   834 PM MDT


-  INDICATES NEGATIVE NUMBERS.
R  INDICATES RECORD WAS SET OR TIED.
MM INDICATES DATA IS MISSING.
T  INDICATES TRACE AMOUNT.




$$
