000
CDUS45 KGJT 220726
CLIVEL


CLIMATE REPORT
NATIONAL WEATHER SERVICE GRAND JUNCTION CO
124 AM MDT FRI SEP 22 2017


...................................

...THE VERNAL UT CLIMATE SUMMARY FOR SEPTEMBER 21 2017...

CLIMATE NORMAL PERIOD 1981 TO 2010
CLIMATE RECORD PERIOD 9999 TO 9999


WEATHER ITEM   OBSERVED TIME   RECORD YEAR NORMAL DEPARTURE LAST
                VALUE   (LST)  VALUE       VALUE  FROM      YEAR
                                                  NORMAL
..................................................................
TEMPERATURE (F)
 YESTERDAY
  MAXIMUM         81    236 PM  MM      MM  72      9       71
  MINIMUM         50    619 AM  MM      MM  44      6       46
  AVERAGE         66                        58      8       59

PRECIPITATION (IN)
  YESTERDAY        0.00         MM      MM   0.03  -0.03      T
  MONTH TO DATE    0.85                      0.72   0.13     1.50
  SINCE SEP 1      0.85                      0.72   0.13     1.50
  SINCE JAN 1      6.41                      6.33   0.08     8.30

SNOWFALL (IN)
  YESTERDAY       MM            MM      MM  MM     MM       MM
  MONTH TO DATE   MM                        MM     MM       MM
  SINCE SEP 1     MM                        MM     MM       MM
  SINCE JUL 1     MM                        MM     MM       MM
  SNOW DEPTH      MM

DEGREE DAYS
 HEATING
  YESTERDAY        0                         7     -7        6
  MONTH TO DATE   46                        84    -38       49
  SINCE SEP 1     46                        84    -38       49
  SINCE JUL 1     46                       100    -54       59

 COOLING
  YESTERDAY        1                         0      1        0
  MONTH TO DATE   92                        20     72       26
  SINCE SEP 1     92                        20     72       26
  SINCE JAN 1    891                       509    382      735
..................................................................


WIND (MPH)
  HIGHEST WIND SPEED    31   HIGHEST WIND DIRECTION     S (200)
  HIGHEST GUST SPEED    42   HIGHEST GUST DIRECTION     S (200)
  AVERAGE WIND SPEED    15.6


SKY COVER
  POSSIBLE SUNSHINE  MM
  AVERAGE SKY COVER 0.0


WEATHER CONDITIONS
 THE FOLLOWING WEATHER WAS RECORDED YESTERDAY.
  NO SIGNIFICANT WEATHER WAS OBSERVED.


RELATIVE HUMIDITY (PERCENT)
 HIGHEST    59           600 AM
 LOWEST     14           500 PM
 AVERAGE    37

..........................................................


THE VERNAL UT CLIMATE NORMALS FOR TODAY
                         NORMAL    RECORD    YEAR
 MAXIMUM TEMPERATURE (F)   72        MM        MM
 MINIMUM TEMPERATURE (F)   43        MM        MM


SUNRISE AND SUNSET
SEPTEMBER 22 2017.....SUNRISE   706 AM MDT   SUNSET   715 PM MDT
SEPTEMBER 23 2017.....SUNRISE   707 AM MDT   SUNSET   713 PM MDT


-  INDICATES NEGATIVE NUMBERS.
R  INDICATES RECORD WAS SET OR TIED.
MM INDICATES DATA IS MISSING.
T  INDICATES TRACE AMOUNT.




$$
