000
CDUS42 KTAE 260634
CLIVLD


CLIMATE REPORT
NATIONAL WEATHER SERVICE TALLAHASSEE FL
233 AM EDT THU MAY 26 2016


...................................

...THE VALDOSTA CLIMATE SUMMARY FOR MAY 25 2016...

CLIMATE NORMAL PERIOD 1981 TO 2010
CLIMATE RECORD PERIOD 1948 TO 2016


WEATHER ITEM   OBSERVED TIME   NORMAL DEPARTURE LAST
                VALUE   (LST)  VALUE  FROM      YEAR
                                      NORMAL
......................................................
TEMPERATURE (F)
 YESTERDAY
  MAXIMUM         90    401 PM  88      2       93
  MINIMUM         62    607 AM  64     -2       69
  AVERAGE         76            76      0       81

PRECIPITATION (IN)
  YESTERDAY        0.00          0.10  -0.10      T
  MONTH TO DATE    3.45          1.70   1.75     0.40
  SINCE MAR 1     15.44          9.44   6.00     7.74
  SINCE JAN 1     24.30         18.17   6.13    16.90

DEGREE DAYS
 COOLING
  YESTERDAY       11            11      0       16
  MONTH TO DATE  211           208      3      264
  SINCE MAR 1    424           333     91      561
  SINCE JAN 1    434           343     91      565
......................................................


WIND (MPH)
  HIGHEST WIND SPEED    12   HIGHEST WIND DIRECTION     S (180)
  HIGHEST GUST SPEED    16   HIGHEST GUST DIRECTION     S (160)
  AVERAGE WIND SPEED     4.1




RELATIVE HUMIDITY (PERCENT)
 HIGHEST    93
 LOWEST     34
 AVERAGE    64

..........................................................




SUNRISE AND SUNSET
MAY 26 2016...........SUNRISE   632 AM EDT   SUNSET   828 PM EDT
MAY 27 2016...........SUNRISE   632 AM EDT   SUNSET   829 PM EDT


-  INDICATES NEGATIVE NUMBERS.
R  INDICATES RECORD WAS SET OR TIED.
MM INDICATES DATA IS MISSING.
T  INDICATES TRACE AMOUNT.




$$
