000
CDUS42 KTAE 240630
CLIVLD


CLIMATE REPORT
NATIONAL WEATHER SERVICE TALLAHASSEE FL
130 AM EST TUE JAN 24 2017


...................................

...THE VALDOSTA CLIMATE SUMMARY FOR JANUARY 23 2017...

CLIMATE NORMAL PERIOD 1981 TO 2010
CLIMATE RECORD PERIOD 1948 TO 2017


WEATHER ITEM   OBSERVED TIME   NORMAL DEPARTURE LAST
                VALUE   (LST)  VALUE  FROM      YEAR
                                      NORMAL
......................................................
TEMPERATURE (F)
 YESTERDAY
  MAXIMUM         63    141 PM  62      1       42
  MINIMUM         52    644 AM  39     13       33
  AVERAGE         58            50      8       38

PRECIPITATION (IN)
  YESTERDAY        0.01          0.14  -0.13     0.02
  MONTH TO DATE    9.07          3.41   5.66     3.80
  SINCE DEC 1     11.22          6.58   4.64     6.31
  SINCE JAN 1      9.07          3.41   5.66     3.80

DEGREE DAYS
 HEATING
  YESTERDAY        7            15     -8       27
  MONTH TO DATE  153           345   -192      350
  SINCE DEC 1    394           727   -333      467
  SINCE JUL 1    561           958   -397      543
......................................................


WIND (MPH)
  HIGHEST WIND SPEED    21   HIGHEST WIND DIRECTION     W (250)
  HIGHEST GUST SPEED    26   HIGHEST GUST DIRECTION     W (270)
  AVERAGE WIND SPEED     8.4




RELATIVE HUMIDITY (PERCENT)
 HIGHEST    89
 LOWEST     67
 AVERAGE    78

..........................................................




SUNRISE AND SUNSET
JANUARY 24 2017.......SUNRISE   729 AM EST   SUNSET   602 PM EST
JANUARY 25 2017.......SUNRISE   728 AM EST   SUNSET   603 PM EST


-  INDICATES NEGATIVE NUMBERS.
R  INDICATES RECORD WAS SET OR TIED.
MM INDICATES DATA IS MISSING.
T  INDICATES TRACE AMOUNT.




$$
