000
CDUS42 KTAE 220635
CLIVLD


CLIMATE REPORT
NATIONAL WEATHER SERVICE TALLAHASSEE FL
234 AM EDT FRI SEP 22 2017


...................................

...THE VALDOSTA CLIMATE SUMMARY FOR SEPTEMBER 21 2017...

CLIMATE NORMAL PERIOD 1981 TO 2010
CLIMATE RECORD PERIOD 1948 TO 2017


WEATHER ITEM   OBSERVED TIME   NORMAL DEPARTURE LAST
                VALUE   (LST)  VALUE  FROM      YEAR
                                      NORMAL
......................................................
TEMPERATURE (F)
 YESTERDAY
  MAXIMUM         89    115 PM  87      2       89
  MINIMUM         67    617 AM  66      1       69
  AVERAGE         78            76      2       79

PRECIPITATION (IN)
  YESTERDAY        0.20          0.14   0.06     0.00
  MONTH TO DATE    2.33          3.54  -1.21     5.56
  SINCE SEP 1      2.33          3.54  -1.21     5.56
  SINCE JAN 1     34.11         40.57  -6.46    49.89

DEGREE DAYS
 HEATING
  YESTERDAY        0             0      0        0
  MONTH TO DATE    0             0      0        0
  SINCE SEP 1      0             0      0        0
  SINCE JUL 1      0             0      0        0

 COOLING
  YESTERDAY       13            11      2       14
  MONTH TO DATE  222           281    -59      319
  SINCE SEP 1    222           281    -59      319
  SINCE JAN 1   2205          2135     70     2449
......................................................


WIND (MPH)
  HIGHEST WIND SPEED    17   HIGHEST WIND DIRECTION     E (100)
  HIGHEST GUST SPEED    22   HIGHEST GUST DIRECTION     E (90)
  AVERAGE WIND SPEED     1.2




RELATIVE HUMIDITY (PERCENT)
 HIGHEST   100
 LOWEST     56
 AVERAGE    78

..........................................................




SUNRISE AND SUNSET
SEPTEMBER 22 2017.....SUNRISE   722 AM EDT   SUNSET   729 PM EDT
SEPTEMBER 23 2017.....SUNRISE   722 AM EDT   SUNSET   728 PM EDT


-  INDICATES NEGATIVE NUMBERS.
R  INDICATES RECORD WAS SET OR TIED.
MM INDICATES DATA IS MISSING.
T  INDICATES TRACE AMOUNT.




$$
