000
CDUS42 KTAE 230642
CLIVLD


CLIMATE REPORT
NATIONAL WEATHER SERVICE TALLAHASSEE FL
240 AM EDT TUE SEP 23 2014


...................................

...THE VALDOSTA CLIMATE SUMMARY FOR SEPTEMBER 22 2014...

CLIMATE NORMAL PERIOD 1981 TO 2010
CLIMATE RECORD PERIOD 1948 TO 2014


WEATHER ITEM   OBSERVED TIME   NORMAL DEPARTURE LAST
                VALUE   (LST)  VALUE  FROM      YEAR
                                      NORMAL
......................................................
TEMPERATURE (F)
 YESTERDAY
  MAXIMUM         90    411 PM  86      4       82
  MINIMUM         61    641 AM  65     -4       73
  AVERAGE         76            76      0       78

PRECIPITATION (IN)
  YESTERDAY        T             0.13  -0.13     0.80
  MONTH TO DATE    6.19          3.67   2.52     1.45
  SINCE SEP 1      6.19          3.67   2.52     1.45
  SINCE JAN 1     41.62         40.70   0.92    35.61

DEGREE DAYS
 HEATING
  YESTERDAY        0             0      0        0
  MONTH TO DATE    0             0      0        0
  SINCE SEP 1      0             0      0        0
  SINCE JUL 1      0             0      0        0

 COOLING
  YESTERDAY       11            11      0       13
  MONTH TO DATE  337           292     45      366
  SINCE SEP 1    337           292     45      366
  SINCE JAN 1   2698          2146    552     2640
......................................................


WIND (MPH)
  HIGHEST WIND SPEED    21   HIGHEST WIND DIRECTION     N (10)
  HIGHEST GUST SPEED    26   HIGHEST GUST DIRECTION     N (10)
  AVERAGE WIND SPEED     3.0




RELATIVE HUMIDITY (PERCENT)
 HIGHEST   100
 LOWEST     34
 AVERAGE    67

..........................................................




SUNRISE AND SUNSET
SEPTEMBER 23 2014.....SUNRISE   722 AM EDT   SUNSET   728 PM EDT
SEPTEMBER 24 2014.....SUNRISE   723 AM EDT   SUNSET   727 PM EDT


-  INDICATES NEGATIVE NUMBERS.
R  INDICATES RECORD WAS SET OR TIED.
MM INDICATES DATA IS MISSING.
T  INDICATES TRACE AMOUNT.




$$
