976
CDUS42 KTAE 100635
CLIVLD


CLIMATE REPORT
NATIONAL WEATHER SERVICE TALLAHASSEE FL
134 AM EST WED FEB 10 2016


...................................

...THE VALDOSTA CLIMATE SUMMARY FOR FEBRUARY 9 2016...

CLIMATE NORMAL PERIOD 1981 TO 2010
CLIMATE RECORD PERIOD 1948 TO 2016


WEATHER ITEM   OBSERVED TIME   NORMAL DEPARTURE LAST
                VALUE   (LST)  VALUE  FROM      YEAR
                                      NORMAL
......................................................
TEMPERATURE (F)
 YESTERDAY
  MAXIMUM         56    310 PM  65     -9       69
  MINIMUM         33   1159 PM  41     -8       43
  AVERAGE         45            53     -8       56

PRECIPITATION (IN)
  YESTERDAY        0.00          0.11  -0.11     0.02
  MONTH TO DATE    3.09          0.65   2.44     0.87
  SINCE DEC 1      9.49          8.39   1.10     9.53
  SINCE JAN 1      6.98          5.22   1.76     5.43

DEGREE DAYS
 HEATING
  YESTERDAY       20            12      8        9
  MONTH TO DATE  105           117    -12      129
  SINCE DEC 1    674           955   -281      822
  SINCE JUL 1    750          1186   -436     1189
......................................................


WIND (MPH)
  HIGHEST WIND SPEED    13   HIGHEST WIND DIRECTION    NW (300)
  HIGHEST GUST SPEED    26   HIGHEST GUST DIRECTION     W (260)
  AVERAGE WIND SPEED     3.9




RELATIVE HUMIDITY (PERCENT)
 HIGHEST    59
 LOWEST     26
 AVERAGE    43

..........................................................




SUNRISE AND SUNSET
FEBRUARY 10 2016......SUNRISE   719 AM EST   SUNSET   616 PM EST
FEBRUARY 11 2016......SUNRISE   718 AM EST   SUNSET   617 PM EST


-  INDICATES NEGATIVE NUMBERS.
R  INDICATES RECORD WAS SET OR TIED.
MM INDICATES DATA IS MISSING.
T  INDICATES TRACE AMOUNT.




$$
