000
CDUS42 KTAE 250633
CLIVLD


CLIMATE REPORT
NATIONAL WEATHER SERVICE TALLAHASSEE FL
231 AM EDT TUE JUL 25 2017

...................................

...THE VALDOSTA CLIMATE SUMMARY FOR JULY 24 2017...

CLIMATE NORMAL PERIOD 1981 TO 2010
CLIMATE RECORD PERIOD 1948 TO 2017


WEATHER ITEM   OBSERVED TIME   NORMAL DEPARTURE LAST
                VALUE   (LST)  VALUE  FROM      YEAR
                                      NORMAL
......................................................
TEMPERATURE (F)
 YESTERDAY
  MAXIMUM         92    101 PM  92      0       96
  MINIMUM         73    609 AM  71      2       73
  AVERAGE         83            82      1       85

PRECIPITATION (IN)
  YESTERDAY        0.03          0.24  -0.21      T
  MONTH TO DATE    1.93          5.12  -3.19     9.71
  SINCE JUN 1     10.82         11.18  -0.36    18.11
  SINCE JAN 1     26.61         30.18  -3.57    42.41

DEGREE DAYS
 COOLING
  YESTERDAY       18            17      1       20
  MONTH TO DATE  410           391     19      452
  SINCE JUN 1    817           823     -6      937
  SINCE JAN 1   1358          1235    123     1447
......................................................


WIND (MPH)
  HIGHEST WIND SPEED    18   HIGHEST WIND DIRECTION     S (180)
  HIGHEST GUST SPEED    25   HIGHEST GUST DIRECTION     S (200)
  AVERAGE WIND SPEED     4.5




RELATIVE HUMIDITY (PERCENT)
 HIGHEST   100
 LOWEST     59
 AVERAGE    80

..........................................................



SUNRISE AND SUNSET
JULY 25 2017..........SUNRISE   647 AM EDT   SUNSET   832 PM EDT
JULY 26 2017..........SUNRISE   647 AM EDT   SUNSET   832 PM EDT


-  INDICATES NEGATIVE NUMBERS.
R  INDICATES RECORD WAS SET OR TIED.
MM INDICATES DATA IS MISSING.
T  INDICATES TRACE AMOUNT.

$$
