000
CDUS42 KTAE 290637
CLIVLD


CLIMATE REPORT
NATIONAL WEATHER SERVICE TALLAHASSEE FL
235 AM EDT FRI AUG 29 2014


...................................

...THE VALDOSTA CLIMATE SUMMARY FOR AUGUST 28 2014...

CLIMATE NORMAL PERIOD 1981 TO 2010
CLIMATE RECORD PERIOD 1948 TO 2014


WEATHER ITEM   OBSERVED TIME   NORMAL DEPARTURE LAST
                VALUE   (LST)  VALUE  FROM      YEAR
                                      NORMAL
......................................................
TEMPERATURE (F)
 YESTERDAY
  MAXIMUM         93    434 PM  91      2       95
  MINIMUM         62    545 AM  71     -9       72
  AVERAGE         78            81     -3       84

PRECIPITATION (IN)
  YESTERDAY        0.00          0.15  -0.15     0.00
  MONTH TO DATE    2.77          4.87  -2.10     5.33
  SINCE JUN 1      8.85         17.56  -8.71    18.49
  SINCE JAN 1     32.12         36.56  -4.44    33.03

DEGREE DAYS
 COOLING
  YESTERDAY       13            16     -3       19
  MONTH TO DATE  542           455     87      535
  SINCE JUN 1   1706          1395    311     1656
  SINCE JAN 1   2309          1807    502     2218
......................................................


WIND (MPH)
  HIGHEST WIND SPEED     9   HIGHEST WIND DIRECTION     S (190)
  HIGHEST GUST SPEED    13   HIGHEST GUST DIRECTION    SE (150)
  AVERAGE WIND SPEED     1.6




RELATIVE HUMIDITY (PERCENT)
 HIGHEST    93
 LOWEST     32
 AVERAGE    63

..........................................................




SUNRISE AND SUNSET
AUGUST 29 2014........SUNRISE   708 AM EDT   SUNSET   800 PM EDT
AUGUST 30 2014........SUNRISE   708 AM EDT   SUNSET   759 PM EDT


-  INDICATES NEGATIVE NUMBERS.
R  INDICATES RECORD WAS SET OR TIED.
MM INDICATES DATA IS MISSING.
T  INDICATES TRACE AMOUNT.




$$
