000
CDUS42 KTAE 020632
CLIVLD


CLIMATE REPORT
NATIONAL WEATHER SERVICE TALLAHASSEE FL
231 AM EDT THU JUL 2 2015


...................................

...THE VALDOSTA CLIMATE SUMMARY FOR JULY 1 2015...

CLIMATE NORMAL PERIOD 1981 TO 2010
CLIMATE RECORD PERIOD 1948 TO 2015


WEATHER ITEM   OBSERVED TIME   NORMAL DEPARTURE LAST
                VALUE   (LST)  VALUE  FROM      YEAR
                                      NORMAL
......................................................
TEMPERATURE (F)
 YESTERDAY
  MAXIMUM         93    403 PM  92      1      101
  MINIMUM         66    247 AM  70     -4       76
  AVERAGE         80            81     -1       89

PRECIPITATION (IN)
  YESTERDAY        0.00          0.19  -0.19     0.00
  MONTH TO DATE    0.00          0.19  -0.19     0.00
  SINCE JUN 1      3.12          6.25  -3.13     2.24
  SINCE JAN 1     21.68         25.25  -3.57    25.51

DEGREE DAYS
 COOLING
  YESTERDAY       15            16     -1       24
  MONTH TO DATE   15            16     -1       24
  SINCE JUN 1    494           448     46      586
  SINCE JAN 1   1141           860    281     1189
......................................................


WIND (MPH)
  HIGHEST WIND SPEED    17   HIGHEST WIND DIRECTION     S (190)
  HIGHEST GUST SPEED    21   HIGHEST GUST DIRECTION     S (180)
  AVERAGE WIND SPEED     3.2




RELATIVE HUMIDITY (PERCENT)
 HIGHEST   100
 LOWEST     47
 AVERAGE    74

..........................................................




SUNRISE AND SUNSET
JULY  2 2015..........SUNRISE   634 AM EDT   SUNSET   840 PM EDT
JULY  3 2015..........SUNRISE   634 AM EDT   SUNSET   840 PM EDT


-  INDICATES NEGATIVE NUMBERS.
R  INDICATES RECORD WAS SET OR TIED.
MM INDICATES DATA IS MISSING.
T  INDICATES TRACE AMOUNT.




$$
