000
CDUS42 KTAE 310637
CLIVLD


CLIMATE REPORT
NATIONAL WEATHER SERVICE TALLAHASSEE FL
236 AM EDT MON AUG 31 2015


...................................

...THE VALDOSTA CLIMATE SUMMARY FOR AUGUST 30 2015...

CLIMATE NORMAL PERIOD 1981 TO 2010
CLIMATE RECORD PERIOD 1948 TO 2015


WEATHER ITEM   OBSERVED TIME   NORMAL DEPARTURE LAST
                VALUE   (LST)  VALUE  FROM      YEAR
                                      NORMAL
......................................................
TEMPERATURE (F)
 YESTERDAY
  MAXIMUM         92    215 PM  91      1       95
  MINIMUM         72    503 AM  70      2       71
  AVERAGE         82            80      2       83

PRECIPITATION (IN)
  YESTERDAY        0.00          0.15  -0.15     2.36
  MONTH TO DATE    6.39          5.18   1.21     5.13
  SINCE JUN 1     19.60         17.87   1.73    11.21
  SINCE JAN 1     38.16         36.87   1.29    34.48

DEGREE DAYS
 COOLING
  YESTERDAY       17            15      2       18
  MONTH TO DATE  533           486     47      576
  SINCE JUN 1   1603          1426    177     1740
  SINCE JAN 1   2250          1838    412     2343
......................................................


WIND (MPH)
  HIGHEST WIND SPEED    16   HIGHEST WIND DIRECTION     E (110)
  HIGHEST GUST SPEED    22   HIGHEST GUST DIRECTION     E (100)
  AVERAGE WIND SPEED     2.7




RELATIVE HUMIDITY (PERCENT)
 HIGHEST   100
 LOWEST     52
 AVERAGE    76

..........................................................




SUNRISE AND SUNSET
AUGUST 31 2015........SUNRISE   709 AM EDT   SUNSET   758 PM EDT
SEPTEMBER  1 2015.....SUNRISE   709 AM EDT   SUNSET   756 PM EDT


-  INDICATES NEGATIVE NUMBERS.
R  INDICATES RECORD WAS SET OR TIED.
MM INDICATES DATA IS MISSING.
T  INDICATES TRACE AMOUNT.




$$
