148
CDUS43 KLOT 250636
CLIVPZ


CLIMATE REPORT
NATIONAL WEATHER SERVICE CHICAGO IL
136 AM CDT WED MAY 25 2016


...................................

...THE VALPARAISO CLIMATE SUMMARY FOR MAY 24 2016...

CLIMATE NORMAL PERIOD 1981 TO 2010
CLIMATE RECORD PERIOD 1998 TO 2016


WEATHER ITEM   OBSERVED TIME   RECORD YEAR NORMAL DEPARTURE LAST
                VALUE   (LST)  VALUE       VALUE  FROM      YEAR
                                                  NORMAL
..................................................................
TEMPERATURE (F)
 YESTERDAY
  MAXIMUM         86    453 PM  90    2010  73     13       83
  MINIMUM         56    510 AM  39    2013  51      5       54
  AVERAGE         71                        62      9       69

PRECIPITATION (IN)
  YESTERDAY        0.00          0.52 2006   0.13  -0.13      T
  MONTH TO DATE    1.66                      3.05  -1.39     2.29
  SINCE MAR 1      7.39                      9.06  -1.67     5.06
  SINCE JAN 1      8.72                     12.23  -3.51     6.67

DEGREE DAYS
 HEATING
  YESTERDAY        0                         5     -5        0
  MONTH TO DATE  237                       190     47      133
  SINCE MAR 1   1380                      1517   -137     1543
  SINCE JUL 1   5238                      6249  -1011     6801

 COOLING
  YESTERDAY        6                         2      4        4
  MONTH TO DATE    6                        26    -20       45
  SINCE MAR 1     12                        31    -19       45
  SINCE JAN 1     12                        31    -19       45
..................................................................


WIND (MPH)
  RESULTANT WIND SPEED   9   RESULTANT WIND DIRECTION  SW (210)
  HIGHEST WIND SPEED    20   HIGHEST WIND DIRECTION     S (200)
  HIGHEST GUST SPEED    27   HIGHEST GUST DIRECTION    SW (240)
  AVERAGE WIND SPEED     9.0



WEATHER CONDITIONS
 THE FOLLOWING WEATHER WAS RECORDED YESTERDAY.
  NO SIGNIFICANT WEATHER WAS OBSERVED.


..........................................................


THE VALPARAISO CLIMATE NORMALS FOR TODAY
                         NORMAL    RECORD    YEAR
 MAXIMUM TEMPERATURE (F)   73        87      2010
 MINIMUM TEMPERATURE (F)   51        36      2013


SUNRISE AND SUNSET
MAY 25 2016...........SUNRISE   520 AM CDT   SUNSET   810 PM CDT
MAY 26 2016...........SUNRISE   520 AM CDT   SUNSET   811 PM CDT


-  INDICATES NEGATIVE NUMBERS.
R  INDICATES RECORD WAS SET OR TIED.
MM INDICATES DATA IS MISSING.
T  INDICATES TRACE AMOUNT.




$$
