000
CDUS43 KLOT 230634
CLIVPZ


CLIMATE REPORT
NATIONAL WEATHER SERVICE CHICAGO IL
1233 AM CST TUE JAN 23 2018


...................................

...THE VALPARAISO CLIMATE SUMMARY FOR JANUARY 22 2018...

CLIMATE NORMAL PERIOD 1981 TO 2010
CLIMATE RECORD PERIOD 1998 TO 2018


WEATHER ITEM   OBSERVED TIME   RECORD YEAR NORMAL DEPARTURE LAST
                VALUE   (LST)  VALUE       VALUE  FROM      YEAR
                                                  NORMAL
..................................................................
TEMPERATURE (F)
 YESTERDAY
  MAXIMUM         54    132 PM  55    2002  31     23       47
  MINIMUM         37   1159 PM  -7    2000  16     21       34
  AVERAGE         46                        23     23       41

PRECIPITATION (IN)
  YESTERDAY        0.31          0.35 2012   0.06   0.25     0.00
  MONTH TO DATE    0.64                      1.21  -0.57     2.40
  SINCE DEC 1      0.80                      3.39  -2.59     3.15
  SINCE JAN 1      0.64                      1.21  -0.57     2.40

DEGREE DAYS
 HEATING
  YESTERDAY       19                        42    -23       24
  MONTH TO DATE  967                       915     52      758
  SINCE DEC 1   2107                      2059     48     1956
  SINCE JUL 1   3106                      3317   -211     2769

 COOLING
  YESTERDAY        0                         0      0        0
  MONTH TO DATE    0                         0      0        0
  SINCE DEC 1      0                         0      0        0
  SINCE JAN 1      0                         0      0        0
..................................................................


WIND (MPH)
  RESULTANT WIND SPEED  12   RESULTANT WIND DIRECTION   S (180)
  HIGHEST WIND SPEED    24   HIGHEST WIND DIRECTION     S (190)
  HIGHEST GUST SPEED    36   HIGHEST GUST DIRECTION     S (200)
  AVERAGE WIND SPEED    12.7



WEATHER CONDITIONS
 THE FOLLOWING WEATHER WAS RECORDED YESTERDAY.
  THUNDERSTORM
  HEAVY RAIN
  RAIN
  LIGHT RAIN
  FOG
  FOG W/VISIBILITY <= 1/4 MILE


..........................................................


THE VALPARAISO CLIMATE NORMALS FOR TODAY
                         NORMAL    RECORD    YEAR
 MAXIMUM TEMPERATURE (F)   31        51      2002
 MINIMUM TEMPERATURE (F)   16        -6      2014


SUNRISE AND SUNSET
JANUARY 23 2018.......SUNRISE   707 AM CST   SUNSET   453 PM CST
JANUARY 24 2018.......SUNRISE   707 AM CST   SUNSET   454 PM CST


-  INDICATES NEGATIVE NUMBERS.
R  INDICATES RECORD WAS SET OR TIED.
MM INDICATES DATA IS MISSING.
T  INDICATES TRACE AMOUNT.




$$
