000
CDUS43 KLOT 300637
CLIVPZ


CLIMATE REPORT
NATIONAL WEATHER SERVICE CHICAGO IL
136 AM CDT TUE JUN 30 2015


...................................

...THE VALPARAISO CLIMATE SUMMARY FOR JUNE 29 2015...

CLIMATE NORMAL PERIOD 1981 TO 2010
CLIMATE RECORD PERIOD 1998 TO 2015


WEATHER ITEM   OBSERVED TIME   RECORD YEAR NORMAL DEPARTURE LAST
                VALUE   (LST)  VALUE       VALUE  FROM      YEAR
                                                  NORMAL
..................................................................
TEMPERATURE (F)
 YESTERDAY
  MAXIMUM         72    322 PM  91    2005  83    -11       85
  MINIMUM         63   1159 PM  53    2010  62      1       72
                                      2006
  AVERAGE         68                        72     -4       79

PRECIPITATION (IN)
  YESTERDAY        0.18R         0.18 2012   0.13   0.05     0.03
  MONTH TO DATE    5.59                      3.78   1.81     7.58
  SINCE JUN 1      5.59                      3.78   1.81     7.58
  SINCE JAN 1     14.38                     16.76  -2.38    16.51

DEGREE DAYS
 HEATING
  YESTERDAY        0                         0      0        0
  MONTH TO DATE   27                        41    -14       20
  SINCE JUN 1     27                        41    -14       20
  SINCE JUL 1   6845                      6320    525     7211

 COOLING
  YESTERDAY        3                         8     -5       14
  MONTH TO DATE  129                       157    -28      149
  SINCE JUN 1    129                       157    -28      149
  SINCE JAN 1    205                       204      1      222
..................................................................


WIND (MPH)
  RESULTANT WIND SPEED   4   RESULTANT WIND DIRECTION  SE (120)
  HIGHEST WIND SPEED     9   HIGHEST WIND DIRECTION     E (80)
  HIGHEST GUST SPEED    11   HIGHEST GUST DIRECTION     E (80)
  AVERAGE WIND SPEED     4.3



WEATHER CONDITIONS
 THE FOLLOWING WEATHER WAS RECORDED YESTERDAY.
  RAIN
  LIGHT RAIN
  FOG


..........................................................


THE VALPARAISO CLIMATE NORMALS FOR TODAY
                         NORMAL    RECORD    YEAR
 MAXIMUM TEMPERATURE (F)   83        93      2002
 MINIMUM TEMPERATURE (F)   62        50      2010
                                             2006


SUNRISE AND SUNSET
JUNE 30 2015..........SUNRISE   517 AM CDT   SUNSET   826 PM CDT
JULY  1 2015..........SUNRISE   518 AM CDT   SUNSET   825 PM CDT


-  INDICATES NEGATIVE NUMBERS.
R  INDICATES RECORD WAS SET OR TIED.
MM INDICATES DATA IS MISSING.
T  INDICATES TRACE AMOUNT.




$$
