000
CDUS43 KLOT 290643
CLIVPZ


CLIMATE REPORT
NATIONAL WEATHER SERVICE CHICAGO IL
139 AM CDT SAT APR 29 2017


...................................

...THE VALPARAISO CLIMATE SUMMARY FOR APRIL 28 2017...

CLIMATE NORMAL PERIOD 1981 TO 2010
CLIMATE RECORD PERIOD 1998 TO 2017


WEATHER ITEM   OBSERVED TIME   RECORD YEAR NORMAL DEPARTURE LAST
                VALUE   (LST)  VALUE       VALUE  FROM      YEAR
                                                  NORMAL
..................................................................
TEMPERATURE (F)
 YESTERDAY
  MAXIMUM         62    353 PM  79    2004  65     -3       56
  MINIMUM         43    436 AM  32    2015  43      0       44
                                      2010
  AVERAGE         53                        54     -1       50

PRECIPITATION (IN)
  YESTERDAY        T             0.27 2008   0.14  -0.14     0.21
  MONTH TO DATE    4.12                      3.19   0.93     2.10
  SINCE MAR 1      7.17                      5.67   1.50     5.15
  SINCE JAN 1     10.61                      8.84   1.77     6.48

DEGREE DAYS
 HEATING
  YESTERDAY       12                        12      0       15
  MONTH TO DATE  298                       459   -161      461
  SINCE MAR 1   1080                      1304   -224     1102
  SINCE JUL 1   4794                      6036  -1242     4960

 COOLING
  YESTERDAY        0                         0      0        0
  MONTH TO DATE   13                         0     13        6
  SINCE MAR 1     13                         0     13        6
  SINCE JAN 1     13                         0     13        6
..................................................................


WIND (MPH)
  RESULTANT WIND SPEED   5   RESULTANT WIND DIRECTION   S (160)
  HIGHEST WIND SPEED    15   HIGHEST WIND DIRECTION    SE (130)
  HIGHEST GUST SPEED    21   HIGHEST GUST DIRECTION    SE (150)
  AVERAGE WIND SPEED     6.1



WEATHER CONDITIONS
 THE FOLLOWING WEATHER WAS RECORDED YESTERDAY.
  LIGHT RAIN
  FOG


..........................................................


THE VALPARAISO CLIMATE NORMALS FOR TODAY
                         NORMAL    RECORD    YEAR
 MAXIMUM TEMPERATURE (F)   65        80      2007
 MINIMUM TEMPERATURE (F)   43        32      2008


SUNRISE AND SUNSET
APRIL 29 2017.........SUNRISE   547 AM CDT   SUNSET   744 PM CDT
APRIL 30 2017.........SUNRISE   546 AM CDT   SUNSET   745 PM CDT


-  INDICATES NEGATIVE NUMBERS.
R  INDICATES RECORD WAS SET OR TIED.
MM INDICATES DATA IS MISSING.
T  INDICATES TRACE AMOUNT.




$$
