000
CDUS42 KMLB 252022
CLIVRB


CLIMATE REPORT
NATIONAL WEATHER SERVICE MELBOURNE FL
421 PM EDT MON JUL 25 2016


...................................

...THE VERO BEACH CLIMATE SUMMARY FOR JULY 25 2016...
VALID TODAY AS OF 0400 PM LOCAL TIME.

CLIMATE NORMAL PERIOD 1981 TO 2010
CLIMATE RECORD PERIOD 1942 TO 2016


WEATHER ITEM   OBSERVED TIME   RECORD YEAR NORMAL DEPARTURE LAST
                VALUE   (LST)  VALUE       VALUE  FROM      YEAR
                                                  NORMAL
..................................................................
TEMPERATURE (F)
 TODAY
  MAXIMUM         90    241 PM  98    1983  90      0       89
  MINIMUM         72    436 AM  68    1975  74     -2       76
  AVERAGE         81                        82     -1       83

PRECIPITATION (IN)
  TODAY            0.00          2.44 1967   0.18  -0.18     0.17
  MONTH TO DATE    0.61                      4.56  -3.95     5.22
  SINCE JUN 1      5.46                     11.23  -5.77    10.13
  SINCE JAN 1     41.25                     26.60  14.65    21.85

SNOWFALL (IN)
  TODAY            0.0
  MONTH TO DATE    0.0
  SINCE JUL 1      0.0

DEGREE DAYS
 HEATING
  TODAY            0                         0      0        0
  MONTH TO DATE    0                         0      0        0
  SINCE JUN 1      0                         0      0        0
  SINCE JUL 1      0                         0      0        0

 COOLING
  TODAY           16                        17     -1       18
  MONTH TO DATE  464                       416     48      453
  SINCE JUN 1    981                       872    109      966
  SINCE JAN 1   1910                      1678    232     2118
..................................................................


WIND (MPH)
  HIGHEST WIND SPEED    16   HIGHEST WIND DIRECTION     E (100)
  HIGHEST GUST SPEED    21   HIGHEST GUST DIRECTION    SE (120)
  AVERAGE WIND SPEED     5.1


SKY COVER
  AVERAGE SKY COVER 0.0


WEATHER CONDITIONS
 THE FOLLOWING WEATHER WAS RECORDED TODAY.
  THUNDERSTORM


RELATIVE HUMIDITY (PERCENT)
 HIGHEST    93           100 AM
 LOWEST     52          1100 AM
 AVERAGE    73

..........................................................


THE VERO BEACH CLIMATE NORMALS FOR TOMORROW
                         NORMAL    RECORD    YEAR
 MAXIMUM TEMPERATURE (F)   90        97      1983
 MINIMUM TEMPERATURE (F)   74        69      1988
                                             1978


SUNRISE AND SUNSET
JULY 25 2016..........SUNRISE   641 AM EDT   SUNSET   815 PM EDT
JULY 26 2016..........SUNRISE   642 AM EDT   SUNSET   814 PM EDT


-  INDICATES NEGATIVE NUMBERS.
R  INDICATES RECORD WAS SET OR TIED.
MM INDICATES DATA IS MISSING.
T  INDICATES TRACE AMOUNT.




$$
