000
CDUS42 KMLB 180628
CLIVRB


CLIMATE REPORT
NATIONAL WEATHER SERVICE MELBOURNE FL
128 AM EST MON DEC 18 2017


...................................

...THE VERO BEACH CLIMATE SUMMARY FOR DECEMBER 17 2017...

CLIMATE NORMAL PERIOD 1981 TO 2010
CLIMATE RECORD PERIOD 1942 TO 2017


WEATHER ITEM   OBSERVED TIME   RECORD YEAR NORMAL DEPARTURE LAST
                VALUE   (LST)  VALUE       VALUE  FROM      YEAR
                                                  NORMAL
..................................................................
TEMPERATURE (F)
 YESTERDAY
  MAXIMUM         79    148 PM  87    2015  74      5       83
  MINIMUM         55    731 AM  30    1968  55      0       70
  AVERAGE         67                        64      3       77

PRECIPITATION (IN)
  YESTERDAY        0.00          2.23 1977   0.07  -0.07     0.08
  MONTH TO DATE    2.23                      1.19   1.04     1.29
  SINCE DEC 1      2.23                      1.19   1.04     1.29
  SINCE JAN 1     58.42                     50.87   7.55    64.45

SNOWFALL (IN)
  YESTERDAY        0.0
  MONTH TO DATE    0.0
  SINCE JUL 1      0.0

DEGREE DAYS
 HEATING
  YESTERDAY        0                         4     -4        0
  MONTH TO DATE   64                        45     19        1
  SINCE DEC 1     64                        45     19        1
  SINCE JUL 1     84                        75      9       20

 COOLING
  YESTERDAY        2                         3     -1       12
  MONTH TO DATE   55                        58     -3      112
  SINCE DEC 1     55                        58     -3      112
  SINCE JAN 1   3867                      3369    498     3792
..................................................................


WIND (MPH)
  HIGHEST WIND SPEED    14   HIGHEST WIND DIRECTION    SE (130)
  HIGHEST GUST SPEED    17   HIGHEST GUST DIRECTION    SE (130)
  AVERAGE WIND SPEED     3.5


SKY COVER
  AVERAGE SKY COVER 0.1


WEATHER CONDITIONS
 THE FOLLOWING WEATHER WAS RECORDED YESTERDAY.
  FOG
  FOG W/VISIBILITY <= 1/4 MILE


RELATIVE HUMIDITY (PERCENT)
 HIGHEST   100          1200 AM
 LOWEST     58          1100 AM
 AVERAGE    79

..........................................................


THE VERO BEACH CLIMATE NORMALS FOR TODAY
                         NORMAL    RECORD    YEAR
 MAXIMUM TEMPERATURE (F)   74        86      1961
 MINIMUM TEMPERATURE (F)   55        33      1973


SUNRISE AND SUNSET
DECEMBER 18 2017......SUNRISE   707 AM EST   SUNSET   530 PM EST
DECEMBER 19 2017......SUNRISE   707 AM EST   SUNSET   531 PM EST


-  INDICATES NEGATIVE NUMBERS.
R  INDICATES RECORD WAS SET OR TIED.
MM INDICATES DATA IS MISSING.
T  INDICATES TRACE AMOUNT.




$$
