000
CDUS42 KMLB 232030
CLIVRB


CLIMATE REPORT
NATIONAL WEATHER SERVICE MELBOURNE FL
429 PM EDT TUE SEP 23 2014


...................................

...THE VERO BEACH CLIMATE SUMMARY FOR SEPTEMBER 23 2014...
VALID TODAY AS OF 400 PM LOCAL TIME.

CLIMATE NORMAL PERIOD 1981 TO 2010
CLIMATE RECORD PERIOD 1942 TO 2014


WEATHER ITEM   OBSERVED TIME   RECORD YEAR NORMAL DEPARTURE LAST
                VALUE   (LST)  VALUE       VALUE  FROM      YEAR
                                                  NORMAL
..................................................................
TEMPERATURE (F)
 TODAY
  MAXIMUM         86   1051 AM  93    1990  88     -2       87
                                      1950
  MINIMUM         69   1204 AM  65    1972  73     -4       72
  AVERAGE         78                        80     -2       80

PRECIPITATION (IN)
  TODAY            0.36          3.64 1960   0.22   0.14     1.47
  MONTH TO DATE    6.93                      5.20   1.73     6.23
  SINCE SEP 1      6.93                      5.20   1.73     6.23
  SINCE JAN 1     40.24                     39.90   0.34    33.91

SNOWFALL (IN)
  TODAY            0.0
  MONTH TO DATE    0.0
  SINCE JUL 1      0.0

DEGREE DAYS
 HEATING
  TODAY            0                         0      0        0
  MONTH TO DATE    0                         0      0        0
  SINCE SEP 1      0                         0      0        0
  SINCE JUL 1      0                         0      0        0

 COOLING
  TODAY           13                        15     -2       15
  MONTH TO DATE  320                       365    -45      354
  SINCE SEP 1    320                       365    -45      354
  SINCE JAN 1   2687                      2663     24     2760
..................................................................


WIND (MPH)
  HIGHEST WIND SPEED    31   HIGHEST WIND DIRECTION     S (170)
  HIGHEST GUST SPEED    42   HIGHEST GUST DIRECTION     S (170)
  AVERAGE WIND SPEED     4.7


SKY COVER
  AVERAGE SKY COVER 0.4


WEATHER CONDITIONS
 THE FOLLOWING WEATHER WAS RECORDED TODAY.
  THUNDERSTORM
  HEAVY RAIN
  RAIN
  LIGHT RAIN
  FOG


RELATIVE HUMIDITY (PERCENT)
 HIGHEST   100          1200 AM
 LOWEST     39          1000 AM
 AVERAGE    70

..........................................................


THE VERO BEACH CLIMATE NORMALS FOR TOMORROW
                         NORMAL    RECORD    YEAR
 MAXIMUM TEMPERATURE (F)   87        92      1988
                                             1979
                                             1975
 MINIMUM TEMPERATURE (F)   73        67      1968
                                             1966


SUNRISE AND SUNSET
SEPTEMBER 23 2014.....SUNRISE   711 AM EDT   SUNSET   717 PM EDT
SEPTEMBER 24 2014.....SUNRISE   711 AM EDT   SUNSET   716 PM EDT


-  INDICATES NEGATIVE NUMBERS.
R  INDICATES RECORD WAS SET OR TIED.
MM INDICATES DATA IS MISSING.
T  INDICATES TRACE AMOUNT.




$$
