000
CDUS42 KMLB 300626
CLIVRB


CLIMATE REPORT
NATIONAL WEATHER SERVICE MELBOURNE FL
226 AM EDT TUE SEP 30 2014


...................................

...THE VERO BEACH CLIMATE SUMMARY FOR SEPTEMBER 29 2014...

CLIMATE NORMAL PERIOD 1981 TO 2010
CLIMATE RECORD PERIOD 1942 TO 2014


WEATHER ITEM   OBSERVED TIME   RECORD YEAR NORMAL DEPARTURE LAST
                VALUE   (LST)  VALUE       VALUE  FROM      YEAR
                                                  NORMAL
..................................................................
TEMPERATURE (F)
 YESTERDAY
  MAXIMUM         87    212 PM  93    2009  87      0       85
                                      1974
  MINIMUM         72    909 PM  61    2006  73     -1       69
  AVERAGE         80                        80      0       77

PRECIPITATION (IN)
  YESTERDAY        0.43          4.39 1990   0.22   0.21     0.00
  MONTH TO DATE   10.60                      6.56   4.04     6.62
  SINCE SEP 1     10.60                      6.56   4.04     6.62
  SINCE JAN 1     43.91                     41.26   2.65    34.30

SNOWFALL (IN)
  YESTERDAY        0.0
  MONTH TO DATE    0.0
  SINCE JUL 1      0.0

DEGREE DAYS
 HEATING
  YESTERDAY        0                         0      0        0
  MONTH TO DATE    0                         0      0        0
  SINCE SEP 1      0                         0      0        0
  SINCE JUL 1      0                         0      0        0

 COOLING
  YESTERDAY       15                        15      0       12
  MONTH TO DATE  403                       455    -52      440
  SINCE SEP 1    403                       455    -52      440
  SINCE JAN 1   2770                      2753     17     2846
..................................................................


WIND (MPH)
  HIGHEST WIND SPEED    25   HIGHEST WIND DIRECTION     W (260)
  HIGHEST GUST SPEED    32   HIGHEST GUST DIRECTION     W (260)
  AVERAGE WIND SPEED     6.0


SKY COVER
  AVERAGE SKY COVER 0.1


WEATHER CONDITIONS
 THE FOLLOWING WEATHER WAS RECORDED YESTERDAY.
  THUNDERSTORM
  HEAVY RAIN
  RAIN
  LIGHT RAIN
  FOG
  HAZE


RELATIVE HUMIDITY (PERCENT)
 HIGHEST    93           300 AM
 LOWEST     29          1100 AM
 AVERAGE    61

..........................................................


THE VERO BEACH CLIMATE NORMALS FOR TODAY
                         NORMAL    RECORD    YEAR
 MAXIMUM TEMPERATURE (F)   87        92      1998
                                             1980
                                             1977
 MINIMUM TEMPERATURE (F)   72        65      1983


SUNRISE AND SUNSET
SEPTEMBER 30 2014.....SUNRISE   714 AM EDT   SUNSET   709 PM EDT
OCTOBER  1 2014.......SUNRISE   714 AM EDT   SUNSET   708 PM EDT


-  INDICATES NEGATIVE NUMBERS.
R  INDICATES RECORD WAS SET OR TIED.
MM INDICATES DATA IS MISSING.
T  INDICATES TRACE AMOUNT.




$$
