000
CDUS42 KMLB 301119
CLIVRB


CLIMATE REPORT
NATIONAL WEATHER SERVICE MELBOURNE FL
718 AM EDT THU MAR 30 2017


...................................

...THE VERO BEACH CLIMATE SUMMARY FOR MARCH 29 2017...

CLIMATE NORMAL PERIOD 1981 TO 2010
CLIMATE RECORD PERIOD 1942 TO 2017


WEATHER ITEM   OBSERVED TIME   RECORD YEAR NORMAL DEPARTURE LAST
                VALUE   (LST)  VALUE       VALUE  FROM      YEAR
                                                  NORMAL
..................................................................
TEMPERATURE (F)
 YESTERDAY
  MAXIMUM         85    202 PM  91    1997  79      6       83
  MINIMUM         58    641 AM  44    2013  59     -1       66
  AVERAGE         72                        69      3       75

PRECIPITATION (IN)
  YESTERDAY        0.00          3.45 1982   0.13  -0.13     0.73
  MONTH TO DATE    1.62                      3.85  -2.23     2.67
  SINCE MAR 1      1.62                      3.85  -2.23     2.67
  SINCE JAN 1      3.58                      9.02  -5.44    16.02

SNOWFALL (IN)
  YESTERDAY        0.0
  MONTH TO DATE    0.0
  SINCE JUL 1      0.0

DEGREE DAYS
 HEATING
  YESTERDAY        0                         1     -1        0
  MONTH TO DATE   39                        53    -14       11
  SINCE MAR 1     39                        53    -14       11
  SINCE JUL 1    182                       438   -256      279

 COOLING
  YESTERDAY        7                         5      2       10
  MONTH TO DATE  139                       120     19      216
  SINCE MAR 1    139                       120     19      216
  SINCE JAN 1    340                       259     81      314
..................................................................


WIND (MPH)
  HIGHEST WIND SPEED    15   HIGHEST WIND DIRECTION    SE (120)
  HIGHEST GUST SPEED    17   HIGHEST GUST DIRECTION    SE (120)
  AVERAGE WIND SPEED     6.4


SKY COVER
  AVERAGE SKY COVER 0.0


WEATHER CONDITIONS
 THE FOLLOWING WEATHER WAS RECORDED YESTERDAY.
  FOG


RELATIVE HUMIDITY (PERCENT)
 HIGHEST   100           400 AM
 LOWEST     44           200 PM
 AVERAGE    72

..........................................................


THE VERO BEACH CLIMATE NORMALS FOR TODAY
                         NORMAL    RECORD    YEAR
 MAXIMUM TEMPERATURE (F)   79        91      2011
 MINIMUM TEMPERATURE (F)   59        46      2015
                                             2013


SUNRISE AND SUNSET
MARCH 30 2017.........SUNRISE   714 AM EDT   SUNSET   738 PM EDT
MARCH 31 2017.........SUNRISE   713 AM EDT   SUNSET   739 PM EDT


-  INDICATES NEGATIVE NUMBERS.
R  INDICATES RECORD WAS SET OR TIED.
MM INDICATES DATA IS MISSING.
T  INDICATES TRACE AMOUNT.




$$
