000
CDUS42 KMLB 280631
CLIVRB


CLIMATE REPORT
NATIONAL WEATHER SERVICE MELBOURNE FL
231 AM EDT WED JUN 28 2017


...................................

...THE VERO BEACH CLIMATE SUMMARY FOR JUNE 27 2017...

CLIMATE NORMAL PERIOD 1981 TO 2010
CLIMATE RECORD PERIOD 1942 TO 2017


WEATHER ITEM   OBSERVED TIME   RECORD YEAR NORMAL DEPARTURE LAST
                VALUE   (LST)  VALUE       VALUE  FROM      YEAR
                                                  NORMAL
..................................................................
TEMPERATURE (F)
 YESTERDAY
  MAXIMUM         93   1216 PM 100    1950  89      4       89
  MINIMUM         76   1119 PM  64    1966  73      3       73
  AVERAGE         85                        81      4       81

PRECIPITATION (IN)
  YESTERDAY        0.22          1.78 1992   0.22   0.00     0.00
  MONTH TO DATE    6.36                      5.98   0.38     3.49
  SINCE JUN 1      6.36                      5.98   0.38     3.49
  SINCE JAN 1     17.40                     21.35  -3.95    39.28

SNOWFALL (IN)
  YESTERDAY        0.0
  MONTH TO DATE    0.0
  SINCE JUL 1      0.0

DEGREE DAYS
 HEATING
  YESTERDAY        0                         0      0        0
  MONTH TO DATE    0                         0      0        0
  SINCE JUN 1      0                         0      0        0
  SINCE JUL 1    185                       456   -271      284

 COOLING
  YESTERDAY       20                        16      4       16
  MONTH TO DATE  436                       409     27      465
  SINCE JUN 1    436                       409     27      465
  SINCE JAN 1   1501                      1215    286     1394
..................................................................


WIND (MPH)
  HIGHEST WIND SPEED    14   HIGHEST WIND DIRECTION     E (100)
  HIGHEST GUST SPEED    17   HIGHEST GUST DIRECTION     E (110)
  AVERAGE WIND SPEED     5.8


SKY COVER
  AVERAGE SKY COVER 0.3


WEATHER CONDITIONS
 THE FOLLOWING WEATHER WAS RECORDED YESTERDAY.
  THUNDERSTORM
  RAIN
  LIGHT RAIN
  FOG


RELATIVE HUMIDITY (PERCENT)
 HIGHEST   100          1000 PM
 LOWEST     49          1100 AM
 AVERAGE    75

..........................................................


THE VERO BEACH CLIMATE NORMALS FOR TODAY
                         NORMAL    RECORD    YEAR
 MAXIMUM TEMPERATURE (F)   89        97      2015
                                             1950
 MINIMUM TEMPERATURE (F)   73        68      2014
                                             2012
                                             1990


SUNRISE AND SUNSET
JUNE 28 2017..........SUNRISE   629 AM EDT   SUNSET   821 PM EDT
JUNE 29 2017..........SUNRISE   629 AM EDT   SUNSET   821 PM EDT


-  INDICATES NEGATIVE NUMBERS.
R  INDICATES RECORD WAS SET OR TIED.
MM INDICATES DATA IS MISSING.
T  INDICATES TRACE AMOUNT.




$$
