000
CDUS42 KMLB 200628
CLIVRB


CLIMATE REPORT
NATIONAL WEATHER SERVICE MELBOURNE FL
228 AM EDT FRI OCT 20 2017


...................................

...THE VERO BEACH CLIMATE SUMMARY FOR OCTOBER 19 2017...

CLIMATE NORMAL PERIOD 1981 TO 2010
CLIMATE RECORD PERIOD 1942 TO 2017


WEATHER ITEM   OBSERVED TIME   RECORD YEAR NORMAL DEPARTURE LAST
                VALUE   (LST)  VALUE       VALUE  FROM      YEAR
                                                  NORMAL
..................................................................
TEMPERATURE (F)
 YESTERDAY
  MAXIMUM         86   1124 AM  91    2006  84      2       86
  MINIMUM         75   1237 AM  49    1977  68      7       75
  AVERAGE         81                        76      5       81

PRECIPITATION (IN)
  YESTERDAY        0.01          2.31 1986   0.15  -0.14     0.00
  MONTH TO DATE    5.73                      3.43   2.30     4.13
  SINCE SEP 1     18.17                     10.22   7.95     9.03
  SINCE JAN 1     47.59                     44.92   2.67    62.46

SNOWFALL (IN)
  YESTERDAY        0.0
  MONTH TO DATE    0.0
  SINCE JUL 1      0.0

DEGREE DAYS
 HEATING
  YESTERDAY        0                         0      0        0
  MONTH TO DATE    0                         0      0        0
  SINCE SEP 1      0                         0      0        0
  SINCE JUL 1      0                         0      0        0

 COOLING
  YESTERDAY       16                        11      5       16
  MONTH TO DATE  293                       244     49      295
  SINCE SEP 1    788                       713     75      818
  SINCE JAN 1   3500                      3011    489     3408
..................................................................


WIND (MPH)
  HIGHEST WIND SPEED    20   HIGHEST WIND DIRECTION     E (70)
  HIGHEST GUST SPEED    27   HIGHEST GUST DIRECTION     E (70)
  AVERAGE WIND SPEED    14.3


SKY COVER
  AVERAGE SKY COVER 0.3


WEATHER CONDITIONS
 THE FOLLOWING WEATHER WAS RECORDED YESTERDAY.
  LIGHT RAIN
  FOG


RELATIVE HUMIDITY (PERCENT)
 HIGHEST    88           100 AM
 LOWEST     65          1100 AM
 AVERAGE    77

..........................................................


THE VERO BEACH CLIMATE NORMALS FOR TODAY
                         NORMAL    RECORD    YEAR
 MAXIMUM TEMPERATURE (F)   84        91      2006
 MINIMUM TEMPERATURE (F)   68        47      1989


SUNRISE AND SUNSET
OCTOBER 20 2017.......SUNRISE   725 AM EDT   SUNSET   648 PM EDT
OCTOBER 21 2017.......SUNRISE   725 AM EDT   SUNSET   647 PM EDT


-  INDICATES NEGATIVE NUMBERS.
R  INDICATES RECORD WAS SET OR TIED.
MM INDICATES DATA IS MISSING.
T  INDICATES TRACE AMOUNT.




$$
