000
CDUS42 KMLB 050652
CLIVRB


CLIMATE REPORT
NATIONAL WEATHER SERVICE MELBOURNE FL
141 AM EST THU MAR 5 2015


...................................

...THE VERO BEACH CLIMATE SUMMARY FOR MARCH 4 2015...

CLIMATE NORMAL PERIOD 1981 TO 2010
CLIMATE RECORD PERIOD 1942 TO 2015


WEATHER ITEM   OBSERVED TIME   RECORD YEAR NORMAL DEPARTURE LAST
                VALUE   (LST)  VALUE       VALUE  FROM      YEAR
                                                  NORMAL
..................................................................
TEMPERATURE (F)
 YESTERDAY
  MAXIMUM         83    126 PM  89    2001  76      7       80
  MINIMUM         63    717 AM  28    1980  56      7       56
  AVERAGE         73                        66      7       68

PRECIPITATION (IN)
  YESTERDAY        0.00          1.10 1978   0.11  -0.11     0.00
  MONTH TO DATE    T                         0.43  -0.43     0.00
  SINCE MAR 1      T                         0.43  -0.43     0.00
  SINCE JAN 1      3.63                      5.60  -1.97     6.55

SNOWFALL (IN)
  YESTERDAY        0.0
  MONTH TO DATE    0.0
  SINCE JUL 1      0.0

DEGREE DAYS
 HEATING
  YESTERDAY        0                         3     -3        0
  MONTH TO DATE    0                        12    -12        0
  SINCE MAR 1      0                        12    -12        0
  SINCE JUL 1    372                       397    -25      235

 COOLING
  YESTERDAY        8                         4      4        3
  MONTH TO DATE   29                        16     13       13
  SINCE MAR 1     29                        16     13       13
  SINCE JAN 1    154                       155     -1      221
..................................................................


WIND (MPH)
  HIGHEST WIND SPEED    25   HIGHEST WIND DIRECTION    SE (140)
  HIGHEST GUST SPEED    30   HIGHEST GUST DIRECTION    SE (130)
  AVERAGE WIND SPEED    11.4


SKY COVER
  AVERAGE SKY COVER 0.3


WEATHER CONDITIONS
 THE FOLLOWING WEATHER WAS RECORDED YESTERDAY.
  FOG
  HAZE


RELATIVE HUMIDITY (PERCENT)
 HIGHEST    93           200 AM
 LOWEST     58          1200 PM
 AVERAGE    76

..........................................................


THE VERO BEACH CLIMATE NORMALS FOR TODAY
                         NORMAL    RECORD    YEAR
 MAXIMUM TEMPERATURE (F)   76        89      2003
 MINIMUM TEMPERATURE (F)   56        33      2010


SUNRISE AND SUNSET
MARCH  5 2015.........SUNRISE   642 AM EST   SUNSET   624 PM EST
MARCH  6 2015.........SUNRISE   641 AM EST   SUNSET   625 PM EST


-  INDICATES NEGATIVE NUMBERS.
R  INDICATES RECORD WAS SET OR TIED.
MM INDICATES DATA IS MISSING.
T  INDICATES TRACE AMOUNT.




$$
