000
CDUS42 KMLB 200635
CLIVRB


CLIMATE REPORT
NATIONAL WEATHER SERVICE MELBOURNE FL
235 AM EDT SUN AUG 20 2017


...................................

...THE VERO BEACH CLIMATE SUMMARY FOR AUGUST 19 2017...

CLIMATE NORMAL PERIOD 1981 TO 2010
CLIMATE RECORD PERIOD 1942 TO 2017


WEATHER ITEM   OBSERVED TIME   RECORD YEAR NORMAL DEPARTURE LAST
                VALUE   (LST)  VALUE       VALUE  FROM      YEAR
                                                  NORMAL
..................................................................
TEMPERATURE (F)
 YESTERDAY
  MAXIMUM         93   1219 PM  96    1993  90      3       89
  MINIMUM         72    634 AM  68    1960  74     -2       73
  AVERAGE         83                        82      1       81

PRECIPITATION (IN)
  YESTERDAY        0.00          6.33 2008   0.22  -0.22     0.00
  MONTH TO DATE    6.01                      4.18   1.83     9.10
  SINCE JUN 1     17.76                     16.48   1.28    14.56
  SINCE JAN 1     28.80                     31.85  -3.05    50.35

SNOWFALL (IN)
  YESTERDAY        0.0
  MONTH TO DATE    0.0
  SINCE JUL 1      0.0

DEGREE DAYS
 HEATING
  YESTERDAY        0                         0      0        0
  MONTH TO DATE    0                         0      0        0
  SINCE JUN 1      0                         0      0        0
  SINCE JUL 1      0                         0      0        0

 COOLING
  YESTERDAY       18                        17      1       16
  MONTH TO DATE  360                       323     37      344
  SINCE JUN 1   1425                      1297    128     1437
  SINCE JAN 1   2490                      2103    387     2366
..................................................................


WIND (MPH)
  HIGHEST WIND SPEED    15   HIGHEST WIND DIRECTION     E (100)
  HIGHEST GUST SPEED    18   HIGHEST GUST DIRECTION     E (90)
  AVERAGE WIND SPEED     6.4


SKY COVER
  AVERAGE SKY COVER 0.0


WEATHER CONDITIONS
 THE FOLLOWING WEATHER WAS RECORDED YESTERDAY.
  NO SIGNIFICANT WEATHER WAS OBSERVED.


RELATIVE HUMIDITY (PERCENT)
 HIGHEST   100           700 AM
 LOWEST     44          1200 PM
 AVERAGE    72

..........................................................


THE VERO BEACH CLIMATE NORMALS FOR TODAY
                         NORMAL    RECORD    YEAR
 MAXIMUM TEMPERATURE (F)   90        95      2005
                                             1997
 MINIMUM TEMPERATURE (F)   74        69      2006
                                             1976
                                             1969


SUNRISE AND SUNSET
AUGUST 20 2017........SUNRISE   655 AM EDT   SUNSET   755 PM EDT
AUGUST 21 2017........SUNRISE   655 AM EDT   SUNSET   754 PM EDT


-  INDICATES NEGATIVE NUMBERS.
R  INDICATES RECORD WAS SET OR TIED.
MM INDICATES DATA IS MISSING.
T  INDICATES TRACE AMOUNT.




$$
