000
CDUS42 KMLB 022026
CLIVRB


CLIMATE REPORT
NATIONAL WEATHER SERVICE MELBOURNE FL
425 PM EDT TUE JUN 2 2015


...................................

...THE VERO BEACH CLIMATE SUMMARY FOR JUNE 2 2015...
VALID TODAY AS OF 0400 PM LOCAL TIME.

CLIMATE NORMAL PERIOD 1981 TO 2010
CLIMATE RECORD PERIOD 1942 TO 2015


WEATHER ITEM   OBSERVED TIME   RECORD YEAR NORMAL DEPARTURE LAST
                VALUE   (LST)  VALUE       VALUE  FROM      YEAR
                                                  NORMAL
..................................................................
TEMPERATURE (F)
 TODAY
  MAXIMUM         87   1203 PM  96    1998  87      0       85
  MINIMUM         70    506 AM  58    1984  71     -1       76
  AVERAGE         79                        79      0       81

PRECIPITATION (IN)
  TODAY            0.01          2.74 2007   0.19  -0.18     0.00
  MONTH TO DATE    0.01                      0.38  -0.37     0.17
  SINCE JUN 1      0.01                      0.38  -0.37     0.17
  SINCE JAN 1     11.73                     15.75  -4.02    13.35

SNOWFALL (IN)
  TODAY            0.0
  MONTH TO DATE    0.0
  SINCE JUL 1      0.0

DEGREE DAYS
 HEATING
  TODAY            0                         0      0        0
  MONTH TO DATE    0                         0      0        0
  SINCE JUN 1      0                         0      0        0
  SINCE JUL 1    384                       456    -72      268

 COOLING
  TODAY           14                        14      0       16
  MONTH TO DATE   28                        28      0       29
  SINCE JUN 1     28                        28      0       29
  SINCE JAN 1   1180                       834    346      955
..................................................................


WIND (MPH)
  HIGHEST WIND SPEED    14   HIGHEST WIND DIRECTION     E (110)
  HIGHEST GUST SPEED    18   HIGHEST GUST DIRECTION     E (110)
  AVERAGE WIND SPEED     4.9


SKY COVER
  AVERAGE SKY COVER 0.3


WEATHER CONDITIONS
 THE FOLLOWING WEATHER WAS RECORDED TODAY.
  THUNDERSTORM
  LIGHT RAIN


RELATIVE HUMIDITY (PERCENT)
 HIGHEST    90           200 AM
 LOWEST     55           900 AM
 AVERAGE    73

..........................................................


THE VERO BEACH CLIMATE NORMALS FOR TOMORROW
                         NORMAL    RECORD    YEAR
 MAXIMUM TEMPERATURE (F)   87        96      1945
 MINIMUM TEMPERATURE (F)   71        60      1965


SUNRISE AND SUNSET
JUNE  2 2015..........SUNRISE   626 AM EDT   SUNSET   813 PM EDT
JUNE  3 2015..........SUNRISE   626 AM EDT   SUNSET   814 PM EDT


-  INDICATES NEGATIVE NUMBERS.
R  INDICATES RECORD WAS SET OR TIED.
MM INDICATES DATA IS MISSING.
T  INDICATES TRACE AMOUNT.




$$
