564
CDUS41 KBTV 170535
CLIVSF


CLIMATE REPORT
NATIONAL WEATHER SERVICE BURLINGTON VT
132 AM EDT TUE OCT 17 2017


...................................

...THE SPRINGFIELD VT CLIMATE SUMMARY FOR OCTOBER 16 2017...

CLIMATE NORMAL PERIOD 1981 TO 2010
CLIMATE RECORD PERIOD 9999 TO 9999


WEATHER ITEM   OBSERVED TIME   NORMAL DEPARTURE LAST
                VALUE   (LST)  VALUE  FROM      YEAR
                                      NORMAL
......................................................
TEMPERATURE (F)
 YESTERDAY
  MAXIMUM         64   1252 AM  58      6       61
  MINIMUM         40   1159 PM  35      5       30
  AVERAGE         52            47      5       46

PRECIPITATION (IN)
  YESTERDAY        0.00          0.16  -0.16      T
  MONTH TO DATE    0.97          2.46  -1.49     0.15
  SINCE SEP 1      3.40          6.22  -2.82     1.21
  SINCE JAN 1     31.69         34.59  -2.90    20.09

DEGREE DAYS
 HEATING
  YESTERDAY       13            18     -5       19
  MONTH TO DATE  129           249   -120      215
  SINCE SEP 1    249           446   -197      356
  SINCE JUL 1    314           501   -187      378

 COOLING
  YESTERDAY        0             0      0        0
  MONTH TO DATE    5             0      5        0
  SINCE SEP 1     86            23     63       44
  SINCE JAN 1    386           344     42      481
......................................................


WIND (MPH)
  HIGHEST WIND SPEED    22   HIGHEST WIND DIRECTION     W (270)
  HIGHEST GUST SPEED    33   HIGHEST GUST DIRECTION     W (280)
  AVERAGE WIND SPEED     6.9


SKY COVER
  AVERAGE SKY COVER 0.8


WEATHER CONDITIONS
 THE FOLLOWING WEATHER WAS RECORDED YESTERDAY.
  NO SIGNIFICANT WEATHER WAS OBSERVED.


RELATIVE HUMIDITY (PERCENT)
 HIGHEST    64           500 AM
 LOWEST     49          1100 PM
 AVERAGE    57

..........................................................


THE SPRINGFIELD VT CLIMATE NORMALS FOR TODAY
                         NORMAL    RECORD    YEAR
 MAXIMUM TEMPERATURE (F)   58        76      2016
 MINIMUM TEMPERATURE (F)   35        22      2009


SUNRISE AND SUNSET
OCTOBER 17 2017.......SUNRISE   707 AM EDT   SUNSET   603 PM EDT
OCTOBER 18 2017.......SUNRISE   708 AM EDT   SUNSET   602 PM EDT


-  INDICATES NEGATIVE NUMBERS.
R  INDICATES RECORD WAS SET OR TIED.
MM INDICATES DATA IS MISSING.
T  INDICATES TRACE AMOUNT.




$$
