000
CDUS41 KBTV 170540
CLIVSF


CLIMATE REPORT
NATIONAL WEATHER SERVICE BURLINGTON VT
137 AM EDT THU AUG 17 2017


...................................

...THE SPRINGFIELD VT CLIMATE SUMMARY FOR AUGUST 16 2017...

CLIMATE NORMAL PERIOD 1981 TO 2010
CLIMATE RECORD PERIOD 9999 TO 9999


WEATHER ITEM   OBSERVED TIME   NORMAL DEPARTURE LAST
                VALUE   (LST)  VALUE  FROM      YEAR
                                      NORMAL
......................................................
TEMPERATURE (F)
 YESTERDAY
  MAXIMUM         77    333 PM  80     -3       75
  MINIMUM         52   1143 PM  55     -3       58
  AVERAGE         65            67     -2       67

PRECIPITATION (IN)
  YESTERDAY        0.00          0.11  -0.11     0.08
  MONTH TO DATE    2.02          2.00   0.02     1.05
  SINCE JUN 1      9.73         10.32  -0.59     6.91
  SINCE JAN 1     27.32         26.59   0.73    17.33

DEGREE DAYS
 HEATING
  YESTERDAY        0             1     -1        0
  MONTH TO DATE    2            16    -14        0
  SINCE JUN 1    119           129    -10       86
  SINCE JUL 1     21            33    -12       14

 COOLING
  YESTERDAY        0             4     -4        2
  MONTH TO DATE   52            64    -12      112
  SINCE JUN 1    263           267     -4      335
  SINCE JAN 1    277           279     -2      376
......................................................


WIND (MPH)
  HIGHEST WIND SPEED    17   HIGHEST WIND DIRECTION     W (270)
  HIGHEST GUST SPEED    23   HIGHEST GUST DIRECTION     W (280)
  AVERAGE WIND SPEED     3.9


SKY COVER
  AVERAGE SKY COVER 0.3


WEATHER CONDITIONS
 THE FOLLOWING WEATHER WAS RECORDED YESTERDAY.
  FOG


RELATIVE HUMIDITY (PERCENT)
 HIGHEST   100           100 AM
 LOWEST     40           300 PM
 AVERAGE    70

..........................................................


THE SPRINGFIELD VT CLIMATE NORMALS FOR TODAY
                         NORMAL    RECORD    YEAR
 MAXIMUM TEMPERATURE (F)   79        90      2009
 MINIMUM TEMPERATURE (F)   55        49      2000


SUNRISE AND SUNSET
AUGUST 17 2017........SUNRISE   558 AM EDT   SUNSET   750 PM EDT
AUGUST 18 2017........SUNRISE   559 AM EDT   SUNSET   748 PM EDT


-  INDICATES NEGATIVE NUMBERS.
R  INDICATES RECORD WAS SET OR TIED.
MM INDICATES DATA IS MISSING.
T  INDICATES TRACE AMOUNT.




$$
