000
CDUS41 KBTV 040559
CLIVSF


CLIMATE REPORT
NATIONAL WEATHER SERVICE BURLINGTON VT
1259 AM EST WED MAR 4 2015


...................................

...THE SPRINGFIELD VT CLIMATE SUMMARY FOR MARCH 3 2015...

CLIMATE NORMAL PERIOD 1981 TO 2010
CLIMATE RECORD PERIOD 9999 TO 9999


WEATHER ITEM   OBSERVED TIME   NORMAL DEPARTURE LAST
                VALUE   (LST)  VALUE  FROM      YEAR
                                      NORMAL
......................................................
TEMPERATURE (F)
 YESTERDAY
  MAXIMUM         27    447 PM  38    -11       19
  MINIMUM          1    649 AM  17    -16        0
  AVERAGE         14            27    -13       10

PRECIPITATION (IN)
  YESTERDAY        0.08          0.06   0.02     0.00
  MONTH TO DATE    0.17          0.20  -0.03      T
  SINCE MAR 1      0.17          0.20  -0.03      T
  SINCE JAN 1      4.32          5.81  -1.49     3.69

DEGREE DAYS
 HEATING
  YESTERDAY       51            38     13       55
  MONTH TO DATE  150           114     36      152
  SINCE MAR 1    150           114     36      152
  SINCE JUL 1   5702          5559    143     5863

 COOLING
  YESTERDAY        0             0      0        0
  MONTH TO DATE    0             0      0        0
  SINCE MAR 1      0             0      0        0
  SINCE JAN 1      0             0      0        0
......................................................


WIND (MPH)
  HIGHEST WIND SPEED    17   HIGHEST WIND DIRECTION     S (160)
  HIGHEST GUST SPEED    24   HIGHEST GUST DIRECTION     S (190)
  AVERAGE WIND SPEED     4.9


SKY COVER
  AVERAGE SKY COVER 0.4


WEATHER CONDITIONS
 THE FOLLOWING WEATHER WAS RECORDED YESTERDAY.
  LIGHT SNOW
  FOG
  HAZE


RELATIVE HUMIDITY (PERCENT)
 HIGHEST    87           700 AM
 LOWEST     32           400 PM
 AVERAGE    60

..........................................................


THE SPRINGFIELD VT CLIMATE NORMALS FOR TODAY
                         NORMAL    RECORD    YEAR
 MAXIMUM TEMPERATURE (F)   38        48      1999
 MINIMUM TEMPERATURE (F)   18       -10      2003


SUNRISE AND SUNSET
MARCH  4 2015.........SUNRISE   622 AM EST   SUNSET   542 PM EST
MARCH  5 2015.........SUNRISE   620 AM EST   SUNSET   544 PM EST


-  INDICATES NEGATIVE NUMBERS.
R  INDICATES RECORD WAS SET OR TIED.
MM INDICATES DATA IS MISSING.
T  INDICATES TRACE AMOUNT.




$$
