000
CDUS41 KBTV 100537
CLIVSF


CLIMATE REPORT
NATIONAL WEATHER SERVICE BURLINGTON VT
1233 AM EST WED FEB 10 2016


...................................

...THE SPRINGFIELD VT CLIMATE SUMMARY FOR FEBRUARY 9 2016...

CLIMATE NORMAL PERIOD 1981 TO 2010
CLIMATE RECORD PERIOD 9999 TO 9999


WEATHER ITEM   OBSERVED TIME   NORMAL DEPARTURE LAST
                VALUE   (LST)  VALUE  FROM      YEAR
                                      NORMAL
......................................................
TEMPERATURE (F)
 YESTERDAY
  MAXIMUM         27    307 PM  32     -5       19
  MINIMUM         17    430 AM  12      5       13
  AVERAGE         22            22      0       16

PRECIPITATION (IN)
  YESTERDAY        T             0.10  -0.10     0.29
  MONTH TO DATE    1.11          0.84   0.27     1.14
  SINCE DEC 1      5.92          7.03  -1.11     8.20
  SINCE JAN 1      2.60          3.76  -1.16     3.67

DEGREE DAYS
 HEATING
  YESTERDAY       43            43      0       49
  MONTH TO DATE  303           398    -95      494
  SINCE DEC 1   2438          3027   -589     3094
  SINCE JUL 1   3851          4670   -819     4497

 COOLING
  YESTERDAY        0             0      0        0
  MONTH TO DATE    0             0      0        0
  SINCE DEC 1      0             0      0        0
  SINCE JAN 1      0             0      0        0
......................................................


WIND (MPH)
  HIGHEST WIND SPEED     8   HIGHEST WIND DIRECTION    NE (60)
  HIGHEST GUST SPEED    10   HIGHEST GUST DIRECTION     S (160)
  AVERAGE WIND SPEED     0.9


SKY COVER
  AVERAGE SKY COVER 1.0


WEATHER CONDITIONS
 THE FOLLOWING WEATHER WAS RECORDED YESTERDAY.
  LIGHT SNOW
  FOG
  HAZE


RELATIVE HUMIDITY (PERCENT)
 HIGHEST    92          1000 PM
 LOWEST     62           200 PM
 AVERAGE    77

..........................................................


THE SPRINGFIELD VT CLIMATE NORMALS FOR TODAY
                         NORMAL    RECORD    YEAR
 MAXIMUM TEMPERATURE (F)   32        45      2012
 MINIMUM TEMPERATURE (F)   12        -9      2013


SUNRISE AND SUNSET
FEBRUARY 10 2016......SUNRISE   656 AM EST   SUNSET   513 PM EST
FEBRUARY 11 2016......SUNRISE   654 AM EST   SUNSET   515 PM EST


-  INDICATES NEGATIVE NUMBERS.
R  INDICATES RECORD WAS SET OR TIED.
MM INDICATES DATA IS MISSING.
T  INDICATES TRACE AMOUNT.




$$
