000
CDUS41 KBTV 230602
CLIVSF


CLIMATE REPORT
NATIONAL WEATHER SERVICE BURLINGTON VT
159 AM EDT SAT JUL 23 2016


...................................

...THE SPRINGFIELD VT CLIMATE SUMMARY FOR JULY 22 2016...

CLIMATE NORMAL PERIOD 1981 TO 2010
CLIMATE RECORD PERIOD 9999 TO 9999


WEATHER ITEM   OBSERVED TIME   NORMAL DEPARTURE LAST
                VALUE   (LST)  VALUE  FROM      YEAR
                                      NORMAL
......................................................
TEMPERATURE (F)
 YESTERDAY
  MAXIMUM         90    513 PM  81      9       78
  MINIMUM         57    426 AM  57      0       57
  AVERAGE         74            69      5       68

PRECIPITATION (IN)
  YESTERDAY        T             0.15  -0.15      T
  MONTH TO DATE    2.58          3.15  -0.57     1.01
  SINCE JUN 1      4.86          7.04  -2.18     6.21
  SINCE JAN 1     15.28         23.31  -8.03    14.71

DEGREE DAYS
 HEATING
  YESTERDAY        0             0      0        0
  MONTH TO DATE   14             9      5       16
  SINCE JUN 1     86           105    -19      123
  SINCE JUL 1     14             9      5       16

 COOLING
  YESTERDAY        9             5      4        3
  MONTH TO DATE  104           103      1       77
  SINCE JUN 1    161           167     -6      120
  SINCE JAN 1    202           179     23      169
......................................................


WIND (MPH)
  HIGHEST WIND SPEED    17   HIGHEST WIND DIRECTION     W (260)
  HIGHEST GUST SPEED    27   HIGHEST GUST DIRECTION     W (290)
  AVERAGE WIND SPEED     5.2


SKY COVER
  AVERAGE SKY COVER 0.1


WEATHER CONDITIONS
 THE FOLLOWING WEATHER WAS RECORDED YESTERDAY.
  NO SIGNIFICANT WEATHER WAS OBSERVED.


RELATIVE HUMIDITY (PERCENT)
 HIGHEST    93           200 AM
 LOWEST     38           600 PM
 AVERAGE    66

..........................................................


THE SPRINGFIELD VT CLIMATE NORMALS FOR TODAY
                         NORMAL    RECORD    YEAR
 MAXIMUM TEMPERATURE (F)   81        94      2011
 MINIMUM TEMPERATURE (F)   57        46      1997


SUNRISE AND SUNSET
JULY 23 2016..........SUNRISE   531 AM EDT   SUNSET   821 PM EDT
JULY 24 2016..........SUNRISE   532 AM EDT   SUNSET   820 PM EDT


-  INDICATES NEGATIVE NUMBERS.
R  INDICATES RECORD WAS SET OR TIED.
MM INDICATES DATA IS MISSING.
T  INDICATES TRACE AMOUNT.




$$
