000
CDUS41 KBTV 020530
CLIVSF


CLIMATE REPORT
NATIONAL WEATHER SERVICE BURLINGTON VT
127 AM EDT MON MAY 2 2016


...................................

...THE SPRINGFIELD VT CLIMATE SUMMARY FOR MAY 1 2016...

CLIMATE NORMAL PERIOD 1981 TO 2010
CLIMATE RECORD PERIOD 9999 TO 9999


WEATHER ITEM   OBSERVED TIME   NORMAL DEPARTURE LAST
                VALUE   (LST)  VALUE  FROM      YEAR
                                      NORMAL
......................................................
TEMPERATURE (F)
 YESTERDAY
  MAXIMUM         48    947 AM  63    -15       59
  MINIMUM         41   1127 PM  38      3       40
  AVERAGE         45            51     -6       50

PRECIPITATION (IN)
  YESTERDAY        0.09          0.10  -0.01      T
  MONTH TO DATE    0.09          0.10  -0.01      T
  SINCE MAR 1      3.20          7.02  -3.82     3.09
  SINCE JAN 1      8.42         12.63  -4.21     7.24

DEGREE DAYS
 HEATING
  YESTERDAY       20            14      6       15
  MONTH TO DATE   20            14      6       15
  SINCE MAR 1   1519          1675   -156     1874
  SINCE JUL 1   6175          7120   -945     7426

 COOLING
  YESTERDAY        0             0      0        0
  MONTH TO DATE    0             0      0        0
  SINCE MAR 1      0             2     -2        0
  SINCE JAN 1      0             2     -2        0
......................................................


WIND (MPH)
  HIGHEST WIND SPEED     7   HIGHEST WIND DIRECTION     S (180)
  HIGHEST GUST SPEED    10   HIGHEST GUST DIRECTION    SE (130)
  AVERAGE WIND SPEED     1.2


SKY COVER
  AVERAGE SKY COVER 0.8


WEATHER CONDITIONS
 THE FOLLOWING WEATHER WAS RECORDED YESTERDAY.
  LIGHT RAIN
  FOG


RELATIVE HUMIDITY (PERCENT)
 HIGHEST    93          1200 PM
 LOWEST     61           900 AM
 AVERAGE    77

..........................................................


THE SPRINGFIELD VT CLIMATE NORMALS FOR TODAY
                         NORMAL    RECORD    YEAR
 MAXIMUM TEMPERATURE (F)   64        89      2001
 MINIMUM TEMPERATURE (F)   39        27      2005


SUNRISE AND SUNSET
MAY  2 2016...........SUNRISE   541 AM EDT   SUNSET   754 PM EDT
MAY  3 2016...........SUNRISE   540 AM EDT   SUNSET   755 PM EDT


-  INDICATES NEGATIVE NUMBERS.
R  INDICATES RECORD WAS SET OR TIED.
MM INDICATES DATA IS MISSING.
T  INDICATES TRACE AMOUNT.




$$
