239
CDUS41 KBTV 250611
CLIVSF


CLIMATE REPORT
NATIONAL WEATHER SERVICE BURLINGTON VT
209 AM EDT SUN JUN 25 2017


...................................

...THE SPRINGFIELD VT CLIMATE SUMMARY FOR JUNE 24 2017...

CLIMATE NORMAL PERIOD 1981 TO 2010
CLIMATE RECORD PERIOD 9999 TO 9999


WEATHER ITEM   OBSERVED TIME   NORMAL DEPARTURE LAST
                VALUE   (LST)  VALUE  FROM      YEAR
                                      NORMAL
......................................................
TEMPERATURE (F)
 YESTERDAY
  MAXIMUM         83    410 PM  79      4       82
  MINIMUM         59   1146 PM  55      4       46
  AVERAGE         71            66      5       64

PRECIPITATION (IN)
  YESTERDAY        0.05          0.12  -0.07     0.00
  MONTH TO DATE    3.85          3.25   0.60     1.55
  SINCE JUN 1      3.85          3.25   0.60     1.55
  SINCE JAN 1     21.44         19.52   1.92    11.97

DEGREE DAYS
 HEATING
  YESTERDAY        0             1     -1        1
  MONTH TO DATE   83            90     -7       72
  SINCE JUN 1     83            90     -7       72
  SINCE JUL 1   6909          7513   -604     6519

 COOLING
  YESTERDAY        6             3      3        0
  MONTH TO DATE   75            44     31       27
  SINCE JUN 1     75            44     31       27
  SINCE JAN 1     89            56     33       68
......................................................


WIND (MPH)
  HIGHEST WIND SPEED    20   HIGHEST WIND DIRECTION     W (280)
  HIGHEST GUST SPEED    28   HIGHEST GUST DIRECTION     W (270)
  AVERAGE WIND SPEED     5.5


SKY COVER
  AVERAGE SKY COVER 0.5


WEATHER CONDITIONS
 THE FOLLOWING WEATHER WAS RECORDED YESTERDAY.
  LIGHT RAIN
  FOG


RELATIVE HUMIDITY (PERCENT)
 HIGHEST    97           500 AM
 LOWEST     31           200 PM
 AVERAGE    64

..........................................................


THE SPRINGFIELD VT CLIMATE NORMALS FOR TODAY
                         NORMAL    RECORD    YEAR
 MAXIMUM TEMPERATURE (F)   79        92      2005
 MINIMUM TEMPERATURE (F)   55        43      2002


SUNRISE AND SUNSET
JUNE 25 2017..........SUNRISE   511 AM EDT   SUNSET   834 PM EDT
JUNE 26 2017..........SUNRISE   511 AM EDT   SUNSET   835 PM EDT


-  INDICATES NEGATIVE NUMBERS.
R  INDICATES RECORD WAS SET OR TIED.
MM INDICATES DATA IS MISSING.
T  INDICATES TRACE AMOUNT.




$$
