000
CDUS41 KBTV 180530
CLIVSF


CLIMATE REPORT
NATIONAL WEATHER SERVICE BURLINGTON VT
1227 AM EST WED JAN 18 2017


...................................

...THE SPRINGFIELD VT CLIMATE SUMMARY FOR JANUARY 17 2017...

CLIMATE NORMAL PERIOD 1981 TO 2010
CLIMATE RECORD PERIOD 9999 TO 9999


WEATHER ITEM   OBSERVED TIME   NORMAL DEPARTURE LAST
                VALUE   (LST)  VALUE  FROM      YEAR
                                      NORMAL
......................................................
TEMPERATURE (F)
 YESTERDAY
  MAXIMUM         38    215 PM  29      9       35
  MINIMUM         11    650 AM   9      2       23
  AVERAGE         25            19      6       29

PRECIPITATION (IN)
  YESTERDAY        0.23          0.09   0.14      T
  MONTH TO DATE    0.91          1.83  -0.92     1.36
  SINCE DEC 1      3.31          5.10  -1.79     4.68
  SINCE JAN 1      0.91          1.83  -0.92     1.36

DEGREE DAYS
 HEATING
  YESTERDAY       40            46     -6       36
  MONTH TO DATE  714           771    -57      680
  SINCE DEC 1   1929          1991    -62     1550
  SINCE JUL 1   3385          3634   -249     2963

 COOLING
  YESTERDAY        0             0      0        0
  MONTH TO DATE    0             0      0        0
  SINCE DEC 1      0             0      0        0
  SINCE JAN 1      0             0      0        0
......................................................


WIND (MPH)
  HIGHEST WIND SPEED     7   HIGHEST WIND DIRECTION     S (190)
  HIGHEST GUST SPEED    12   HIGHEST GUST DIRECTION     S (190)
  AVERAGE WIND SPEED     0.3


SKY COVER
  AVERAGE SKY COVER 0.3


WEATHER CONDITIONS
 THE FOLLOWING WEATHER WAS RECORDED YESTERDAY.
  SNOW
  LIGHT SNOW
  FOG
  HAZE


RELATIVE HUMIDITY (PERCENT)
 HIGHEST    92          1200 AM
 LOWEST     47          1200 PM
 AVERAGE    70

..........................................................


THE SPRINGFIELD VT CLIMATE NORMALS FOR TODAY
                         NORMAL    RECORD    YEAR
 MAXIMUM TEMPERATURE (F)   29        54      2006
 MINIMUM TEMPERATURE (F)    9       -17      2003


SUNRISE AND SUNSET
JANUARY 18 2017.......SUNRISE   718 AM EST   SUNSET   444 PM EST
JANUARY 19 2017.......SUNRISE   717 AM EST   SUNSET   445 PM EST


-  INDICATES NEGATIVE NUMBERS.
R  INDICATES RECORD WAS SET OR TIED.
MM INDICATES DATA IS MISSING.
T  INDICATES TRACE AMOUNT.




$$
