000
CDUS41 KBTV 250542
CLIVSF


CLIMATE REPORT
NATIONAL WEATHER SERVICE BURLINGTON VT
1237 AM EST TUE NOV 25 2014


...................................

...THE SPRINGFIELD VT CLIMATE SUMMARY FOR NOVEMBER 24 2014...

CLIMATE NORMAL PERIOD 1981 TO 2010
CLIMATE RECORD PERIOD 9999 TO 9999


WEATHER ITEM   OBSERVED TIME   NORMAL DEPARTURE LAST
                VALUE   (LST)  VALUE  FROM      YEAR
                                      NORMAL
......................................................
TEMPERATURE (F)
 YESTERDAY
  MAXIMUM         62    353 PM  42     20       24
  MINIMUM         32    226 AM  26      6       14
  AVERAGE         47            34     13       19

PRECIPITATION (IN)
  YESTERDAY        0.49          0.13   0.36     0.01
  MONTH TO DATE    1.90          3.18  -1.28     1.45
  SINCE SEP 1      8.02         11.36  -3.34     6.41
  SINCE JAN 1     35.71         39.73  -4.02    33.89

DEGREE DAYS
 HEATING
  YESTERDAY       18            31    -13       46
  MONTH TO DATE  697           639     58      674
  SINCE SEP 1   1304          1393    -89     1404
  SINCE JUL 1   1353          1448    -95     1449

 COOLING
  YESTERDAY        0             0      0        0
  MONTH TO DATE    0             0      0        0
  SINCE SEP 1     45            24     21       42
  SINCE JAN 1    282           345    -63      495
......................................................


WIND (MPH)
  HIGHEST WIND SPEED    14   HIGHEST WIND DIRECTION     S (180)
  HIGHEST GUST SPEED    20   HIGHEST GUST DIRECTION     S (180)
  AVERAGE WIND SPEED     2.1


SKY COVER
  AVERAGE SKY COVER 0.6


WEATHER CONDITIONS
 THE FOLLOWING WEATHER WAS RECORDED YESTERDAY.
  RAIN
  LIGHT RAIN
  FOG


RELATIVE HUMIDITY (PERCENT)
 HIGHEST   100           300 AM
 LOWEST     84           300 PM
 AVERAGE    92

..........................................................


THE SPRINGFIELD VT CLIMATE NORMALS FOR TODAY
                         NORMAL    RECORD    YEAR
 MAXIMUM TEMPERATURE (F)   42        MM        MM
 MINIMUM TEMPERATURE (F)   26        MM        MM


SUNRISE AND SUNSET
NOVEMBER 25 2014......SUNRISE   656 AM EST   SUNSET   418 PM EST
NOVEMBER 26 2014......SUNRISE   657 AM EST   SUNSET   418 PM EST


-  INDICATES NEGATIVE NUMBERS.
R  INDICATES RECORD WAS SET OR TIED.
MM INDICATES DATA IS MISSING.
T  INDICATES TRACE AMOUNT.




$$
