000
CDUS41 KBTV 300554
CLIVSF


CLIMATE REPORT
NATIONAL WEATHER SERVICE BURLINGTON VT
152 AM EDT THU OCT 30 2014


...................................

...THE SPRINGFIELD VT CLIMATE SUMMARY FOR OCTOBER 29 2014...

CLIMATE NORMAL PERIOD 1981 TO 2010
CLIMATE RECORD PERIOD 9999 TO 9999


WEATHER ITEM   OBSERVED TIME   NORMAL DEPARTURE LAST
                VALUE   (LST)  VALUE  FROM      YEAR
                                      NORMAL
......................................................
TEMPERATURE (F)
 YESTERDAY
  MAXIMUM         57    139 PM  54      3       46
  MINIMUM         36   1159 PM  32      4       19
  AVERAGE         47            43      4       33

PRECIPITATION (IN)
  YESTERDAY        0.06          0.11  -0.05     0.00
  MONTH TO DATE    4.97          4.23   0.74     1.69
  SINCE SEP 1      6.12          7.99  -1.87     4.67
  SINCE JAN 1     33.81         36.36  -2.55    32.15

DEGREE DAYS
 HEATING
  YESTERDAY       18            22     -4       32
  MONTH TO DATE  398           513   -115      454
  SINCE SEP 1    565           710   -145      680
  SINCE JUL 1    614           765   -151      725

 COOLING
  YESTERDAY        0             0      0        0
  MONTH TO DATE    5             0      5        0
  SINCE SEP 1     45            23     22       42
  SINCE JAN 1    282           344    -62      495
......................................................


WIND (MPH)
  HIGHEST WIND SPEED    10   HIGHEST WIND DIRECTION     W (260)
  HIGHEST GUST SPEED    15   HIGHEST GUST DIRECTION     W (250)
  AVERAGE WIND SPEED     1.2


SKY COVER
  AVERAGE SKY COVER 0.8


WEATHER CONDITIONS
 THE FOLLOWING WEATHER WAS RECORDED YESTERDAY.
  LIGHT RAIN
  FOG
  HAZE


RELATIVE HUMIDITY (PERCENT)
 HIGHEST   100          1200 AM
 LOWEST     66           200 PM
 AVERAGE    83

..........................................................


THE SPRINGFIELD VT CLIMATE NORMALS FOR TODAY
                         NORMAL    RECORD    YEAR
 MAXIMUM TEMPERATURE (F)   53        MM        MM
 MINIMUM TEMPERATURE (F)   32        MM        MM


SUNRISE AND SUNSET
OCTOBER 30 2014.......SUNRISE   723 AM EDT   SUNSET   544 PM EDT
OCTOBER 31 2014.......SUNRISE   724 AM EDT   SUNSET   543 PM EDT


-  INDICATES NEGATIVE NUMBERS.
R  INDICATES RECORD WAS SET OR TIED.
MM INDICATES DATA IS MISSING.
T  INDICATES TRACE AMOUNT.




$$
