000
CDUS41 KBTV 250541
CLIVSF


CLIMATE REPORT
NATIONAL WEATHER SERVICE BURLINGTON VT
1240 AM EST SUN FEB 25 2018


...................................

...THE SPRINGFIELD VT CLIMATE SUMMARY FOR FEBRUARY 24 2018...

CLIMATE NORMAL PERIOD 1981 TO 2010
CLIMATE RECORD PERIOD 9999 TO 9999


WEATHER ITEM   OBSERVED TIME   NORMAL DEPARTURE LAST
                VALUE   (LST)  VALUE  FROM      YEAR
                                      NORMAL
......................................................
TEMPERATURE (F)
 YESTERDAY
  MAXIMUM         47    216 PM  36     11       58
  MINIMUM         27   1159 PM  15     12       30
  AVERAGE         37            25     12       44

PRECIPITATION (IN)
  YESTERDAY        0.00          0.09  -0.09     0.01
  MONTH TO DATE    2.23          2.35  -0.12     0.73
  SINCE DEC 1      8.65          8.54   0.11     5.55
  SINCE JAN 1      5.24          5.27  -0.03     3.15

DEGREE DAYS
 HEATING
  YESTERDAY       28            40    -12       21
  MONTH TO DATE  920          1019    -99      912
  SINCE DEC 1   3706          3648     58     3313
  SINCE JUL 1   5098          5291   -193     4769

 COOLING
  YESTERDAY        0             0      0        0
  MONTH TO DATE    0             0      0        0
  SINCE DEC 1      0             0      0        0
  SINCE JAN 1      0             0      0        0
......................................................


WIND (MPH)
  HIGHEST WIND SPEED    17   HIGHEST WIND DIRECTION     W (290)
  HIGHEST GUST SPEED    25   HIGHEST GUST DIRECTION     W (290)
  AVERAGE WIND SPEED     3.5


SKY COVER
  AVERAGE SKY COVER 0.6


WEATHER CONDITIONS
 THE FOLLOWING WEATHER WAS RECORDED YESTERDAY.
  FOG


RELATIVE HUMIDITY (PERCENT)
 HIGHEST   100          1200 AM
 LOWEST     49           200 PM
 AVERAGE    75

..........................................................


THE SPRINGFIELD VT CLIMATE NORMALS FOR TODAY
                         NORMAL    RECORD    YEAR
 MAXIMUM TEMPERATURE (F)   36        61      2017
 MINIMUM TEMPERATURE (F)   16        -3      2003


SUNRISE AND SUNSET
FEBRUARY 25 2018......SUNRISE   633 AM EST   SUNSET   534 PM EST
FEBRUARY 26 2018......SUNRISE   631 AM EST   SUNSET   535 PM EST


-  INDICATES NEGATIVE NUMBERS.
R  INDICATES RECORD WAS SET OR TIED.
MM INDICATES DATA IS MISSING.
T  INDICATES TRACE AMOUNT.




$$
