000
CDUS43 KLBF 280928
CLIVTN


CLIMATE REPORT
NATIONAL WEATHER SERVICE NORTH PLATTE
428 AM CDT SUN AUG 28 2016


...................................

...THE VALENTINE NE CLIMATE SUMMARY FOR AUGUST 27 2016...

CLIMATE NORMAL PERIOD 1981 TO 2010
CLIMATE RECORD PERIOD 1885 TO 2016


WEATHER ITEM   OBSERVED TIME   RECORD YEAR NORMAL DEPARTURE LAST
                VALUE   (LST)  VALUE       VALUE  FROM      YEAR
                                                  NORMAL
..................................................................
TEMPERATURE (F)
 YESTERDAY
  MAXIMUM         86    512 PM 104    1962  85      1       79
  MINIMUM         52    123 AM  37    1992  56     -4       67
  AVERAGE         69                        71     -2       73

PRECIPITATION (IN)
  YESTERDAY        0.00          1.00 1941   0.05  -0.05      T
                                      1939
  MONTH TO DATE    0.83                      1.98  -1.15     1.89
  SINCE JUN 1      8.10                      8.75  -0.65     8.56
  SINCE JAN 1     21.42                     15.91   5.51    17.95

SNOWFALL (IN)
  YESTERDAY        0.0           0.0    MM   0.0    0.0      0.0
  MONTH TO DATE    0.0                       0.0    0.0      0.0
  SINCE JUN 1      0.0                       0.0    0.0      0.0
  SINCE JUL 1      0.0                       0.0    0.0      0.0
  SNOW DEPTH       0

DEGREE DAYS
 HEATING
  YESTERDAY        0                         1     -1        0
  MONTH TO DATE   23                         8     15       29
  SINCE JUN 1     39                        77    -38       39
  SINCE JUL 1     28                        16     12       31

 COOLING
  YESTERDAY        4                         7     -3        8
  MONTH TO DATE  208                       235    -27      202
  SINCE JUN 1    739                       676     63      614
  SINCE JAN 1    757                       710     47      620
..................................................................


WIND (MPH)
  HIGHEST WIND SPEED    20   HIGHEST WIND DIRECTION    SW (210)
  HIGHEST GUST SPEED    26   HIGHEST GUST DIRECTION     S (180)
  AVERAGE WIND SPEED     9.6


SKY COVER
  POSSIBLE SUNSHINE  MM
  AVERAGE SKY COVER 0.2


WEATHER CONDITIONS
 THE FOLLOWING WEATHER WAS RECORDED YESTERDAY.
  FOG
  FOG W/VISIBILITY <= 1/4 MILE


RELATIVE HUMIDITY (PERCENT)
 HIGHEST   100           400 AM
 LOWEST     32           600 PM
 AVERAGE    66

..........................................................


THE VALENTINE NE CLIMATE NORMALS FOR TODAY
                         NORMAL    RECORD    YEAR
 MAXIMUM TEMPERATURE (F)   85       106      2012
 MINIMUM TEMPERATURE (F)   56        34      1988


SUNRISE AND SUNSET
AUGUST 28 2016........SUNRISE   703 AM CDT   SUNSET   823 PM CDT
AUGUST 29 2016........SUNRISE   704 AM CDT   SUNSET   821 PM CDT


-  INDICATES NEGATIVE NUMBERS.
R  INDICATES RECORD WAS SET OR TIED.
MM INDICATES DATA IS MISSING.
T  INDICATES TRACE AMOUNT.




$$
