000
CDUS43 KLBF 250934
CLIVTN


CLIMATE REPORT
NATIONAL WEATHER SERVICE NORTH PLATTE
432 AM CDT SUN SEP 25 2016


...................................

...THE VALENTINE NE CLIMATE SUMMARY FOR SEPTEMBER 24 2016...

CLIMATE NORMAL PERIOD 1981 TO 2010
CLIMATE RECORD PERIOD 1885 TO 2016


WEATHER ITEM   OBSERVED TIME   RECORD YEAR NORMAL DEPARTURE LAST
                VALUE   (LST)  VALUE       VALUE  FROM      YEAR
                                                  NORMAL
..................................................................
TEMPERATURE (F)
 YESTERDAY
  MAXIMUM         76    414 PM  92    1990  73      3       69
  MINIMUM         53   1159 PM  21    1926  43     10       60
  AVERAGE         65                        58      7       65

PRECIPITATION (IN)
  YESTERDAY        T             1.33 2005   0.06  -0.06      T
  MONTH TO DATE    1.52                      1.31   0.21     4.61
  SINCE SEP 1      1.52                      1.31   0.21     4.61
  SINCE JAN 1     23.45                     17.42   6.03    22.56

SNOWFALL (IN)
  YESTERDAY        0.0           T    1984   0.0    0.0      0.0
                                      1912
  MONTH TO DATE    0.0                       0.4   -0.4      0.0
  SINCE SEP 1      0.0                       0.4   -0.4      0.0
  SINCE JUL 1      0.0                       0.4   -0.4      0.0
  SNOW DEPTH       0

DEGREE DAYS
 HEATING
  YESTERDAY        0                         8     -8        0
  MONTH TO DATE   56                       105    -49       41
  SINCE SEP 1     56                       105    -49       41
  SINCE JUL 1     84                       130    -46       72

 COOLING
  YESTERDAY        0                         1     -1        0
  MONTH TO DATE   67                        76     -9      126
  SINCE SEP 1     67                        76     -9      126
  SINCE JAN 1    864                       812     52      786
..................................................................


WIND (MPH)
  HIGHEST WIND SPEED    26   HIGHEST WIND DIRECTION     W (270)
  HIGHEST GUST SPEED    35   HIGHEST GUST DIRECTION    SW (230)
  AVERAGE WIND SPEED    14.6


SKY COVER
  POSSIBLE SUNSHINE  MM
  AVERAGE SKY COVER 0.2


WEATHER CONDITIONS
 THE FOLLOWING WEATHER WAS RECORDED YESTERDAY.
  LIGHT RAIN


RELATIVE HUMIDITY (PERCENT)
 HIGHEST    80           100 AM
 LOWEST     21           300 PM
 AVERAGE    51

..........................................................


THE VALENTINE NE CLIMATE NORMALS FOR TODAY
                         NORMAL    RECORD    YEAR
 MAXIMUM TEMPERATURE (F)   73        94      1967
 MINIMUM TEMPERATURE (F)   43        12      1926


SUNRISE AND SUNSET
SEPTEMBER 25 2016.....SUNRISE   733 AM CDT   SUNSET   733 PM CDT
SEPTEMBER 26 2016.....SUNRISE   734 AM CDT   SUNSET   731 PM CDT


-  INDICATES NEGATIVE NUMBERS.
R  INDICATES RECORD WAS SET OR TIED.
MM INDICATES DATA IS MISSING.
T  INDICATES TRACE AMOUNT.

$$
