000
CDUS43 KLBF 282230
CLIVTN

CLIMATE REPORT
NATIONAL WEATHER SERVICE NORTH PLATTE
528 PM CDT THU MAY 28 2015


...................................

...THE VALENTINE NE CLIMATE SUMMARY FOR MAY 28 2015...
VALID TODAY AS OF 0500 PM LOCAL TIME.

CLIMATE NORMAL PERIOD 1981 TO 2010
CLIMATE RECORD PERIOD 1885 TO 2015


WEATHER ITEM   OBSERVED TIME   RECORD YEAR NORMAL DEPARTURE LAST
                VALUE   (LST)  VALUE       VALUE  FROM      YEAR
                                                  NORMAL
..................................................................
TEMPERATURE (F)
 TODAY
  MAXIMUM         77   1238 PM  99    1934  74      3       91
  MINIMUM         55    451 AM  29    1947  48      7       53
  AVERAGE         66                        61      5       72

PRECIPITATION (IN)
  TODAY            0.01          2.19 1978   0.11  -0.10     0.00
  MONTH TO DATE    7.08                      2.77   4.31     1.90
  SINCE MAR 1      8.73                      6.06   2.67     5.44
  SINCE JAN 1      9.35                      6.80   2.55     6.10

SNOWFALL (IN)
  TODAY            0.0           4.0  1947   0.0    0.0      0.0
  MONTH TO DATE    0.0                       0.1   -0.1      1.0
  SINCE MAR 1      0.8                      11.2  -10.4      9.3
  SINCE JUL 1     22.5                      33.3  -10.8     35.8
  SNOW DEPTH       0

DEGREE DAYS
 HEATING
  TODAY            0                         5     -5        0
  MONTH TO DATE  277                       247     30      271
  SINCE MAR 1   1412                      1694   -282     1766
  SINCE JUL 1   6538                      6930   -392     7244

 COOLING
  TODAY            1                         1      0        7
  MONTH TO DATE    4                        25    -21       32
  SINCE MAR 1      6                        29    -23       32
  SINCE JAN 1      6                        29    -23       32
..................................................................


WIND (MPH)
  HIGHEST WIND SPEED    28   HIGHEST WIND DIRECTION     S (170)
  HIGHEST GUST SPEED    33   HIGHEST GUST DIRECTION     S (170)
  AVERAGE WIND SPEED     9.9


SKY COVER
  POSSIBLE SUNSHINE  MM
  AVERAGE SKY COVER 0.2


WEATHER CONDITIONS
 THE FOLLOWING WEATHER WAS RECORDED TODAY.
  THUNDERSTORM
  LIGHT RAIN


RELATIVE HUMIDITY (PERCENT)
 HIGHEST    93           300 AM
 LOWEST     53          1100 AM
 AVERAGE    73

..........................................................


THE VALENTINE NE CLIMATE NORMALS FOR TOMORROW
                         NORMAL    RECORD    YEAR
 MAXIMUM TEMPERATURE (F)   75       102      1934
 MINIMUM TEMPERATURE (F)   49        26      1947


SUNRISE AND SUNSET
MAY 28 2015...........SUNRISE   609 AM CDT   SUNSET   911 PM CDT
MAY 29 2015...........SUNRISE   608 AM CDT   SUNSET   912 PM CDT


-  INDICATES NEGATIVE NUMBERS.
R  INDICATES RECORD WAS SET OR TIED.
MM INDICATES DATA IS MISSING.
T  INDICATES TRACE AMOUNT.

$$
