000
CDUS43 KLBF 041032
CLIVTN

CLIMATE REPORT
NATIONAL WEATHER SERVICE NORTH PLATTE
431 AM CST WED MAR 4 2015


...................................

...THE VALENTINE NE CLIMATE SUMMARY FOR MARCH 3 2015...

CLIMATE NORMAL PERIOD 1981 TO 2010
CLIMATE RECORD PERIOD 1885 TO 2015


WEATHER ITEM   OBSERVED TIME   RECORD YEAR NORMAL DEPARTURE LAST
                VALUE   (LST)  VALUE       VALUE  FROM      YEAR
                                                  NORMAL
..................................................................
TEMPERATURE (F)
 YESTERDAY
  MAXIMUM         32   1205 AM  74    1992  45    -13       36
  MINIMUM          9   1159 PM -22    1960  19    -10       -9
  AVERAGE         21                        32    -11       14

PRECIPITATION (IN)
  YESTERDAY        0.02          0.56 1924   0.02   0.00     0.00
  MONTH TO DATE    0.03                      0.07  -0.04     0.31
  SINCE MAR 1      0.03                      0.07  -0.04     0.31
  SINCE JAN 1      0.65                      0.81  -0.16     0.97

SNOWFALL (IN)
  YESTERDAY        0.5           6.1  1989   0.3    0.2      0.0
  MONTH TO DATE    0.5                       0.7   -0.2      3.5
  SINCE MAR 1      0.5                       0.7   -0.2      3.5
  SINCE JUL 1     22.2                      22.8   -0.6     30.0
  SNOW DEPTH       T

DEGREE DAYS
 HEATING
  YESTERDAY       44                        33     11       51
  MONTH TO DATE  121                       100     21      189
  SINCE MAR 1    121                       100     21      189
  SINCE JUL 1   5247                      5336    -89     5667

 COOLING
  YESTERDAY        0                         0      0        0
  MONTH TO DATE    0                         0      0        0
  SINCE MAR 1      0                         0      0        0
  SINCE JAN 1      0                         0      0        0
..................................................................


WIND (MPH)
  HIGHEST WIND SPEED    35   HIGHEST WIND DIRECTION     N (340)
  HIGHEST GUST SPEED    48   HIGHEST GUST DIRECTION     N (360)
  AVERAGE WIND SPEED    15.0


SKY COVER
  POSSIBLE SUNSHINE  MM
  AVERAGE SKY COVER 0.8


WEATHER CONDITIONS
 THE FOLLOWING WEATHER WAS RECORDED YESTERDAY.
  LIGHT SNOW
  FOG
  HAZE


RELATIVE HUMIDITY (PERCENT)
 HIGHEST    85           500 AM
 LOWEST     49           500 PM
 AVERAGE    67

..........................................................


THE VALENTINE NE CLIMATE NORMALS FOR TODAY
                         NORMAL    RECORD    YEAR
 MAXIMUM TEMPERATURE (F)   45        76      2009
 MINIMUM TEMPERATURE (F)   19       -27      1960


SUNRISE AND SUNSET
MARCH  4 2015.........SUNRISE   713 AM CST   SUNSET   635 PM CST
MARCH  5 2015.........SUNRISE   712 AM CST   SUNSET   636 PM CST


-  INDICATES NEGATIVE NUMBERS.
R  INDICATES RECORD WAS SET OR TIED.
MM INDICATES DATA IS MISSING.
T  INDICATES TRACE AMOUNT.

$$
