000
CDUS43 KLBF 260842
CLIVTN


CLIMATE REPORT
NATIONAL WEATHER SERVICE NORTH PLATTE
339 AM CDT SUN MAR 26 2017


...................................

...THE VALENTINE NE CLIMATE SUMMARY FOR MARCH 25 2017...

CLIMATE NORMAL PERIOD 1981 TO 2010
CLIMATE RECORD PERIOD 1885 TO 2017


WEATHER ITEM   OBSERVED TIME   RECORD YEAR NORMAL DEPARTURE LAST
                VALUE   (LST)  VALUE       VALUE  FROM      YEAR
                                                  NORMAL
..................................................................
TEMPERATURE (F)
 YESTERDAY
  MAXIMUM         63    455 PM  85    1993  52     11       54
  MINIMUM         20    507 AM -11    1965  26     -6       31
  AVERAGE         42                        39      3       43

PRECIPITATION (IN)
  YESTERDAY        0.00          0.72 1928   0.05  -0.05     0.05
  MONTH TO DATE    0.68                      0.80  -0.12     0.52
  SINCE MAR 1      0.68                      0.80  -0.12     0.52
  SINCE JAN 1      2.75                      1.54   1.21     1.20

SNOWFALL (IN)
  YESTERDAY        0.0           5.3  1942   0.2   -0.2      0.0
  MONTH TO DATE    3.5                       5.4   -1.9      5.5
  SINCE MAR 1      3.5                       5.4   -1.9      5.5
  SINCE JUL 1     45.3                      27.5   17.8     36.7
  SNOW DEPTH       0

DEGREE DAYS
 HEATING
  YESTERDAY       23                        26     -3       22
  MONTH TO DATE  636                       743   -107      562
  SINCE MAR 1    636                       743   -107      562
  SINCE JUL 1   5395                      5979   -584     5248

 COOLING
  YESTERDAY        0                         0      0        0
  MONTH TO DATE    0                         0      0        0
  SINCE MAR 1      0                         0      0        0
  SINCE JAN 1      0                         0      0        0
..................................................................


WIND (MPH)
  HIGHEST WIND SPEED    16   HIGHEST WIND DIRECTION    SE (140)
  HIGHEST GUST SPEED    21   HIGHEST GUST DIRECTION    SE (140)
  AVERAGE WIND SPEED     6.5


SKY COVER
  POSSIBLE SUNSHINE  MM
  AVERAGE SKY COVER 0.2


WEATHER CONDITIONS
 THE FOLLOWING WEATHER WAS RECORDED YESTERDAY.
  FOG
  FOG W/VISIBILITY <= 1/4 MILE


RELATIVE HUMIDITY (PERCENT)
 HIGHEST    92           800 AM
 LOWEST     16           300 PM
 AVERAGE    54

..........................................................


THE VALENTINE NE CLIMATE NORMALS FOR TODAY
                         NORMAL    RECORD    YEAR
 MAXIMUM TEMPERATURE (F)   53        87      2012
 MINIMUM TEMPERATURE (F)   26        -6      1996


SUNRISE AND SUNSET
MARCH 26 2017.........SUNRISE   734 AM CDT   SUNSET   802 PM CDT
MARCH 27 2017.........SUNRISE   733 AM CDT   SUNSET   803 PM CDT


-  INDICATES NEGATIVE NUMBERS.
R  INDICATES RECORD WAS SET OR TIED.
MM INDICATES DATA IS MISSING.
T  INDICATES TRACE AMOUNT.




$$
