000
CDUS43 KLBF 022235
CLIVTN

CLIMATE REPORT
NATIONAL WEATHER SERVICE NORTH PLATTE
533 PM CDT SUN AUG 2 2015


...................................

...THE VALENTINE NE CLIMATE SUMMARY FOR AUGUST 2 2015...
VALID TODAY AS OF 0500 PM LOCAL TIME.

CLIMATE NORMAL PERIOD 1981 TO 2010
CLIMATE RECORD PERIOD 1885 TO 2015


WEATHER ITEM   OBSERVED TIME   RECORD YEAR NORMAL DEPARTURE LAST
                VALUE   (LST)  VALUE       VALUE  FROM      YEAR
                                                  NORMAL
..................................................................
TEMPERATURE (F)
 TODAY
  MAXIMUM         90    426 PM 108    1938  89      1       91
  MINIMUM         59    601 AM  47    1907  61     -2       64
  AVERAGE         75                        75      0       78

PRECIPITATION (IN)
  TODAY            0.00          2.42 1903   0.09  -0.09      T
  MONTH TO DATE    0.56                      0.19   0.37     0.29
  SINCE JUN 1      7.23                      6.96   0.27     9.50
  SINCE JAN 1     16.62                     14.12   2.50    16.71

SNOWFALL (IN)
  TODAY            0.0           0.0    MM   0.0    0.0      0.0
  MONTH TO DATE    0.0                       0.0    0.0      0.0
  SINCE JUN 1      0.0                       0.0    0.0      0.0
  SINCE JUL 1      0.0                       0.0    0.0      0.0
  SNOW DEPTH       0

DEGREE DAYS
 HEATING
  TODAY            0                         0      0        0
  MONTH TO DATE    0                         0      0        0
  SINCE JUN 1     10                        69    -59       73
  SINCE JUL 1      2                         8     -6       19

 COOLING
  TODAY           10                        10      0       13
  MONTH TO DATE   18                        20     -2       22
  SINCE JUN 1    430                       461    -31      363
  SINCE JAN 1    436                       495    -59      424
..................................................................


WIND (MPH)
  HIGHEST WIND SPEED    18   HIGHEST WIND DIRECTION    NE (40)
  HIGHEST GUST SPEED    23   HIGHEST GUST DIRECTION    NE (40)
  AVERAGE WIND SPEED    MM


SKY COVER
  POSSIBLE SUNSHINE  MM
  AVERAGE SKY COVER  MM


WEATHER CONDITIONS
 THE FOLLOWING WEATHER WAS RECORDED TODAY.
  NO SIGNIFICANT WEATHER WAS OBSERVED.


RELATIVE HUMIDITY (PERCENT)
 HIGHEST    MM
 LOWEST     MM
 AVERAGE    MM

..........................................................


THE VALENTINE NE CLIMATE NORMALS FOR TOMORROW
                         NORMAL    RECORD    YEAR
 MAXIMUM TEMPERATURE (F)   89       105      1980
                                             1955
 MINIMUM TEMPERATURE (F)   61        44      1978


SUNRISE AND SUNSET
AUGUST  2 2015........SUNRISE   634 AM CDT   SUNSET   902 PM CDT
AUGUST  3 2015........SUNRISE   635 AM CDT   SUNSET   901 PM CDT


-  INDICATES NEGATIVE NUMBERS.
R  INDICATES RECORD WAS SET OR TIED.
MM INDICATES DATA IS MISSING.
T  INDICATES TRACE AMOUNT.

$$
