000
CDUS46 KPQR 221144
CLIVUO


CLIMATE REPORT
NATIONAL WEATHER SERVICE PORTLAND OREGON
443 AM PDT THU JUN 22 2017


...................................

...THE VANCOUVER WA CLIMATE SUMMARY FOR JUNE 21 2017...

CLIMATE NORMAL PERIOD 1981 TO 2010
CLIMATE RECORD PERIOD 1891 TO 2017


WEATHER ITEM   OBSERVED TIME   RECORD YEAR NORMAL DEPARTURE LAST
                VALUE   (LST)  VALUE       VALUE  FROM      YEAR
                                                  NORMAL
..................................................................
TEMPERATURE (F)
 YESTERDAY
  MAXIMUM         75    504 PM  94    1990  74      1       74
  MINIMUM         51    348 AM  39    1899  54     -3       56
  AVERAGE         63                        64     -1       65

PRECIPITATION (IN)
  YESTERDAY        0.00                      0.05  -0.05     0.00
  MONTH TO DATE    1.24                      1.40  -0.16     0.75
  SINCE OCT 1     48.88                     35.73  13.15    44.10
  SINCE JAN 1     29.02                     19.98   9.04    20.25

DEGREE DAYS
 HEATING
  YESTERDAY        2                                         0
  MONTH TO DATE   69                                        75
  SINCE JUL 1   4499                                      3811

 COOLING
  YESTERDAY        0                                         0
  MONTH TO DATE   21                                        60
  SINCE JAN 1     61                                        84
..................................................................


WIND (MPH)
  HIGHEST WIND SPEED    15   HIGHEST WIND DIRECTION    NW (300)
  HIGHEST GUST SPEED    22   HIGHEST GUST DIRECTION    NW (310)
  AVERAGE WIND SPEED     7.5


SKY COVER
  POSSIBLE SUNSHINE  MM
  AVERAGE SKY COVER 0.1


WEATHER CONDITIONS
 THE FOLLOWING WEATHER WAS RECORDED YESTERDAY.
  NO SIGNIFICANT WEATHER WAS OBSERVED.


RELATIVE HUMIDITY (PERCENT)
 HIGHEST    77           200 AM
 LOWEST     38           200 PM
 AVERAGE    58

..........................................................




SUNRISE AND SUNSET
JUNE 22 2017..........SUNRISE   522 AM PDT   SUNSET   904 PM PDT
JUNE 23 2017..........SUNRISE   522 AM PDT   SUNSET   904 PM PDT


-  INDICATES NEGATIVE NUMBERS.
R  INDICATES RECORD WAS SET OR TIED.
MM INDICATES DATA IS MISSING.
T  INDICATES TRACE AMOUNT.




$$
