000
CDUS46 KPQR 011141
CLIVUO


CLIMATE REPORT
NATIONAL WEATHER SERVICE PORTLAND OREGON
340 AM PST SUN FEB 1 2015


...................................

...THE VANCOUVER WA CLIMATE SUMMARY FOR JANUARY 31 2015...

CLIMATE NORMAL PERIOD 1981 TO 2010
CLIMATE RECORD PERIOD 1891 TO 2015


WEATHER ITEM   OBSERVED TIME   RECORD YEAR NORMAL DEPARTURE LAST
                VALUE   (LST)  VALUE       VALUE  FROM      YEAR
                                                  NORMAL
..................................................................
TEMPERATURE (F)
 YESTERDAY
  MAXIMUM         47    445 PM  62    1940  49     -2       49
  MINIMUM         29    415 AM  -5    1950  36     -7       40
  AVERAGE         38                        42     -4       45

PRECIPITATION (IN)
  YESTERDAY        0.00                      0.15  -0.15     0.02
  MONTH TO DATE    3.35                      5.50  -2.15     2.54
  SINCE OCT 1     18.24                     21.25  -3.01     8.01
  SINCE JAN 1      3.35                      5.50  -2.15     2.54

DEGREE DAYS
 HEATING
  YESTERDAY       27                                        20
  MONTH TO DATE  706                                       751
  SINCE JUL 1   2179                                      2749

 COOLING
  YESTERDAY        0                                         0
  MONTH TO DATE    0                                         0
  SINCE JAN 1      0                                         0
..................................................................


WIND (MPH)
  HIGHEST WIND SPEED     9   HIGHEST WIND DIRECTION     W (280)
  HIGHEST GUST SPEED    12   HIGHEST GUST DIRECTION     W (280)
  AVERAGE WIND SPEED     1.9


SKY COVER
  POSSIBLE SUNSHINE  MM
  AVERAGE SKY COVER 0.3


WEATHER CONDITIONS
 THE FOLLOWING WEATHER WAS RECORDED YESTERDAY.
  FOG
  FOG W/VISIBILITY <= 1/4 MILE


RELATIVE HUMIDITY (PERCENT)
 HIGHEST   100           400 AM
 LOWEST     65           400 PM
 AVERAGE    83

..........................................................




SUNRISE AND SUNSET
FEBRUARY  1 2015......SUNRISE   732 AM PST   SUNSET   517 PM PST
FEBRUARY  2 2015......SUNRISE   731 AM PST   SUNSET   518 PM PST


-  INDICATES NEGATIVE NUMBERS.
R  INDICATES RECORD WAS SET OR TIED.
MM INDICATES DATA IS MISSING.
T  INDICATES TRACE AMOUNT.




$$
