000
CDUS46 KPQR 250222
CLIVUO


CLIMATE REPORT
NATIONAL WEATHER SERVICE PORTLAND OREGON
622 PM PST WED DEC 24 2014


...................................

...THE VANCOUVER WA CLIMATE SUMMARY FOR DECEMBER 24 2014...
VALID TODAY AS OF 0600 PM LOCAL TIME.

CLIMATE NORMAL PERIOD 1981 TO 2010
CLIMATE RECORD PERIOD 1891 TO 2014


WEATHER ITEM   OBSERVED TIME   RECORD YEAR NORMAL DEPARTURE LAST
                VALUE   (LST)  VALUE       VALUE  FROM      YEAR
                                                  NORMAL
..................................................................
TEMPERATURE (F)
 TODAY
  MAXIMUM         47    252 PM  58    1922  46      1       39
  MINIMUM         41    920 AM  11    1924  34      7       30
  AVERAGE         44                        40      4       35

PRECIPITATION (IN)
  TODAY            0.56                      0.24   0.32     0.00
  MONTH TO DATE    5.42                      5.21   0.21     1.51
  SINCE OCT 1     14.37                     14.19   0.18     5.46
  SINCE JAN 1     37.81                     37.58   0.23    26.53

DEGREE DAYS
 HEATING
  TODAY           21                                        30
  MONTH TO DATE  479                                       716
  SINCE DEC 1    479                                       716
  SINCE JUL 1   1287                                      1817

 COOLING
  TODAY            0                                         0
  MONTH TO DATE    0                                         0
  SINCE DEC 1      0                                         0
  SINCE JAN 1    531                                       450
..................................................................


WIND (MPH)
  HIGHEST WIND SPEED    12   HIGHEST WIND DIRECTION    NW (300)
  HIGHEST GUST SPEED    16   HIGHEST GUST DIRECTION    NW (300)
  AVERAGE WIND SPEED     4.6


SKY COVER
  POSSIBLE SUNSHINE  MM
  AVERAGE SKY COVER 0.9


WEATHER CONDITIONS
 THE FOLLOWING WEATHER WAS RECORDED TODAY.
  RAIN
  LIGHT RAIN
  FOG


RELATIVE HUMIDITY (PERCENT)
 HIGHEST    96           300 AM
 LOWEST     71           200 PM
 AVERAGE    84

..........................................................


THE VANCOUVER WA CLIMATE NORMALS FOR TOMORROW
                         NORMAL    RECORD    YEAR
 MAXIMUM TEMPERATURE (F)   46        61      2005
 MINIMUM TEMPERATURE (F)   34         8      1924


SUNRISE AND SUNSET
DECEMBER 24 2014......SUNRISE   749 AM PST   SUNSET   431 PM PST
DECEMBER 25 2014......SUNRISE   750 AM PST   SUNSET   432 PM PST


-  INDICATES NEGATIVE NUMBERS.
R  INDICATES RECORD WAS SET OR TIED.
MM INDICATES DATA IS MISSING.
T  INDICATES TRACE AMOUNT.




$$
