000
CDUS46 KPQR 291157
CLIVUO


CLIMATE REPORT
NATIONAL WEATHER SERVICE PORTLAND OREGON
457 AM PDT WED JUL 29 2015


...................................

...THE VANCOUVER WA CLIMATE SUMMARY FOR JULY 28 2015...

CLIMATE NORMAL PERIOD 1981 TO 2010
CLIMATE RECORD PERIOD 1891 TO 2015


WEATHER ITEM   OBSERVED TIME   RECORD YEAR NORMAL DEPARTURE LAST
                VALUE   (LST)  VALUE       VALUE  FROM      YEAR
                                                  NORMAL
..................................................................
TEMPERATURE (F)
 YESTERDAY
  MAXIMUM         86    555 PM 106    2009  82      4       91
  MINIMUM         54    530 AM  45    1989  58     -4       60
  AVERAGE         70                        70      0       76

PRECIPITATION (IN)
  YESTERDAY        0.00                      0.01  -0.01     0.00
  MONTH TO DATE    0.27                      0.65  -0.38     0.82
  SINCE OCT 1     30.22                     36.77  -6.55    27.72
  SINCE JAN 1     15.33                     21.02  -5.69    22.25

DEGREE DAYS
 HEATING
  YESTERDAY        0                                         0
  MONTH TO DATE    4                                         3
  SINCE JUL 1      4                                         3

 COOLING
  YESTERDAY        5                                        11
  MONTH TO DATE  206                                       170
  SINCE JAN 1    384                                       201
..................................................................


WIND (MPH)
  HIGHEST WIND SPEED    16   HIGHEST WIND DIRECTION    NW (310)
  HIGHEST GUST SPEED    22   HIGHEST GUST DIRECTION    NW (300)
  AVERAGE WIND SPEED     6.6


SKY COVER
  POSSIBLE SUNSHINE  MM
  AVERAGE SKY COVER 0.0


WEATHER CONDITIONS
 THE FOLLOWING WEATHER WAS RECORDED YESTERDAY.
  NO SIGNIFICANT WEATHER WAS OBSERVED.


RELATIVE HUMIDITY (PERCENT)
 HIGHEST    83           500 AM
 LOWEST     27           500 PM
 AVERAGE    55

..........................................................




SUNRISE AND SUNSET
JULY 29 2015..........SUNRISE   551 AM PDT   SUNSET   843 PM PDT
JULY 30 2015..........SUNRISE   552 AM PDT   SUNSET   842 PM PDT


-  INDICATES NEGATIVE NUMBERS.
R  INDICATES RECORD WAS SET OR TIED.
MM INDICATES DATA IS MISSING.
T  INDICATES TRACE AMOUNT.




$$
