000
CDUS46 KPQR 271143
CLIVUO


CLIMATE REPORT
NATIONAL WEATHER SERVICE PORTLAND OREGON
343 AM PST MON FEB 27 2017


...................................

...THE VANCOUVER WA CLIMATE SUMMARY FOR FEBRUARY 26 2017...

CLIMATE NORMAL PERIOD 1981 TO 2010
CLIMATE RECORD PERIOD 1891 TO 2017


WEATHER ITEM   OBSERVED TIME   RECORD YEAR NORMAL DEPARTURE LAST
                VALUE   (LST)  VALUE       VALUE  FROM      YEAR
                                                  NORMAL
..................................................................
TEMPERATURE (F)
 YESTERDAY
  MAXIMUM         44    200 PM  71    1905  54    -10       59
  MINIMUM         38   1159 PM  17    2011  36      2       38
  AVERAGE         41                        45     -4       49

PRECIPITATION (IN)
  YESTERDAY        0.28                      0.16   0.12     0.31
  MONTH TO DATE   10.30                      3.71   6.59     3.33
  SINCE OCT 1     34.47                     24.96   9.51    34.28
  SINCE JAN 1     14.61                      9.21   5.40    10.43

DEGREE DAYS
 HEATING
  YESTERDAY       24                                        16
  MONTH TO DATE  620                                       453
  SINCE JUL 1   3253                                      2786

 COOLING
  YESTERDAY        0                                         0
  MONTH TO DATE    0                                         0
  SINCE JAN 1      0                                         0
..................................................................


WIND (MPH)
  HIGHEST WIND SPEED    12   HIGHEST WIND DIRECTION     W (290)
  HIGHEST GUST SPEED    17   HIGHEST GUST DIRECTION     S (180)
  AVERAGE WIND SPEED     5.3


SKY COVER
  POSSIBLE SUNSHINE  MM
  AVERAGE SKY COVER 1.0


WEATHER CONDITIONS
 THE FOLLOWING WEATHER WAS RECORDED YESTERDAY.
  HEAVY RAIN
  RAIN
  LIGHT RAIN
  FOG


RELATIVE HUMIDITY (PERCENT)
 HIGHEST   100           700 AM
 LOWEST     79           400 AM
 AVERAGE    90

..........................................................




SUNRISE AND SUNSET
FEBRUARY 27 2017......SUNRISE   652 AM PST   SUNSET   555 PM PST
FEBRUARY 28 2017......SUNRISE   650 AM PST   SUNSET   557 PM PST


-  INDICATES NEGATIVE NUMBERS.
R  INDICATES RECORD WAS SET OR TIED.
MM INDICATES DATA IS MISSING.
T  INDICATES TRACE AMOUNT.




$$
