000
CDUS46 KPQR 071142
CLIVUO


CLIMATE REPORT
NATIONAL WEATHER SERVICE PORTLAND OREGON
342 AM PST WED DEC 7 2016


...................................

...THE VANCOUVER WA CLIMATE SUMMARY FOR DECEMBER 6 2016...

CLIMATE NORMAL PERIOD 1981 TO 2010
CLIMATE RECORD PERIOD 1891 TO 2016


WEATHER ITEM   OBSERVED TIME   RECORD YEAR NORMAL DEPARTURE LAST
                VALUE   (LST)  VALUE       VALUE  FROM      YEAR
                                                  NORMAL
..................................................................
TEMPERATURE (F)
 YESTERDAY
  MAXIMUM         44    137 PM  61    1938  48     -4       56
  MINIMUM         26   1155 PM  15    1909  36    -10       44
  AVERAGE         35                        42     -7       50

PRECIPITATION (IN)
  YESTERDAY        T                         0.19  -0.19     0.79
  MONTH TO DATE    1.10                      1.19  -0.09     2.92
  SINCE OCT 1     16.20                     10.17   6.03    10.74
  SINCE JAN 1     38.93                     33.56   5.37    27.85

DEGREE DAYS
 HEATING
  YESTERDAY       30                                        15
  MONTH TO DATE  143                                       127
  SINCE JUL 1    931                                      1059

 COOLING
  YESTERDAY        0                                         0
  MONTH TO DATE    0                                         0
  SINCE JAN 1    407                                       660
..................................................................


WIND (MPH)
  HIGHEST WIND SPEED     9   HIGHEST WIND DIRECTION    NW (320)
  HIGHEST GUST SPEED    13   HIGHEST GUST DIRECTION    NW (320)
  AVERAGE WIND SPEED     2.9


SKY COVER
  POSSIBLE SUNSHINE  MM
  AVERAGE SKY COVER 0.6


WEATHER CONDITIONS
 THE FOLLOWING WEATHER WAS RECORDED YESTERDAY.
  FOG


RELATIVE HUMIDITY (PERCENT)
 HIGHEST    92           900 PM
 LOWEST     62           100 PM
 AVERAGE    77

..........................................................




SUNRISE AND SUNSET
DECEMBER  7 2016......SUNRISE   738 AM PST   SUNSET   427 PM PST
DECEMBER  8 2016......SUNRISE   739 AM PST   SUNSET   427 PM PST


-  INDICATES NEGATIVE NUMBERS.
R  INDICATES RECORD WAS SET OR TIED.
MM INDICATES DATA IS MISSING.
T  INDICATES TRACE AMOUNT.




$$
