000
CDUS46 KPQR 240231
CLIVUO


CLIMATE REPORT
NATIONAL WEATHER SERVICE PORTLAND OREGON
731 PM PDT WED AUG 23 2017


...................................

...THE VANCOUVER WA CLIMATE SUMMARY FOR AUGUST 23 2017...
VALID TODAY AS OF 0700 PM LOCAL TIME.

CLIMATE NORMAL PERIOD 1981 TO 2010
CLIMATE RECORD PERIOD 1891 TO 2017


WEATHER ITEM   OBSERVED TIME   RECORD YEAR NORMAL DEPARTURE LAST
                VALUE   (LST)  VALUE       VALUE  FROM      YEAR
                                                  NORMAL
..................................................................
TEMPERATURE (F)
 TODAY
  MAXIMUM         83    451 PM 100    1988  81      2       84
  MINIMUM         61    359 AM  41    1973  56      5       52
  AVERAGE         72                        69      3       68

PRECIPITATION (IN)
  TODAY            0.00                      0.03  -0.03     0.00
  MONTH TO DATE    0.10                      0.48  -0.38     0.13
  SINCE OCT 1     48.98                     37.29  11.69    45.36
  SINCE JAN 1     29.12                     21.54   7.58    21.51

DEGREE DAYS
 HEATING
  TODAY            0                                         0
  MONTH TO DATE    2                                         8
  SINCE JUN 1     73                                       105
  SINCE JUL 1      3                                        19

 COOLING
  TODAY            7                                         3
  MONTH TO DATE  192                                       135
  SINCE JUN 1    420                                       320
  SINCE JAN 1    460                                       344
..................................................................


WIND (MPH)
  HIGHEST WIND SPEED    12   HIGHEST WIND DIRECTION    NW (320)
  HIGHEST GUST SPEED    18   HIGHEST GUST DIRECTION    NW (320)
  AVERAGE WIND SPEED     3.3


SKY COVER
  POSSIBLE SUNSHINE  MM
  AVERAGE SKY COVER 0.3


WEATHER CONDITIONS
 THE FOLLOWING WEATHER WAS RECORDED TODAY.
  NO SIGNIFICANT WEATHER WAS OBSERVED.


RELATIVE HUMIDITY (PERCENT)
 HIGHEST    97           400 AM
 LOWEST     47           300 PM
 AVERAGE    72

..........................................................


THE VANCOUVER WA CLIMATE NORMALS FOR TOMORROW
                         NORMAL    RECORD    YEAR
 MAXIMUM TEMPERATURE (F)   81        96      1982
                                             1958
 MINIMUM TEMPERATURE (F)   56        40      1975


SUNRISE AND SUNSET
AUGUST 23 2017........SUNRISE   621 AM PDT   SUNSET   804 PM PDT
AUGUST 24 2017........SUNRISE   622 AM PDT   SUNSET   802 PM PDT


-  INDICATES NEGATIVE NUMBERS.
R  INDICATES RECORD WAS SET OR TIED.
MM INDICATES DATA IS MISSING.
T  INDICATES TRACE AMOUNT.




$$
