000
CDUS46 KPQR 271147
CLIVUO


CLIMATE REPORT
NATIONAL WEATHER SERVICE PORTLAND OREGON
446 AM PDT FRI MAY 27 2016


...................................

...THE VANCOUVER WA CLIMATE SUMMARY FOR MAY 26 2016...

CLIMATE NORMAL PERIOD 1981 TO 2010
CLIMATE RECORD PERIOD 1891 TO 2016


WEATHER ITEM   OBSERVED TIME   RECORD YEAR NORMAL DEPARTURE LAST
                VALUE   (LST)  VALUE       VALUE  FROM      YEAR
                                                  NORMAL
..................................................................
TEMPERATURE (F)
 YESTERDAY
  MAXIMUM         61    444 PM  91    1947  70     -9       71
  MINIMUM         53   1159 PM  33    1973  51      2       54
  AVERAGE         57                        60     -3       63

PRECIPITATION (IN)
  YESTERDAY        0.00                      0.07  -0.07     0.00
  MONTH TO DATE    1.57                      2.15  -0.58     0.68
  SINCE OCT 1     43.29                     34.01   9.28    29.56
  SINCE JAN 1     19.44                     18.26   1.18    14.67

DEGREE DAYS
 HEATING
  YESTERDAY        8                                         2
  MONTH TO DATE  122                                       157
  SINCE JUL 1   3713                                      3647

 COOLING
  YESTERDAY        0                                         0
  MONTH TO DATE   15                                         1
  SINCE JAN 1     21                                         1
..................................................................


WIND (MPH)
  HIGHEST WIND SPEED    13   HIGHEST WIND DIRECTION    NW (300)
  HIGHEST GUST SPEED    19   HIGHEST GUST DIRECTION    NW (300)
  AVERAGE WIND SPEED     4.9


SKY COVER
  POSSIBLE SUNSHINE  MM
  AVERAGE SKY COVER 1.0


WEATHER CONDITIONS
 THE FOLLOWING WEATHER WAS RECORDED YESTERDAY.
  NO SIGNIFICANT WEATHER WAS OBSERVED.


RELATIVE HUMIDITY (PERCENT)
 HIGHEST    71          1000 PM
 LOWEST     55           400 PM
 AVERAGE    63

..........................................................




SUNRISE AND SUNSET
MAY 27 2016...........SUNRISE   528 AM PDT   SUNSET   849 PM PDT
MAY 28 2016...........SUNRISE   527 AM PDT   SUNSET   849 PM PDT


-  INDICATES NEGATIVE NUMBERS.
R  INDICATES RECORD WAS SET OR TIED.
MM INDICATES DATA IS MISSING.
T  INDICATES TRACE AMOUNT.




$$
