184
CDUS46 KPQR 240220
CLIVUO


CLIMATE REPORT
NATIONAL WEATHER SERVICE PORTLAND OREGON
720 PM PDT MON OCT 23 2017


...................................

...THE VANCOUVER WA CLIMATE SUMMARY FOR OCTOBER 23 2017...
VALID TODAY AS OF 0700 PM LOCAL TIME.

CLIMATE NORMAL PERIOD 1981 TO 2010
CLIMATE RECORD PERIOD 1891 TO 2017


WEATHER ITEM   OBSERVED TIME   RECORD YEAR NORMAL DEPARTURE LAST
                VALUE   (LST)  VALUE       VALUE  FROM      YEAR
                                                  NORMAL
..................................................................
TEMPERATURE (F)
 TODAY
  MAXIMUM         65    455 PM  82    1929  61      4       61
  MINIMUM         50    950 AM  26    1980  43      7       51
  AVERAGE         58                        52      6       56

PRECIPITATION (IN)
  TODAY            0.00                      0.11  -0.11     0.06
  MONTH TO DATE    4.55                      2.17   2.38     6.76
  SINCE OCT 1      4.55                      2.17   2.38     6.76
  SINCE JAN 1     36.23                     25.56  10.67    29.49

DEGREE DAYS
 HEATING
  TODAY            7                                         9
  MONTH TO DATE  263                                       192
  SINCE SEP 1    342                                       297
  SINCE JUL 1    345                                       319

 COOLING
  TODAY            0                                         0
  MONTH TO DATE    0                                         0
  SINCE SEP 1    120                                        18
  SINCE JAN 1    639                                       407
..................................................................


WIND (MPH)
  HIGHEST WIND SPEED     8   HIGHEST WIND DIRECTION    NW (300)
  HIGHEST GUST SPEED    11   HIGHEST GUST DIRECTION     W (290)
  AVERAGE WIND SPEED     2.5


SKY COVER
  POSSIBLE SUNSHINE  MM
  AVERAGE SKY COVER 0.6


WEATHER CONDITIONS
 THE FOLLOWING WEATHER WAS RECORDED TODAY.
  FOG
  FOG W/VISIBILITY <= 1/4 MILE


RELATIVE HUMIDITY (PERCENT)
 HIGHEST   100          1200 AM
 LOWEST     63           500 PM
 AVERAGE    82

..........................................................


THE VANCOUVER WA CLIMATE NORMALS FOR TOMORROW
                         NORMAL    RECORD    YEAR
 MAXIMUM TEMPERATURE (F)   60        77      1904
 MINIMUM TEMPERATURE (F)   43        30      1974
                                             1916


SUNRISE AND SUNSET
OCTOBER 23 2017.......SUNRISE   738 AM PDT   SUNSET   611 PM PDT
OCTOBER 24 2017.......SUNRISE   740 AM PDT   SUNSET   609 PM PDT


-  INDICATES NEGATIVE NUMBERS.
R  INDICATES RECORD WAS SET OR TIED.
MM INDICATES DATA IS MISSING.
T  INDICATES TRACE AMOUNT.




$$
