000
CDUS46 KPQR 031142
CLIVUO


CLIMATE REPORT
NATIONAL WEATHER SERVICE PORTLAND OREGON
441 AM PDT WED JUN 3 2015


...................................

...THE VANCOUVER WA CLIMATE SUMMARY FOR JUNE 2 2015...

CLIMATE NORMAL PERIOD 1981 TO 2010
CLIMATE RECORD PERIOD 1891 TO 2015


WEATHER ITEM   OBSERVED TIME   RECORD YEAR NORMAL DEPARTURE LAST
                VALUE   (LST)  VALUE       VALUE  FROM      YEAR
                                                  NORMAL
..................................................................
TEMPERATURE (F)
 YESTERDAY
  MAXIMUM         61    410 PM  94    1970  71    -10       77
  MINIMUM         55   1119 PM  37    1997  52      3       53
  AVERAGE         58                        61     -3       65

PRECIPITATION (IN)
  YESTERDAY        0.11                      0.08   0.03     0.00
  MONTH TO DATE    0.37                      0.16   0.21     0.00
  SINCE OCT 1     29.93                     34.49  -4.56    24.70
  SINCE JAN 1     15.04                     18.74  -3.70    19.23

DEGREE DAYS
 HEATING
  YESTERDAY        7                                         0
  MONTH TO DATE   11                                         4
  SINCE JUL 1   3658                                      4510

 COOLING
  YESTERDAY        0                                         0
  MONTH TO DATE    0                                         0
  SINCE JAN 1     16                                        15
..................................................................


WIND (MPH)
  HIGHEST WIND SPEED    10   HIGHEST WIND DIRECTION    NW (320)
  HIGHEST GUST SPEED    14   HIGHEST GUST DIRECTION    NW (330)
  AVERAGE WIND SPEED     2.6


SKY COVER
  POSSIBLE SUNSHINE  MM
  AVERAGE SKY COVER 1.0


WEATHER CONDITIONS
 THE FOLLOWING WEATHER WAS RECORDED YESTERDAY.
  LIGHT RAIN
  FOG


RELATIVE HUMIDITY (PERCENT)
 HIGHEST    93          1000 PM
 LOWEST     72          1200 PM
 AVERAGE    83

..........................................................




SUNRISE AND SUNSET
JUNE  3 2015..........SUNRISE   524 AM PDT   SUNSET   854 PM PDT
JUNE  4 2015..........SUNRISE   523 AM PDT   SUNSET   855 PM PDT


-  INDICATES NEGATIVE NUMBERS.
R  INDICATES RECORD WAS SET OR TIED.
MM INDICATES DATA IS MISSING.
T  INDICATES TRACE AMOUNT.




$$
