000
CDUS46 KPQR 161152
CLIVUO


CLIMATE REPORT
NATIONAL WEATHER SERVICE PORTLAND OREGON
351 AM PST TUE JAN 16 2018


...................................

...THE VANCOUVER WA CLIMATE SUMMARY FOR JANUARY 15 2018...

CLIMATE NORMAL PERIOD 1981 TO 2010
CLIMATE RECORD PERIOD 1891 TO 2018


WEATHER ITEM   OBSERVED TIME   RECORD YEAR NORMAL DEPARTURE LAST
                VALUE   (LST)  VALUE       VALUE  FROM      YEAR
                                                  NORMAL
..................................................................
TEMPERATURE (F)
 YESTERDAY
  MAXIMUM         57    202 PM  63    1958  48      9       30
                                      1926
  MINIMUM         35    758 AM   5    1907  36     -1       12
  AVERAGE         46                        42      4       21

PRECIPITATION (IN)
  YESTERDAY        0.08                      0.16  -0.08     0.00
  MONTH TO DATE    2.02                      2.89  -0.87     1.71
  SINCE OCT 1     16.21                     18.64  -2.43    21.57
  SINCE JAN 1      2.02                      2.89  -0.87     1.71

DEGREE DAYS
 HEATING
  YESTERDAY       19                                        44
  MONTH TO DATE  320                                       551
  SINCE JUL 1   2088                                      2206

 COOLING
  YESTERDAY        0                                         0
  MONTH TO DATE    0                                         0
  SINCE JAN 1      0                                         0
..................................................................


WIND (MPH)
  HIGHEST WIND SPEED    22   HIGHEST WIND DIRECTION     E (110)
  HIGHEST GUST SPEED    29   HIGHEST GUST DIRECTION    SE (120)
  AVERAGE WIND SPEED     5.9


SKY COVER
  POSSIBLE SUNSHINE  MM
  AVERAGE SKY COVER 0.2


WEATHER CONDITIONS
 THE FOLLOWING WEATHER WAS RECORDED YESTERDAY.
  LIGHT RAIN
  FOG


RELATIVE HUMIDITY (PERCENT)
 HIGHEST   100           700 AM
 LOWEST     47           200 PM
 AVERAGE    74

..........................................................




SUNRISE AND SUNSET
JANUARY 16 2018.......SUNRISE   747 AM PST   SUNSET   455 PM PST
JANUARY 17 2018.......SUNRISE   746 AM PST   SUNSET   456 PM PST


-  INDICATES NEGATIVE NUMBERS.
R  INDICATES RECORD WAS SET OR TIED.
MM INDICATES DATA IS MISSING.
T  INDICATES TRACE AMOUNT.




$$
