533
CDUS41 KAKQ 252227
CLIWAL


CLIMATE REPORT
NATIONAL WEATHER SERVICE WAKEFIELD, VA
527 PM EST SUN FEB 25 2018


...................................

...THE WALLOPS ISLAND VA CLIMATE SUMMARY FOR FEBRUARY 25 2018...
VALID TODAY AS OF 0500 PM LOCAL TIME.

CLIMATE NORMAL PERIOD 1981 TO 2010
CLIMATE RECORD PERIOD 1963 TO 2018


WEATHER ITEM   OBSERVED TIME   RECORD YEAR NORMAL DEPARTURE
                VALUE   (LST)  VALUE       VALUE  FROM
                                                  NORMAL
...............................................................
TEMPERATURE (F)
 TODAY
  MAXIMUM         71   1137 AM  73    2000  49     22
  MINIMUM         49    643 AM  16    1989  32     17
                                      1967
  AVERAGE         60

PRECIPITATION (IN)
  TODAY            0.01          1.15 1979   0.10  -0.09
  MONTH TO DATE    1.85                      2.44  -0.59
  SINCE DEC 1      7.41                      8.91  -1.50
  SINCE JAN 1      5.52                      5.48   0.04

SNOWFALL (IN)
  TODAY            0.0           T    2010
                                      2005
  MONTH TO DATE    0.0
  SINCE NOV 1     11.8
  SINCE JUL 1     11.8
  SNOW DEPTH       0

DEGREE DAYS
 HEATING
  TODAY            5

 COOLING
  TODAY            0
...............................................................


WIND (MPH)
  HIGHEST WIND SPEED    16   HIGHEST WIND DIRECTION    SW (240)
  HIGHEST GUST SPEED    23   HIGHEST GUST DIRECTION     W (260)




RELATIVE HUMIDITY (PERCENT)
 HIGHEST   100
 LOWEST     73
 AVERAGE    87

..........................................................


THE WALLOPS ISLAND VA CLIMATE NORMALS FOR TOMORROW
                         NORMAL    RECORD    YEAR
 MAXIMUM TEMPERATURE (F)   49        63      1996
 MINIMUM TEMPERATURE (F)   32        15      1990
                                             1970


SUNRISE AND SUNSET
FEBRUARY 25 2018......SUNRISE   639 AM EST   SUNSET   551 PM EST
FEBRUARY 26 2018......SUNRISE   638 AM EST   SUNSET   552 PM EST


-  INDICATES NEGATIVE NUMBERS.
R  INDICATES RECORD WAS SET OR TIED.
MM INDICATES DATA IS MISSING.
T  INDICATES TRACE AMOUNT.




$$
