000
CDUS41 KAKQ 290829
CLIWAL


CLIMATE REPORT
NATIONAL WEATHER SERVICE WAKEFIELD, VA
429 AM EDT SUN MAR 29 2015


...................................

...THE WALLOPS ISLAND VA CLIMATE SUMMARY FOR MARCH 28 2015...

CLIMATE NORMAL PERIOD 1981 TO 2010
CLIMATE RECORD PERIOD 1963 TO 2015


WEATHER ITEM   OBSERVED TIME   RECORD YEAR NORMAL DEPARTURE
                VALUE   (LST)  VALUE       VALUE  FROM
                                                  NORMAL
...............................................................
TEMPERATURE (F)
 YESTERDAY
  MAXIMUM         41   1153 AM  81    1991  57    -16
                                      1989
  MINIMUM         28   1156 PM  24    2001  40    -12
  AVERAGE         35                        48    -13

PRECIPITATION (IN)
  YESTERDAY        0.00          1.33        0.13  -0.13
  MONTH TO DATE    3.10                      3.61  -0.51
  SINCE MAR 1      3.10                      3.61  -0.51
  SINCE JAN 1     10.89                      9.41   1.48

SNOWFALL (IN)
  YESTERDAY        0.0           0.0    MM   0.0    0.0
  MONTH TO DATE    0.3                       0.4   -0.1
  SINCE NOV 1     11.3                       7.8    3.5
  SINCE JUL 1     11.3                       7.8    3.5

DEGREE DAYS
 HEATING
  YESTERDAY       30                               13
  MONTH TO DATE  638                               66
  SINCE MAR 1    638                               66
  SINCE JUL 1   3968                              316

 COOLING
  YESTERDAY        0                                0
  MONTH TO DATE    0                                0
  SINCE MAR 1      0                                0
  SINCE JAN 1      0                                0
...............................................................


WIND (MPH)
  HIGHEST WIND SPEED    25   HIGHEST WIND DIRECTION    NW (330)
  HIGHEST GUST SPEED    34   HIGHEST GUST DIRECTION    NW (330)
  AVERAGE WIND SPEED    14.3




RELATIVE HUMIDITY (PERCENT)
 HIGHEST    92
 LOWEST     29
 AVERAGE    61

..........................................................


THE WALLOPS ISLAND VA CLIMATE NORMALS FOR TODAY
                         NORMAL    RECORD    YEAR
 MAXIMUM TEMPERATURE (F)   58        84      1989
 MINIMUM TEMPERATURE (F)   40        27      1982


SUNRISE AND SUNSET
MARCH 29 2015.........SUNRISE   652 AM EDT   SUNSET   722 PM EDT
MARCH 30 2015.........SUNRISE   651 AM EDT   SUNSET   723 PM EDT


-  INDICATES NEGATIVE NUMBERS.
R  INDICATES RECORD WAS SET OR TIED.
MM INDICATES DATA IS MISSING.
T  INDICATES TRACE AMOUNT.




$$
