000
CDUS41 KAKQ 270642
CLIWAL


CLIMATE REPORT
NATIONAL WEATHER SERVICE WAKEFIELD, VA
141 AM EST FRI FEB 27 2015


...................................

...THE WALLOPS ISLAND VA CLIMATE SUMMARY FOR FEBRUARY 26 2015...

CLIMATE NORMAL PERIOD 1981 TO 2010
CLIMATE RECORD PERIOD 1963 TO 2015


WEATHER ITEM   OBSERVED TIME   RECORD YEAR NORMAL DEPARTURE
                VALUE   (LST)  VALUE       VALUE  FROM
                                                  NORMAL
...............................................................
TEMPERATURE (F)
 YESTERDAY
  MAXIMUM         34    240 AM  63    1996  49    -15
  MINIMUM         21   1159 PM  15    1990  32    -11
                                      1970
  AVERAGE         28                        41    -13

PRECIPITATION (IN)
  YESTERDAY        0.38          0.82        0.10   0.28
  MONTH TO DATE    3.05                      2.54   0.51
  SINCE DEC 1     11.00                      9.01   1.99
  SINCE JAN 1      7.78                      5.58   2.20

SNOWFALL (IN)
  YESTERDAY        3.0           4.5  1993   0.1    2.9
  MONTH TO DATE   11.0                       3.2    7.8
  SINCE NOV 1     11.0                       7.2    3.8
  SINCE JUL 1     11.0                       7.2    3.8

DEGREE DAYS
 HEATING
  YESTERDAY       37                               13
  MONTH TO DATE  962                              273
  SINCE DEC 1   2554                              225
  SINCE JUL 1   3248                              215

 COOLING
  YESTERDAY        0                                0
  MONTH TO DATE    0                                0
  SINCE DEC 1      0                                0
  SINCE JAN 1      0                                0
...............................................................


WIND (MPH)
  HIGHEST WIND SPEED    28   HIGHEST WIND DIRECTION    NE (50)
  HIGHEST GUST SPEED    36   HIGHEST GUST DIRECTION    NE (60)
  AVERAGE WIND SPEED    11.6




RELATIVE HUMIDITY (PERCENT)
 HIGHEST   100
 LOWEST     72
 AVERAGE    86

..........................................................


THE WALLOPS ISLAND VA CLIMATE NORMALS FOR TODAY
                         NORMAL    RECORD    YEAR
 MAXIMUM TEMPERATURE (F)   49        79      1997
 MINIMUM TEMPERATURE (F)   32        17      1990


SUNRISE AND SUNSET
FEBRUARY 27 2015......SUNRISE   637 AM EST   SUNSET   553 PM EST
FEBRUARY 28 2015......SUNRISE   635 AM EST   SUNSET   554 PM EST


-  INDICATES NEGATIVE NUMBERS.
R  INDICATES RECORD WAS SET OR TIED.
MM INDICATES DATA IS MISSING.
T  INDICATES TRACE AMOUNT.




$$
