000
CDUS46 KLOX 010117
CLIWJF


CLIMATE REPORT
NATIONAL WEATHER SERVICE LOS ANGELES/OXNARD CA
616 PM PDT TUE SEP 30 2014


...................................

...THE LANCASTER CLIMATE SUMMARY FOR SEPTEMBER 30 2014...
VALID TODAY AS OF 0600 PM LOCAL TIME.

CLIMATE NORMAL PERIOD 1981 TO 2010
CLIMATE RECORD PERIOD 1948 TO 2014


WEATHER ITEM   OBSERVED TIME   RECORD YEAR NORMAL DEPARTURE LAST
                VALUE   (LST)  VALUE       VALUE  FROM      YEAR
                                                  NORMAL
..................................................................
TEMPERATURE (F)
 TODAY
  MAXIMUM         88    218 PM 100    2001  86      2       86
  MINIMUM         46    604 AM  38    1982  52     -6       62
  AVERAGE         67                        68     -1       74

PRECIPITATION (IN)
  TODAY            0.00          0.24 1983   0.01  -0.01     0.00
  MONTH TO DATE    T                         0.15  -0.15      T
  SINCE JUL 1      0.03                      0.34  -0.31     0.02
  SINCE JAN 1      2.35                      5.25  -2.90     1.12

SNOWFALL (IN)
  TODAY            0.0           0.0    MM   0.0             0.0
  MONTH TO DATE    0.0                       0.0             0.0
  SINCE SEP 1      0.0                       0.0             0.0
  SINCE JUL 1      0.0                       0.0             0.0
  SNOW DEPTH       0

DEGREE DAYS
 HEATING
  TODAY            0                         1     -1        0
  MONTH TO DATE    2                         9     -7       21
  SINCE SEP 1      2                        12    -10       21
  SINCE JUL 1      2                        12    -10       21

 COOLING
  TODAY            2                         5     -3        9
  MONTH TO DATE  330                       271     59      317
  SINCE SEP 1    330                       271     59      317
  SINCE JAN 1   1981                      1830    151     2188
..................................................................


WIND (MPH)
  HIGHEST WIND SPEED    25   HIGHEST WIND DIRECTION     W (270)
  HIGHEST GUST SPEED    29   HIGHEST GUST DIRECTION    SW (240)
  AVERAGE WIND SPEED     4.9


SKY COVER
  POSSIBLE SUNSHINE  MM
  AVERAGE SKY COVER 0.0


WEATHER CONDITIONS
 THE FOLLOWING WEATHER WAS RECORDED TODAY.
  HAZE


RELATIVE HUMIDITY (PERCENT)
 HIGHEST    61           400 AM
 LOWEST     14           200 PM
 AVERAGE    38

..........................................................


THE LANCASTER CLIMATE NORMALS FOR TOMORROW
                         NORMAL    RECORD    YEAR
 MAXIMUM TEMPERATURE (F)   85        99      2012
 MINIMUM TEMPERATURE (F)   51        36      2009


SUNRISE AND SUNSET
SEPTEMBER 30 2014.....SUNRISE   647 AM PDT   SUNSET   638 PM PDT
OCTOBER  1 2014.......SUNRISE   648 AM PDT   SUNSET   637 PM PDT


-  INDICATES NEGATIVE NUMBERS.
R  INDICATES RECORD WAS SET OR TIED.
MM INDICATES DATA IS MISSING.
T  INDICATES TRACE AMOUNT.




$$
