000
CDUS46 KLOX 160906
CLIWJF


CLIMATE REPORT
NATIONAL WEATHER SERVICE LOS ANGELES/OXNARD CA
206 AM PDT WED AUG 16 2017


...................................

...THE LANCASTER FOX FIELD CA CLIMATE SUMMARY FOR AUGUST 15 2017...

CLIMATE NORMAL PERIOD 1981 TO 2010
CLIMATE RECORD PERIOD 1948 TO 2017


WEATHER ITEM   OBSERVED TIME   RECORD YEAR NORMAL DEPARTURE
                VALUE   (LST)  VALUE       VALUE  FROM
                                                  NORMAL
...............................................................
TEMPERATURE (F)
 YESTERDAY
  MAXIMUM         84   1251 PM 110    1951  98    -14
  MINIMUM         60    532 AM  51    1972  65     -5
  AVERAGE         72                        81     -9

PRECIPITATION (IN)
  YESTERDAY        0.00          0.35 1983   0.00   0.00
  MONTH TO DATE    0.03                      0.04  -0.01
  SINCE OCT 1      6.54                      7.17  -0.63
  SINCE JAN 1      4.55                      5.04  -0.49

SNOWFALL (IN)
  YESTERDAY        0.0           0.0    MM
  MONTH TO DATE    0.0
  SINCE JUN 1      0.0
  SINCE JUL 1      0.0
  SNOW DEPTH       0

DEGREE DAYS
 HEATING
  YESTERDAY        0                                0
  MONTH TO DATE    0                                0
  SINCE JUN 1      9                                1
  SINCE JUL 1      0                                0

 COOLING
  YESTERDAY        7                               -9
  MONTH TO DATE  287                               32
  SINCE JUN 1   1452                              320
  SINCE JAN 1   1613                              292
...............................................................


WIND (MPH)
  HIGHEST WIND SPEED    30   HIGHEST WIND DIRECTION    SW (220)
  HIGHEST GUST SPEED    38   HIGHEST GUST DIRECTION    SW (220)
  AVERAGE WIND SPEED    21.3




RELATIVE HUMIDITY (PERCENT)
 HIGHEST    84
 LOWEST     31
 AVERAGE    58

..........................................................


THE LANCASTER FOX FIELD CA CLIMATE NORMALS FOR TODAY
                         NORMAL    RECORD    YEAR
 MAXIMUM TEMPERATURE (F)   98       108      2015
 MINIMUM TEMPERATURE (F)   64        46      1987


SUNRISE AND SUNSET
AUGUST 16 2017........SUNRISE   614 AM PDT   SUNSET   739 PM PDT
AUGUST 17 2017........SUNRISE   615 AM PDT   SUNSET   738 PM PDT


-  INDICATES NEGATIVE NUMBERS.
R  INDICATES RECORD WAS SET OR TIED.
MM INDICATES DATA IS MISSING.
T  INDICATES TRACE AMOUNT.




$$
