000
CDUS46 KLOX 240112
CLIWJF


CLIMATE REPORT
NATIONAL WEATHER SERVICE LOS ANGELES/OXNARD CA
612 PM PDT WED APR 23 2014


...................................

...THE LANCASTER CLIMATE SUMMARY FOR APRIL 23 2014...
VALID TODAY AS OF 0600 PM LOCAL TIME.

CLIMATE NORMAL PERIOD 1981 TO 2010
CLIMATE RECORD PERIOD 1948 TO 2014


WEATHER ITEM   OBSERVED TIME   RECORD YEAR NORMAL DEPARTURE LAST
                VALUE   (LST)  VALUE       VALUE  FROM      YEAR
                                                  NORMAL
..................................................................
TEMPERATURE (F)
 TODAY
  MAXIMUM         74    319 PM  98    1949  75     -1       82
  MINIMUM         45    541 AM  30    1968  47     -2       54
  AVERAGE         60                        61     -1       68

PRECIPITATION (IN)
  TODAY            0.00          0.09 1988   0.00   0.00     0.00
  MONTH TO DATE    0.09                      0.29  -0.20     0.00
  SINCE JUL 1      3.79                      7.18  -3.39     1.11
  SINCE JAN 1      2.18                      4.71  -2.53     0.95

SNOWFALL (IN)
  TODAY            0.0           0.0    MM   0.0             0.0
  MONTH TO DATE    0.0                       0.0             0.0
  SINCE MAR 1      0.0                       0.0             0.0
  SINCE JUL 1      0.0                       2.3             0.0
  SNOW DEPTH       0

DEGREE DAYS
 HEATING
  TODAY            5                         5      0        0
  MONTH TO DATE  111                       176    -65      107
  SINCE MAR 1    398                       544   -146      313
  SINCE JUL 1   2635                      2837   -202     2685

 COOLING
  TODAY            0                         1     -1        3
  MONTH TO DATE   22                        14      8       30
  SINCE MAR 1     22                        16      6       42
  SINCE JAN 1     28                        16     12       42
..................................................................


WIND (MPH)
  HIGHEST WIND SPEED    35   HIGHEST WIND DIRECTION     W (270)
  HIGHEST GUST SPEED    43   HIGHEST GUST DIRECTION     W (270)
  AVERAGE WIND SPEED    16.1


SKY COVER
  POSSIBLE SUNSHINE  MM
  AVERAGE SKY COVER 0.0


WEATHER CONDITIONS
 THE FOLLOWING WEATHER WAS RECORDED TODAY.
  NO SIGNIFICANT WEATHER WAS OBSERVED.


RELATIVE HUMIDITY (PERCENT)
 HIGHEST    58           500 AM
 LOWEST     10           200 PM
 AVERAGE    34

..........................................................


THE LANCASTER CLIMATE NORMALS FOR TOMORROW
                         NORMAL    RECORD    YEAR
 MAXIMUM TEMPERATURE (F)   76        93      1953
 MINIMUM TEMPERATURE (F)   47        31      1971


SUNRISE AND SUNSET
APRIL 23 2014.........SUNRISE   611 AM PDT   SUNSET   732 PM PDT
APRIL 24 2014.........SUNRISE   610 AM PDT   SUNSET   732 PM PDT


-  INDICATES NEGATIVE NUMBERS.
R  INDICATES RECORD WAS SET OR TIED.
MM INDICATES DATA IS MISSING.
T  INDICATES TRACE AMOUNT.




$$
