000
CDUS46 KLOX 300120
CLIWJF


CLIMATE REPORT
NATIONAL WEATHER SERVICE LOS ANGELES/OXNARD CA
620 PM PDT SUN MAR 29 2015


...................................

...THE LANCASTER CLIMATE SUMMARY FOR MARCH 29 2015...
VALID TODAY AS OF 0600 PM LOCAL TIME.

CLIMATE NORMAL PERIOD 1981 TO 2010
CLIMATE RECORD PERIOD 1948 TO 2015


WEATHER ITEM   OBSERVED TIME   RECORD YEAR NORMAL DEPARTURE LAST
                VALUE   (LST)  VALUE       VALUE  FROM      YEAR
                                                  NORMAL
..................................................................
TEMPERATURE (F)
 TODAY
  MAXIMUM         87R   308 PM  87    1969  69     18       77
  MINIMUM         44    619 AM  27    1988  41      3       42
  AVERAGE         66                        55     11       60

PRECIPITATION (IN)
  TODAY            0.00          0.12 1953   0.02  -0.02     0.00
  MONTH TO DATE    0.04                      1.09  -1.05     0.22
  SINCE OCT 1      4.32                      6.50  -2.18     3.68
  SINCE JAN 1      1.40                      4.37  -2.97     2.09

SNOWFALL (IN)
  TODAY            0.0           0.0    MM   0.0             0.0
  MONTH TO DATE    0.0                       0.0             0.0
  SINCE MAR 1      0.0                       0.0             0.0
  SINCE JUL 1      0.0                       2.3             0.0
  SNOW DEPTH       0

DEGREE DAYS
 HEATING
  TODAY            0                        10    -10        5
  MONTH TO DATE  216                       347   -131      262
  SINCE MAR 1    216                       347   -131      262
  SINCE JUL 1   2085                      2640   -555     2499

 COOLING
  TODAY            1                         0      1        0
  MONTH TO DATE    6                         0      6        0
  SINCE MAR 1      6                         0      6        0
  SINCE JAN 1      6                         0      6        6
..................................................................


WIND (MPH)
  HIGHEST WIND SPEED    20   HIGHEST WIND DIRECTION     W (250)
  HIGHEST GUST SPEED    25   HIGHEST GUST DIRECTION    SW (240)
  AVERAGE WIND SPEED     5.6


SKY COVER
  POSSIBLE SUNSHINE  MM
  AVERAGE SKY COVER 0.0


WEATHER CONDITIONS
 THE FOLLOWING WEATHER WAS RECORDED TODAY.
  NO SIGNIFICANT WEATHER WAS OBSERVED.


RELATIVE HUMIDITY (PERCENT)
 HIGHEST    54           200 AM
 LOWEST      9           300 PM
 AVERAGE    32

..........................................................


THE LANCASTER CLIMATE NORMALS FOR TOMORROW
                         NORMAL    RECORD    YEAR
 MAXIMUM TEMPERATURE (F)   70        88      1966
 MINIMUM TEMPERATURE (F)   41        26      1975


SUNRISE AND SUNSET
MARCH 29 2015.........SUNRISE   644 AM PDT   SUNSET   712 PM PDT
MARCH 30 2015.........SUNRISE   643 AM PDT   SUNSET   712 PM PDT


-  INDICATES NEGATIVE NUMBERS.
R  INDICATES RECORD WAS SET OR TIED.
MM INDICATES DATA IS MISSING.
T  INDICATES TRACE AMOUNT.




$$
