000
CDUS46 KLOX 250116
CLIWJF


CLIMATE REPORT
NATIONAL WEATHER SERVICE LOS ANGELES/OXNARD CA
616 PM PDT TUE MAY 24 2016


...................................

...THE LANCASTER CLIMATE SUMMARY FOR MAY 24 2016...
VALID TODAY AS OF 0600 PM LOCAL TIME.

CLIMATE NORMAL PERIOD 1981 TO 2010
CLIMATE RECORD PERIOD 1948 TO 2016


WEATHER ITEM   OBSERVED TIME   RECORD YEAR NORMAL DEPARTURE LAST
                VALUE   (LST)  VALUE       VALUE  FROM      YEAR
                                                  NORMAL
..................................................................
TEMPERATURE (F)
 TODAY
  MAXIMUM         68    402 PM  99    2001  85    -17       81
  MINIMUM         51    508 AM  39    2008  56     -5       54
  AVERAGE         60                        70    -10       68

PRECIPITATION (IN)
  TODAY            0.00          T    1999   0.01  -0.01     0.00
  MONTH TO DATE    0.00                      0.08  -0.08     0.28
  SINCE OCT 1      3.82                      6.98  -3.16     4.61
  SINCE JAN 1      2.53                      4.85  -2.32     1.69

SNOWFALL (IN)
  TODAY            0.0           0.0    MM   0.0             0.0
  MONTH TO DATE    0.0                       0.0             0.0
  SINCE MAR 1      0.0                       0.0             0.0
  SINCE JUL 1      0.0                       2.3             0.0
  SNOW DEPTH       0

DEGREE DAYS
 HEATING
  TODAY            5                         1      4        0
  MONTH TO DATE   47                        53     -6      105
  SINCE MAR 1    417                       628   -211      507
  SINCE JUL 1   2668                      2921   -253     2376

 COOLING
  TODAY            0                         6     -6        3
  MONTH TO DATE   73                       107    -34       16
  SINCE MAR 1     94                       137    -43       44
  SINCE JAN 1     97                       137    -40       44
..................................................................


WIND (MPH)
  HIGHEST WIND SPEED    31   HIGHEST WIND DIRECTION    SW (240)
  HIGHEST GUST SPEED    40   HIGHEST GUST DIRECTION    SW (240)
  AVERAGE WIND SPEED    20.3


SKY COVER
  POSSIBLE SUNSHINE  MM
  AVERAGE SKY COVER 0.0


WEATHER CONDITIONS
 THE FOLLOWING WEATHER WAS RECORDED TODAY.
  NO SIGNIFICANT WEATHER WAS OBSERVED.


RELATIVE HUMIDITY (PERCENT)
 HIGHEST    71           400 AM
 LOWEST     42          1200 PM
 AVERAGE    57

..........................................................


THE LANCASTER CLIMATE NORMALS FOR TOMORROW
                         NORMAL    RECORD    YEAR
 MAXIMUM TEMPERATURE (F)   85       105      1951
 MINIMUM TEMPERATURE (F)   56        41      2010
                                             1953


SUNRISE AND SUNSET
MAY 24 2016...........SUNRISE   544 AM PDT   SUNSET   756 PM PDT
MAY 25 2016...........SUNRISE   543 AM PDT   SUNSET   757 PM PDT


-  INDICATES NEGATIVE NUMBERS.
R  INDICATES RECORD WAS SET OR TIED.
MM INDICATES DATA IS MISSING.
T  INDICATES TRACE AMOUNT.




$$
