000
CDUS46 KLOX 290905
CLIWJF


CLIMATE REPORT
NATIONAL WEATHER SERVICE LOS ANGELES/OXNARD CA
205 AM PDT SAT AUG 29 2015


...................................

...THE LANCASTER FOX FIELD CA CLIMATE SUMMARY FOR AUGUST 28 2015...

CLIMATE NORMAL PERIOD 1981 TO 2010
CLIMATE RECORD PERIOD 1948 TO 2015


WEATHER ITEM   OBSERVED TIME   RECORD YEAR NORMAL DEPARTURE
                VALUE   (LST)  VALUE       VALUE  FROM
                                                  NORMAL
...............................................................
TEMPERATURE (F)
 YESTERDAY
  MAXIMUM        104    130 PM 107    2008  96      8
                                      2005
  MINIMUM         69    544 AM  50    1960  62      7
  AVERAGE         87                        79      8

PRECIPITATION (IN)
  YESTERDAY        0.00          0.06 2000   0.00   0.00
  MONTH TO DATE    0.00                      0.09  -0.09
  SINCE OCT 1      6.99                      7.22  -0.23
  SINCE JAN 1      4.07                      5.09  -1.02

SNOWFALL (IN)
  YESTERDAY        0.0           0.0    MM
  MONTH TO DATE    0.0
  SINCE JUN 1      0.0
  SINCE JUL 1      0.0
  SNOW DEPTH       0

DEGREE DAYS
 HEATING
  YESTERDAY        0                                0
  MONTH TO DATE    0                                0
  SINCE JUN 1      2                               -6
  SINCE JUL 1      0                                0

 COOLING
  YESTERDAY       22                                8
  MONTH TO DATE  515                               64
  SINCE JUN 1   1441                              113
  SINCE JAN 1   1539                               22
...............................................................


WIND (MPH)
  HIGHEST WIND SPEED    23   HIGHEST WIND DIRECTION     W (250)
  HIGHEST GUST SPEED    28   HIGHEST GUST DIRECTION    SW (230)
  AVERAGE WIND SPEED     8.0




RELATIVE HUMIDITY (PERCENT)
 HIGHEST    35
 LOWEST     14
 AVERAGE    25

..........................................................


THE LANCASTER FOX FIELD CA CLIMATE NORMALS FOR TODAY
                         NORMAL    RECORD    YEAR
 MAXIMUM TEMPERATURE (F)   96       107      1998
 MINIMUM TEMPERATURE (F)   62        50      1953


SUNRISE AND SUNSET
AUGUST 29 2015........SUNRISE   623 AM PDT   SUNSET   724 PM PDT
AUGUST 30 2015........SUNRISE   624 AM PDT   SUNSET   722 PM PDT


-  INDICATES NEGATIVE NUMBERS.
R  INDICATES RECORD WAS SET OR TIED.
MM INDICATES DATA IS MISSING.
T  INDICATES TRACE AMOUNT.




$$
