000
CDUS45 KLKN 310038
CLIWMC


CLIMATE REPORT
NATIONAL WEATHER SERVICE ELKO NV
537 PM PDT THU MAR 30 2017


...................................

...THE WINNEMUCCA AIRPORT NV CLIMATE SUMMARY FOR MARCH 30 2017...
VALID TODAY AS OF 0500 PM LOCAL TIME.

CLIMATE NORMAL PERIOD 1981 TO 2010
CLIMATE RECORD PERIOD 1877 TO 2017


WEATHER ITEM   OBSERVED TIME   RECORD YEAR NORMAL DEPARTURE LAST
                VALUE   (LST)  VALUE       VALUE  FROM      YEAR
                                                  NORMAL
..................................................................
TEMPERATURE (F)
 TODAY
  MAXIMUM         50        MM  79    1966  59     -9       52
  MINIMUM         32        MM   3    1905  28      4       32
  AVERAGE         41                        43     -2       42

PRECIPITATION (IN)
  TODAY            0.78R         0.25 1958   0.03   0.75      T
  MONTH TO DATE    1.38                      0.80   0.58     0.74
  SINCE OCT 1      8.51                      4.81   3.70     7.13
  SINCE JAN 1      3.97                      2.33   1.64     2.85

SNOWFALL (IN)
  TODAY            0.8           4.5  1905   0.1    0.7       T
  MONTH TO DATE    2.2                       3.1   -0.9      1.7
  SINCE MAR 1      2.2                       3.1   -0.9      1.7
  SINCE JUL 1     18.3                      19.1   -0.8     21.1
  SNOW DEPTH       1

DEGREE DAYS
 HEATING
  TODAY           24                        22      2       23
  MONTH TO DATE  606                       718   -112      639
  SINCE MAR 1    606                       718   -112      639
  SINCE JUL 1   5045                      5307   -262     4816

 COOLING
  TODAY            0                         0      0        0
  MONTH TO DATE    0                         0      0        0
  SINCE MAR 1      0                         0      0        0
  SINCE JAN 1      0                         0      0        0
..................................................................


WIND (MPH)
  HIGHEST WIND SPEED    23   HIGHEST WIND DIRECTION    NW (310)
  HIGHEST GUST SPEED    44   HIGHEST GUST DIRECTION    NW (310)



WEATHER CONDITIONS
 THE FOLLOWING WEATHER WAS RECORDED TODAY.
  THUNDERSTORM
  HEAVY RAIN
  LIGHT RAIN
  HEAVY SNOW
  SNOW
  LIGHT SNOW
  FOG
  FOG W/VISIBILITY <= 1/4 MILE


RELATIVE HUMIDITY (PERCENT)
 HIGHEST   100           800 AM
 LOWEST     64           400 PM
 AVERAGE    82

..........................................................


THE WINNEMUCCA AIRPORT NV CLIMATE NORMALS FOR TOMORROW
                         NORMAL    RECORD    YEAR
 MAXIMUM TEMPERATURE (F)   59        79      1966
 MINIMUM TEMPERATURE (F)   28         5      2008


SUNRISE AND SUNSET
MARCH 30 2017.........SUNRISE   637 AM PDT   SUNSET   714 PM PDT
MARCH 31 2017.........SUNRISE   636 AM PDT   SUNSET   715 PM PDT


-  INDICATES NEGATIVE NUMBERS.
R  INDICATES RECORD WAS SET OR TIED.
MM INDICATES DATA IS MISSING.
T  INDICATES TRACE AMOUNT.




$$
