000
CDUS45 KLKN 300929
CLIWMC


CLIMATE REPORT
NATIONAL WEATHER SERVICE ELKO NV
227 AM PDT SAT AUG 30 2014


...................................

...THE WINNEMUCCA AIRPORT NV CLIMATE SUMMARY FOR AUGUST 29 2014...

CLIMATE NORMAL PERIOD 1981 TO 2010
CLIMATE RECORD PERIOD 1877 TO 2014


WEATHER ITEM   OBSERVED TIME   RECORD YEAR NORMAL DEPARTURE LAST
                VALUE   (LST)  VALUE       VALUE  FROM      YEAR
                                                  NORMAL
..................................................................
TEMPERATURE (F)
 YESTERDAY
  MAXIMUM         91    201 PM 101    1998  88      3       93
                                      1915
  MINIMUM         48    500 AM  33    1964  46      2       52
                                      1879
  AVERAGE         70                        67      3       73

PRECIPITATION (IN)
  YESTERDAY        0.00          0.53 1979   0.01  -0.01     0.00
  MONTH TO DATE    0.49                      0.17   0.32     0.15
  SINCE OCT 1      7.24                      7.83  -0.59     4.82
  SINCE JAN 1      4.58                      5.35  -0.77     2.41

SNOWFALL (IN)
  YESTERDAY        0.0           0.0  1877   0.0    0.0      0.0
  MONTH TO DATE    0.0                       0.0    0.0      0.0
  SINCE JUN 1      0.0                       T      0.0       T
  SINCE JUL 1      0.0                       0.0    0.0       T
  SNOW DEPTH       0

DEGREE DAYS
 HEATING
  YESTERDAY        0                         2     -2        0
  MONTH TO DATE   16                        14      2        0
  SINCE JUN 1     90                       129    -39       70
  SINCE JUL 1     16                        24     -8        0

 COOLING
  YESTERDAY        5                         3      2        8
  MONTH TO DATE  143                       170    -27      170
  SINCE JUN 1    611                       492    119      671
  SINCE JAN 1    620                       503    117      672
..................................................................


WIND (MPH)
  HIGHEST WIND SPEED    22   HIGHEST WIND DIRECTION    SW (230)
  HIGHEST GUST SPEED    26   HIGHEST GUST DIRECTION    SW (230)
  AVERAGE WIND SPEED     8.6



WEATHER CONDITIONS
 THE FOLLOWING WEATHER WAS RECORDED YESTERDAY.
  HAZE


RELATIVE HUMIDITY (PERCENT)
 HIGHEST    54           500 AM
 LOWEST     12           600 PM
 AVERAGE    33

..........................................................


THE WINNEMUCCA AIRPORT NV CLIMATE NORMALS FOR TODAY
                         NORMAL    RECORD    YEAR
 MAXIMUM TEMPERATURE (F)   87        99      1955
                                             1950
                                             1940
 MINIMUM TEMPERATURE (F)   45        29      1951


SUNRISE AND SUNSET
AUGUST 30 2014........SUNRISE   616 AM PDT   SUNSET   727 PM PDT
AUGUST 31 2014........SUNRISE   617 AM PDT   SUNSET   725 PM PDT


-  INDICATES NEGATIVE NUMBERS.
R  INDICATES RECORD WAS SET OR TIED.
MM INDICATES DATA IS MISSING.
T  INDICATES TRACE AMOUNT.




$$
