000
CDUS45 KLKN 290035
CLIWMC


CLIMATE REPORT
NATIONAL WEATHER SERVICE ELKO NV
531 PM PDT TUE JUL 28 2015


...................................

...THE WINNEMUCCA AIRPORT NV CLIMATE SUMMARY FOR JULY 28 2015...
VALID TODAY AS OF 500 PM LOCAL TIME.

CLIMATE NORMAL PERIOD 1981 TO 2010
CLIMATE RECORD PERIOD 1877 TO 2015


WEATHER ITEM   OBSERVED TIME   RECORD YEAR NORMAL DEPARTURE LAST
                VALUE   (LST)  VALUE       VALUE  FROM      YEAR
                                                  NORMAL
..................................................................
TEMPERATURE (F)
 TODAY
  MAXIMUM         84    313 PM 106    1971  95    -11       97
                                      1934
  MINIMUM         51    514 AM  37    1916  52     -1       58
                                      1909
  AVERAGE         68                        74     -6       78

PRECIPITATION (IN)
  TODAY            0.00          0.23 1941   0.01  -0.01     0.00
  MONTH TO DATE    0.66                      0.22   0.44     0.10
  SINCE OCT 1      8.90                      7.63   1.27     6.75
  SINCE JAN 1      6.33                      5.15   1.18     4.09

SNOWFALL (IN)
  TODAY            0.0           0.0  1877   0.0    0.0      0.0
  MONTH TO DATE    0.0                       0.0    0.0      0.0
  SINCE JUN 1      0.0                       T      0.0      0.0
  SINCE JUL 1      0.0                       0.0    0.0      0.0
  SNOW DEPTH       0

DEGREE DAYS
 HEATING
  TODAY            0                         0      0        0
  MONTH TO DATE    5                         6     -1        0
  SINCE JUN 1     27                       111    -84       74
  SINCE JUL 1      5                         6     -1        0

 COOLING
  TODAY            3                         9     -6       13
  MONTH TO DATE  181                       220    -39      354
  SINCE JUN 1    386                       299     87      428
  SINCE JAN 1    390                       310     80      437
..................................................................


WIND (MPH)
  HIGHEST WIND SPEED    20   HIGHEST WIND DIRECTION    NE (50)
  HIGHEST GUST SPEED    25   HIGHEST GUST DIRECTION    NE (30)



WEATHER CONDITIONS
 THE FOLLOWING WEATHER WAS RECORDED TODAY.
  NO SIGNIFICANT WEATHER WAS OBSERVED.


RELATIVE HUMIDITY (PERCENT)
 HIGHEST    22           900 AM
 LOWEST      9           100 PM
 AVERAGE    16

..........................................................


THE WINNEMUCCA AIRPORT NV CLIMATE NORMALS FOR TOMORROW
                         NORMAL    RECORD    YEAR
 MAXIMUM TEMPERATURE (F)   95       105      1972
 MINIMUM TEMPERATURE (F)   52        40      1916


SUNRISE AND SUNSET
JULY 28 2015..........SUNRISE   543 AM PDT   SUNSET   811 PM PDT
JULY 29 2015..........SUNRISE   544 AM PDT   SUNSET   810 PM PDT


-  INDICATES NEGATIVE NUMBERS.
R  INDICATES RECORD WAS SET OR TIED.
MM INDICATES DATA IS MISSING.
T  INDICATES TRACE AMOUNT.




$$
