000
CDUS45 KLKN 160943
CLIWMC


CLIMATE REPORT
NATIONAL WEATHER SERVICE ELKO NV
135 AM PST TUE JAN 16 2018


...................................

...THE WINNEMUCCA AIRPORT NV CLIMATE SUMMARY FOR JANUARY 15 2018...

CLIMATE NORMAL PERIOD 1981 TO 2010
CLIMATE RECORD PERIOD 1877 TO 2018


WEATHER ITEM   OBSERVED TIME   RECORD YEAR NORMAL DEPARTURE LAST
                VALUE   (LST)  VALUE       VALUE  FROM      YEAR
                                                  NORMAL
..................................................................
TEMPERATURE (F)
 YESTERDAY
  MAXIMUM         55    224 PM  65    1974  41     14       29
  MINIMUM         27    455 AM -28    1888  19      8       23
  AVERAGE         41                        30     11       26

PRECIPITATION (IN)
  YESTERDAY        0.00          0.60 1906   0.03  -0.03     0.00
  MONTH TO DATE    0.35                      0.46  -0.11     1.19
  SINCE OCT 1      1.69                      2.94  -1.25     5.73
  SINCE JAN 1      0.35                      0.46  -0.11     1.19

SNOWFALL (IN)
  YESTERDAY        0.0           8.2  1906   0.1   -0.1      0.0
  MONTH TO DATE    0.0                       1.9   -1.9      4.4
  SINCE DEC 1      3.1                       7.2   -4.1     10.6
  SINCE JUL 1      3.1                      10.7   -7.6     11.2
  SNOW DEPTH       0

DEGREE DAYS
 HEATING
  YESTERDAY       24                        35    -11       39
  MONTH TO DATE  377                       536   -159      573
  SINCE DEC 1   1459                      1641   -182     1773
  SINCE JUL 1   2895                      3209   -314     3108

 COOLING
  YESTERDAY        0                         0      0        0
  MONTH TO DATE    0                         0      0        0
  SINCE DEC 1      0                         0      0        0
  SINCE JAN 1      0                         0      0        0
..................................................................


WIND (MPH)
  HIGHEST WIND SPEED    14   HIGHEST WIND DIRECTION    NE (50)
  HIGHEST GUST SPEED    16   HIGHEST GUST DIRECTION    NE (60)
  AVERAGE WIND SPEED     4.6



WEATHER CONDITIONS
 THE FOLLOWING WEATHER WAS RECORDED YESTERDAY.
  NO SIGNIFICANT WEATHER WAS OBSERVED.


RELATIVE HUMIDITY (PERCENT)
 HIGHEST    85          1200 AM
 LOWEST     41           200 PM
 AVERAGE    63

..........................................................


THE WINNEMUCCA AIRPORT NV CLIMATE NORMALS FOR TODAY
                         NORMAL    RECORD    YEAR
 MAXIMUM TEMPERATURE (F)   41        64      1974
 MINIMUM TEMPERATURE (F)   19       -27      1888


SUNRISE AND SUNSET
JANUARY 16 2018.......SUNRISE   713 AM PST   SUNSET   449 PM PST
JANUARY 17 2018.......SUNRISE   713 AM PST   SUNSET   450 PM PST


-  INDICATES NEGATIVE NUMBERS.
R  INDICATES RECORD WAS SET OR TIED.
MM INDICATES DATA IS MISSING.
T  INDICATES TRACE AMOUNT.




$$
