000
CDUS45 KLKN 210930
CLIWMC


CLIMATE REPORT
NATIONAL WEATHER SERVICE ELKO NV
228 AM PDT SUN SEP 21 2014


...................................

...THE WINNEMUCCA AIRPORT NV CLIMATE SUMMARY FOR SEPTEMBER 20 2014...

CLIMATE NORMAL PERIOD 1981 TO 2010
CLIMATE RECORD PERIOD 1877 TO 2014


WEATHER ITEM   OBSERVED TIME   RECORD YEAR NORMAL DEPARTURE LAST
                VALUE   (LST)  VALUE       VALUE  FROM      YEAR
                                                  NORMAL
..................................................................
TEMPERATURE (F)
 YESTERDAY
  MAXIMUM         86   1249 PM  96    1939  79      7       86
  MINIMUM         58    643 AM  20    1978  38     20       37
  AVERAGE         72                        59     13       62

PRECIPITATION (IN)
  YESTERDAY        T             0.52 1902   0.02  -0.02     0.00
  MONTH TO DATE    0.01                      0.26  -0.25     0.39
  SINCE OCT 1      7.25                      8.10  -0.85     5.21
  SINCE JAN 1      4.59                      5.62  -1.03     2.80

SNOWFALL (IN)
  YESTERDAY        0.0           0.0  1877   0.0    0.0      0.0
  MONTH TO DATE    0.0                       0.0    0.0      0.0
  SINCE SEP 1      0.0                       0.0    0.0      0.0
  SINCE JUL 1      0.0                       0.0    0.0       T
  SNOW DEPTH       0

DEGREE DAYS
 HEATING
  YESTERDAY        0                         7     -7        3
  MONTH TO DATE   15                        85    -70       31
  SINCE SEP 1     15                        85    -70       31
  SINCE JUL 1     34                       115    -81       31

 COOLING
  YESTERDAY        7                         0      7        0
  MONTH TO DATE   46                        29     17       79
  SINCE SEP 1     46                        29     17       79
  SINCE JAN 1    671                       539    132      760
..................................................................


WIND (MPH)
  HIGHEST WIND SPEED    38   HIGHEST WIND DIRECTION    SE (150)
  HIGHEST GUST SPEED    45   HIGHEST GUST DIRECTION    SE (140)
  AVERAGE WIND SPEED    14.2



WEATHER CONDITIONS
 THE FOLLOWING WEATHER WAS RECORDED YESTERDAY.
  THUNDERSTORM
  LIGHT RAIN
  HAZE


RELATIVE HUMIDITY (PERCENT)
 HIGHEST    51           500 AM
 LOWEST     19           100 PM
 AVERAGE    35

..........................................................


THE WINNEMUCCA AIRPORT NV CLIMATE NORMALS FOR TODAY
                         NORMAL    RECORD    YEAR
 MAXIMUM TEMPERATURE (F)   79        92      1954
 MINIMUM TEMPERATURE (F)   38        21      1986


SUNRISE AND SUNSET
SEPTEMBER 21 2014.....SUNRISE   638 AM PDT   SUNSET   650 PM PDT
SEPTEMBER 22 2014.....SUNRISE   639 AM PDT   SUNSET   648 PM PDT


-  INDICATES NEGATIVE NUMBERS.
R  INDICATES RECORD WAS SET OR TIED.
MM INDICATES DATA IS MISSING.
T  INDICATES TRACE AMOUNT.




$$
