000
CDUS45 KLKN 190937
CLIWMC


CLIMATE REPORT
NATIONAL WEATHER SERVICE ELKO NV
135 AM PST FRI DEC 19 2014


...................................

...THE WINNEMUCCA AIRPORT NV CLIMATE SUMMARY FOR DECEMBER 18 2014...

CLIMATE NORMAL PERIOD 1981 TO 2010
CLIMATE RECORD PERIOD 1877 TO 2014


WEATHER ITEM   OBSERVED TIME   RECORD YEAR NORMAL DEPARTURE LAST
                VALUE   (LST)  VALUE       VALUE  FROM      YEAR
                                                  NORMAL
..................................................................
TEMPERATURE (F)
 YESTERDAY
  MAXIMUM         46    317 PM  61    1958  41      5       31
                                      1917
  MINIMUM         24    356 AM -22    1924  17      7        4
  AVERAGE         35                        29      6       18

PRECIPITATION (IN)
  YESTERDAY        0.00          0.47 2005   0.03  -0.03     0.00
  MONTH TO DATE    0.12                      0.52  -0.40     0.55
  SINCE OCT 1      1.53                      2.07  -0.54     2.60
  SINCE JAN 1      7.51                      7.87  -0.36     5.66

SNOWFALL (IN)
  YESTERDAY        0.0           5.5  2005   0.1   -0.1      0.0
  MONTH TO DATE    T                         2.9   -2.9      9.1
  SINCE DEC 1      T                         2.9   -2.9      9.1
  SINCE JUL 1      2.3                       6.4   -4.1     15.7
  SNOW DEPTH       0

DEGREE DAYS
 HEATING
  YESTERDAY       30                        36     -6       47
  MONTH TO DATE  468                       631   -163      926
  SINCE DEC 1    468                       631   -163      926
  SINCE JUL 1   1762                      2199   -437     2471

 COOLING
  YESTERDAY        0                         0      0        0
  MONTH TO DATE    0                         0      0        0
  SINCE DEC 1      0                         0      0        0
  SINCE JAN 1    674                       541    133      762
..................................................................


WIND (MPH)
  HIGHEST WIND SPEED    15   HIGHEST WIND DIRECTION     S (170)
  HIGHEST GUST SPEED    18   HIGHEST GUST DIRECTION     S (170)
  AVERAGE WIND SPEED     5.2



WEATHER CONDITIONS
 THE FOLLOWING WEATHER WAS RECORDED YESTERDAY.
  NO SIGNIFICANT WEATHER WAS OBSERVED.


RELATIVE HUMIDITY (PERCENT)
 HIGHEST    92           500 AM
 LOWEST     53           300 PM
 AVERAGE    73

..........................................................


THE WINNEMUCCA AIRPORT NV CLIMATE NORMALS FOR TODAY
                         NORMAL    RECORD    YEAR
 MAXIMUM TEMPERATURE (F)   41        65      1917
 MINIMUM TEMPERATURE (F)   17       -25      1924


SUNRISE AND SUNSET
DECEMBER 19 2014......SUNRISE   711 AM PST   SUNSET   426 PM PST
DECEMBER 20 2014......SUNRISE   712 AM PST   SUNSET   426 PM PST


-  INDICATES NEGATIVE NUMBERS.
R  INDICATES RECORD WAS SET OR TIED.
MM INDICATES DATA IS MISSING.
T  INDICATES TRACE AMOUNT.




$$
