000
CDUS45 KLKN 220945
CLIWMC


CLIMATE REPORT
NATIONAL WEATHER SERVICE ELKO NV
245 AM PDT FRI SEP 2  2017


...................................

...THE WINNEMUCCA AIRPORT NV CLIMATE SUMMARY FOR SEPTEMBER 21 2017...

CLIMATE NORMAL PERIOD 1981 TO 2010
CLIMATE RECORD PERIOD 1877 TO 2017


WEATHER ITEM   OBSERVED TIME   RECORD YEAR NORMAL DEPARTURE LAST
                VALUE   (LST)  VALUE       VALUE  FROM      YEAR
                                                  NORMAL
..................................................................
TEMPERATURE (F)
 YESTERDAY
  MAXIMUM         55        MM  92    1954  79    -24       78
  MINIMUM         34        MM  21    1986  38     -4       50
  AVERAGE         45                        58    -13       64

PRECIPITATION (IN)
  YESTERDAY        0.06          0.30 1944   0.02   0.04      T
  MONTH TO DATE    0.16                      0.28  -0.12     0.24
  SINCE OCT 1     11.62                      8.12   3.50     9.10
  SINCE JAN 1      7.08                      5.64   1.44     4.82

SNOWFALL (IN)
  YESTERDAY       MM             0.0  1877   0.0   MM        0.0
  MONTH TO DATE    0.0                       0.0    0.0      0.0
  SINCE SEP 1      0.0                       0.0    0.0      0.0
  SINCE JUL 1      0.0                       0.0    0.0      0.0
  SNOW DEPTH       0

DEGREE DAYS
 HEATING
  YESTERDAY       20                         7     13        1
  MONTH TO DATE   90                        92     -2      110
  SINCE SEP 1     90                        92     -2      110
  SINCE JUL 1     90                       122    -32      130

 COOLING
  YESTERDAY        0                         0      0        0
  MONTH TO DATE  120                        29     91        7
  SINCE SEP 1    120                        29     91        7
  SINCE JAN 1    927                       539    388      572
..................................................................


WIND (MPH)
  HIGHEST WIND SPEED    20   HIGHEST WIND DIRECTION    NE (40)
  HIGHEST GUST SPEED    MM   HIGHEST GUST DIRECTION    MM
  AVERAGE WIND SPEED     8.1



WEATHER CONDITIONS
 THE FOLLOWING WEATHER WAS RECORDED YESTERDAY.
  LIGHT RAIN


RELATIVE HUMIDITY (PERCENT)
 HIGHEST   100           600 AM
 LOWEST     41           100 PM
 AVERAGE    71

..........................................................


THE WINNEMUCCA AIRPORT NV CLIMATE NORMALS FOR TODAY
                         NORMAL    RECORD    YEAR
 MAXIMUM TEMPERATURE (F)   78        94      1966
 MINIMUM TEMPERATURE (F)   37        16      1895


SUNRISE AND SUNSET
SEPTEMBER 22 2017.....SUNRISE   639 AM PDT   SUNSET   648 PM PDT
SEPTEMBER 23 2017.....SUNRISE   640 AM PDT   SUNSET   646 PM PDT


-  INDICATES NEGATIVE NUMBERS.
R  INDICATES RECORD WAS SET OR TIED.
MM INDICATES DATA IS MISSING.
T  INDICATES TRACE AMOUNT.




$$
