263
CDUS45 KLKN 090108
CLIWMC


CLIMATE REPORT
NATIONAL WEATHER SERVICE ELKO NV
508 PM PST THU DEC 8 2016


...................................

...THE WINNEMUCCA AIRPORT NV CLIMATE SUMMARY FOR DECEMBER 8 2016...
VALID TODAY AS OF 0500 PM LOCAL TIME.

CLIMATE NORMAL PERIOD 1981 TO 2010
CLIMATE RECORD PERIOD 1877 TO 2016


WEATHER ITEM   OBSERVED TIME   RECORD YEAR NORMAL DEPARTURE LAST
                VALUE   (LST)  VALUE       VALUE  FROM      YEAR
                                                  NORMAL
..................................................................
TEMPERATURE (F)
 TODAY
  MAXIMUM         30    333 PM  66    1976  42    -12       58
  MINIMUM         21    702 AM -25    1972  18      3       40
  AVERAGE         26                        30     -4       49

PRECIPITATION (IN)
  TODAY            0.19          0.71 1879   0.03   0.16     0.00
  MONTH TO DATE    0.26                      0.24   0.02      T
  SINCE OCT 1      2.60                      1.79   0.81     2.51
  SINCE JAN 1      7.42                      7.59  -0.17     9.13

SNOWFALL (IN)
  TODAY            1.6           7.1  1879   0.2    1.4      0.0
  MONTH TO DATE    2.2                       1.3    0.9      0.0
  SINCE DEC 1      2.2                       1.3    0.9      0.0
  SINCE JUL 1      2.8                       4.8   -2.0      0.3
  SNOW DEPTH       2

DEGREE DAYS
 HEATING
  TODAY           39                        35      4       16
  MONTH TO DATE  316                       274     42      219
  SINCE DEC 1    316                       274     42      219
  SINCE JUL 1   1651                      1842   -191     1568

 COOLING
  TODAY            0                         0      0        0
  MONTH TO DATE    0                         0      0        0
  SINCE DEC 1      0                         0      0        0
  SINCE JAN 1    577                       541     36      617
..................................................................


WIND (MPH)
  HIGHEST WIND SPEED    17   HIGHEST WIND DIRECTION    NE (30)
  HIGHEST GUST SPEED    21   HIGHEST GUST DIRECTION    NE (30)



WEATHER CONDITIONS
 THE FOLLOWING WEATHER WAS RECORDED TODAY.
  LIGHT SNOW
  FOG


RELATIVE HUMIDITY (PERCENT)
 HIGHEST   100           500 AM
 LOWEST     78           200 PM
 AVERAGE    89

..........................................................


THE WINNEMUCCA AIRPORT NV CLIMATE NORMALS FOR TOMORROW
                         NORMAL    RECORD    YEAR
 MAXIMUM TEMPERATURE (F)   42        65      1981
 MINIMUM TEMPERATURE (F)   18       -34      1972


SUNRISE AND SUNSET
DECEMBER  8 2016......SUNRISE   704 AM PST   SUNSET   423 PM PST
DECEMBER  9 2016......SUNRISE   704 AM PST   SUNSET   423 PM PST


-  INDICATES NEGATIVE NUMBERS.
R  INDICATES RECORD WAS SET OR TIED.
MM INDICATES DATA IS MISSING.
T  INDICATES TRACE AMOUNT.




$$
