000
CDUS45 KLKN 220932
CLIWMC


CLIMATE REPORT
NATIONAL WEATHER SERVICE ELKO NV
232 AM PDT FRI MAY 22 2015


...................................

...THE WINNEMUCCA AIRPORT NV CLIMATE SUMMARY FOR MAY 21 2015...

CLIMATE NORMAL PERIOD 1981 TO 2010
CLIMATE RECORD PERIOD 1877 TO 2015


WEATHER ITEM   OBSERVED TIME   RECORD YEAR NORMAL DEPARTURE LAST
                VALUE   (LST)  VALUE       VALUE  FROM      YEAR
                                                  NORMAL
..................................................................
TEMPERATURE (F)
 YESTERDAY
  MAXIMUM         69   1229 PM  95    1979  74     -5       68
  MINIMUM         37    451 AM  27    1974  39     -2       43
  AVERAGE         53                        56     -3       56

PRECIPITATION (IN)
  YESTERDAY        0.04          0.50 1878   0.03   0.01     0.02
  MONTH TO DATE    0.70                      0.78  -0.08     0.74
  SINCE OCT 1      6.44                      6.51  -0.07     6.58
  SINCE JAN 1      3.87                      4.03  -0.16     3.92

SNOWFALL (IN)
  YESTERDAY        0.0           1.1  1971   0.0    0.0      0.0
  MONTH TO DATE    0.0                       0.1   -0.1      0.0
  SINCE MAR 1      2.4                       4.9   -2.5      1.9
  SINCE JUL 1      5.3                      20.9  -15.6     23.4
  SNOW DEPTH       0

DEGREE DAYS
 HEATING
  YESTERDAY       12                         9      3        9
  MONTH TO DATE  242                       242      0      229
  SINCE MAR 1   1417                      1533   -116     1457
  SINCE JUL 1   5199                      6122   -923     6116

 COOLING
  YESTERDAY        0                         0      0        0
  MONTH TO DATE    0                         0      0        4
  SINCE MAR 1      0                         0      0        4
  SINCE JAN 1      0                         0      0        4
..................................................................


WIND (MPH)
  HIGHEST WIND SPEED    30   HIGHEST WIND DIRECTION    SE (140)
  HIGHEST GUST SPEED    40   HIGHEST GUST DIRECTION    SE (140)
  AVERAGE WIND SPEED     5.7



WEATHER CONDITIONS
 THE FOLLOWING WEATHER WAS RECORDED YESTERDAY.
  RAIN
  LIGHT RAIN


RELATIVE HUMIDITY (PERCENT)
 HIGHEST   100           400 AM
 LOWEST     34           100 PM
 AVERAGE    67

..........................................................


THE WINNEMUCCA AIRPORT NV CLIMATE NORMALS FOR TODAY
                         NORMAL    RECORD    YEAR
 MAXIMUM TEMPERATURE (F)   74        95      1979
 MINIMUM TEMPERATURE (F)   39        20      1986


SUNRISE AND SUNSET
MAY 22 2015...........SUNRISE   528 AM PDT   SUNSET   808 PM PDT
MAY 23 2015...........SUNRISE   527 AM PDT   SUNSET   809 PM PDT


-  INDICATES NEGATIVE NUMBERS.
R  INDICATES RECORD WAS SET OR TIED.
MM INDICATES DATA IS MISSING.
T  INDICATES TRACE AMOUNT.




$$
