000
CDUS45 KLKN 260930
CLIWMC


CLIMATE REPORT
NATIONAL WEATHER SERVICE ELKO NV
126 AM PST WED NOV 26 2014


...................................

...THE WINNEMUCCA AIRPORT NV CLIMATE SUMMARY FOR NOVEMBER 25 2014...

CLIMATE NORMAL PERIOD 1981 TO 2010
CLIMATE RECORD PERIOD 1877 TO 2014


WEATHER ITEM   OBSERVED TIME   RECORD YEAR NORMAL DEPARTURE LAST
                VALUE   (LST)  VALUE       VALUE  FROM      YEAR
                                                  NORMAL
..................................................................
TEMPERATURE (F)
 YESTERDAY
  MAXIMUM         55    313 PM  70    1995  47      8       50
  MINIMUM         28   1154 PM -10    2010  20      8       13
  AVERAGE         42                        34      8       32

PRECIPITATION (IN)
  YESTERDAY        0.00          0.39 1896   0.03  -0.03     0.00
  MONTH TO DATE    0.98                      0.73   0.25     0.57
  SINCE OCT 1      1.07                      1.40  -0.33     2.05
  SINCE JAN 1      7.05                      7.20  -0.15     5.11

SNOWFALL (IN)
  YESTERDAY        0.0           2.0  1990   0.2   -0.2      0.0
  MONTH TO DATE    0.5                       2.3   -1.8       T
  SINCE SEP 1      0.5                       2.8   -2.3      6.6
  SINCE JUL 1      0.5                       2.8   -2.3      6.6
  SNOW DEPTH       0

DEGREE DAYS
 HEATING
  YESTERDAY       23                        32     -9       33
  MONTH TO DATE  673                       682     -9      612
  SINCE SEP 1   1178                      1377   -199     1394
  SINCE JUL 1   1197                      1407   -210     1394

 COOLING
  YESTERDAY        0                         0      0        0
  MONTH TO DATE    0                         0      0        0
  SINCE SEP 1     49                        31     18       81
  SINCE JAN 1    674                       541    133      762
..................................................................


WIND (MPH)
  HIGHEST WIND SPEED    13   HIGHEST WIND DIRECTION     S (180)
  HIGHEST GUST SPEED    24   HIGHEST GUST DIRECTION     E (90)
  AVERAGE WIND SPEED     6.3



WEATHER CONDITIONS
 THE FOLLOWING WEATHER WAS RECORDED YESTERDAY.
  NO SIGNIFICANT WEATHER WAS OBSERVED.


RELATIVE HUMIDITY (PERCENT)
 HIGHEST    85          1000 PM
 LOWEST     38          1200 PM
 AVERAGE    62

..........................................................


THE WINNEMUCCA AIRPORT NV CLIMATE NORMALS FOR TODAY
                         NORMAL    RECORD    YEAR
 MAXIMUM TEMPERATURE (F)   46        66      1962
                                             1949
 MINIMUM TEMPERATURE (F)   20        -7      1993


SUNRISE AND SUNSET
NOVEMBER 26 2014......SUNRISE   651 AM PST   SUNSET   426 PM PST
NOVEMBER 27 2014......SUNRISE   652 AM PST   SUNSET   425 PM PST


-  INDICATES NEGATIVE NUMBERS.
R  INDICATES RECORD WAS SET OR TIED.
MM INDICATES DATA IS MISSING.
T  INDICATES TRACE AMOUNT.




$$
