000
CDUS45 KLKN 290930
CLIWMC


CLIMATE REPORT
NATIONAL WEATHER SERVICE ELKO NV
227 AM PDT MON MAY 29 2017


...................................

...THE WINNEMUCCA AIRPORT NV CLIMATE SUMMARY FOR MAY 28 2017...

CLIMATE NORMAL PERIOD 1981 TO 2010
CLIMATE RECORD PERIOD 1877 TO 2017


WEATHER ITEM   OBSERVED TIME   RECORD YEAR NORMAL DEPARTURE LAST
                VALUE   (LST)  VALUE       VALUE  FROM      YEAR
                                                  NORMAL
..................................................................
TEMPERATURE (F)
 YESTERDAY
  MAXIMUM         84    400 PM  98    2003  76      8       77
  MINIMUM         38    432 AM  24    1954  41     -3       32
  AVERAGE         61                        58      3       55

PRECIPITATION (IN)
  YESTERDAY        0.00          0.66 1919   0.04  -0.04     0.00
  MONTH TO DATE    0.44                      1.03  -0.59     0.65
  SINCE OCT 1      9.78                      6.76   3.02     8.85
  SINCE JAN 1      5.24                      4.28   0.96     4.57

SNOWFALL (IN)
  YESTERDAY        0.0           0.4  1895   0.0    0.0      0.0
  MONTH TO DATE    0.2                       0.1    0.1      0.0
  SINCE MAR 1      2.4                       4.9   -2.5      1.7
  SINCE JUL 1     18.5                      20.9   -2.4     21.1
  SNOW DEPTH       0

DEGREE DAYS
 HEATING
  YESTERDAY        4                         7     -3       10
  MONTH TO DATE  300                       299      1      318
  SINCE MAR 1   1491                      1590    -99     1440
  SINCE JUL 1   5930                      6179   -249     5617

 COOLING
  YESTERDAY        0                         1     -1        0
  MONTH TO DATE    2                         6     -4        0
  SINCE MAR 1      2                         6     -4        0
  SINCE JAN 1      2                         6     -4        0
..................................................................


WIND (MPH)
  HIGHEST WIND SPEED    17   HIGHEST WIND DIRECTION     N (20)
  HIGHEST GUST SPEED    22   HIGHEST GUST DIRECTION    NE (40)
  AVERAGE WIND SPEED     8.4



WEATHER CONDITIONS
 THE FOLLOWING WEATHER WAS RECORDED YESTERDAY.
  NO SIGNIFICANT WEATHER WAS OBSERVED.


RELATIVE HUMIDITY (PERCENT)
 HIGHEST    76           500 AM
 LOWEST     11           600 PM
 AVERAGE    44

..........................................................


THE WINNEMUCCA AIRPORT NV CLIMATE NORMALS FOR TODAY
                         NORMAL    RECORD    YEAR
 MAXIMUM TEMPERATURE (F)   76        98      2003
 MINIMUM TEMPERATURE (F)   41        26      2006
                                             1989
                                             1927


SUNRISE AND SUNSET
MAY 29 2017...........SUNRISE   523 AM PDT   SUNSET   815 PM PDT
MAY 30 2017...........SUNRISE   522 AM PDT   SUNSET   816 PM PDT


-  INDICATES NEGATIVE NUMBERS.
R  INDICATES RECORD WAS SET OR TIED.
MM INDICATES DATA IS MISSING.
T  INDICATES TRACE AMOUNT.




$$
