000
CDUS45 KRIW 270740
CLIWRL


CLIMATE REPORT
NATIONAL WEATHER SERVICE RIVERTON WY
130 AM MDT MON MAR 27 2017


...................................

...THE WORLAND WY CLIMATE SUMMARY FOR MARCH 26 2017...

CLIMATE NORMAL PERIOD 1981 TO 2010
CLIMATE RECORD PERIOD 1947 TO 2017


WEATHER ITEM   OBSERVED TIME   RECORD YEAR NORMAL DEPARTURE LAST
                VALUE   (LST)  VALUE       VALUE  FROM      YEAR
                                                  NORMAL
..................................................................
TEMPERATURE (F)
 YESTERDAY
  MAXIMUM         56    447 PM  75    1997  54      2       48
  MINIMUM         33    638 AM  -3    1965  26      7       27
  AVERAGE         45                        40      5       38

PRECIPITATION (IN)
  YESTERDAY        0.00          0.20 2001   0.02  -0.02     0.00
  MONTH TO DATE    0.67                      0.37   0.30     0.13
  SINCE MAR 1      0.67                      0.37   0.30     0.13
  SINCE JAN 1      1.07                      0.79   0.28     0.16

DEGREE DAYS
 HEATING
  YESTERDAY       20                        25     -5       27
  MONTH TO DATE  574                       764   -190      662
  SINCE MAR 1    574                       764   -190      662
  SINCE JUL 1   6449                      6765   -316     6047

 COOLING
  YESTERDAY        0                         0      0        0
  MONTH TO DATE    0                         0      0        0
  SINCE MAR 1      0                         0      0        0
  SINCE JAN 1      0                         0      0        0
..................................................................


WIND (MPH)
  HIGHEST WIND SPEED    14   HIGHEST WIND DIRECTION    SE (140)
  HIGHEST GUST SPEED    18   HIGHEST GUST DIRECTION    SE (130)
  AVERAGE WIND SPEED     5.7


SKY COVER
  POSSIBLE SUNSHINE  MM
  AVERAGE SKY COVER 0.2


WEATHER CONDITIONS
 THE FOLLOWING WEATHER WAS RECORDED YESTERDAY.
  NO SIGNIFICANT WEATHER WAS OBSERVED.


RELATIVE HUMIDITY (PERCENT)
 HIGHEST   100           500 AM
 LOWEST     30           300 PM
 AVERAGE    65

..........................................................


THE WORLAND WY CLIMATE NORMALS FOR TODAY
                         NORMAL    RECORD    YEAR
 MAXIMUM TEMPERATURE (F)   55        76      2007
 MINIMUM TEMPERATURE (F)   26         5      1965


SUNRISE AND SUNSET
MARCH 27 2017.........SUNRISE   702 AM MDT   SUNSET   733 PM MDT
MARCH 28 2017.........SUNRISE   700 AM MDT   SUNSET   734 PM MDT


-  INDICATES NEGATIVE NUMBERS.
R  INDICATES RECORD WAS SET OR TIED.
MM INDICATES DATA IS MISSING.
T  INDICATES TRACE AMOUNT.




$$
