000
CDUS45 KRIW 260730
CLIWRL


CLIMATE REPORT
NATIONAL WEATHER SERVICE RIVERTON WY
1230 AM MST MON JAN 26 2015


...................................

...THE WORLAND WY CLIMATE SUMMARY FOR JANUARY 25 2015...

CLIMATE NORMAL PERIOD 1981 TO 2010
CLIMATE RECORD PERIOD 1947 TO 2015


WEATHER ITEM   OBSERVED TIME   RECORD YEAR NORMAL DEPARTURE LAST
                VALUE   (LST)  VALUE       VALUE  FROM      YEAR
                                                  NORMAL
..................................................................
TEMPERATURE (F)
 YESTERDAY
  MAXIMUM         34    327 PM  54    2006  31      3       38
  MINIMUM         11    336 AM -17    1966   4      7        9
  AVERAGE         23                        18      5       24

PRECIPITATION (IN)
  YESTERDAY        0.00          0.17 2010   0.01  -0.01     0.00
  MONTH TO DATE    0.11                      0.19  -0.08     0.19
  SINCE DEC 1      0.81                      0.42   0.39     0.31
  SINCE JAN 1      0.11                      0.19  -0.08     0.19

DEGREE DAYS
 HEATING
  YESTERDAY       42                        47     -5       41
  MONTH TO DATE 1312                      1206    106     1185
  SINCE DEC 1   2766                      2677     89     2747
  SINCE JUL 1   4682                      4569    113     4603

 COOLING
  YESTERDAY        0                         0      0        0
  MONTH TO DATE    0                         0      0        0
  SINCE DEC 1      0                         0      0        0
  SINCE JAN 1      0                         0      0        0
..................................................................


WIND (MPH)
  HIGHEST WIND SPEED    13   HIGHEST WIND DIRECTION     S (180)
  HIGHEST GUST SPEED    14   HIGHEST GUST DIRECTION     S (190)
  AVERAGE WIND SPEED     3.4


SKY COVER
  POSSIBLE SUNSHINE  MM
  AVERAGE SKY COVER 0.1


WEATHER CONDITIONS
 THE FOLLOWING WEATHER WAS RECORDED YESTERDAY.
  NO SIGNIFICANT WEATHER WAS OBSERVED.


RELATIVE HUMIDITY (PERCENT)
 HIGHEST    92           300 AM
 LOWEST     69           200 PM
 AVERAGE    81

..........................................................


THE WORLAND WY CLIMATE NORMALS FOR TODAY
                         NORMAL    RECORD    YEAR
 MAXIMUM TEMPERATURE (F)   32        55      1982
 MINIMUM TEMPERATURE (F)    5       -23      2009


SUNRISE AND SUNSET
JANUARY 26 2015.......SUNRISE   735 AM MST   SUNSET   514 PM MST
JANUARY 27 2015.......SUNRISE   734 AM MST   SUNSET   515 PM MST


-  INDICATES NEGATIVE NUMBERS.
R  INDICATES RECORD WAS SET OR TIED.
MM INDICATES DATA IS MISSING.
T  INDICATES TRACE AMOUNT.




$$
