000
CDUS45 KRIW 290735
CLIWRL


CLIMATE REPORT
NATIONAL WEATHER SERVICE RIVERTON WY
127 AM MDT SAT AUG 29 2015


...................................

...THE WORLAND WY CLIMATE SUMMARY FOR AUGUST 28 2015...

CLIMATE NORMAL PERIOD 1981 TO 2010
CLIMATE RECORD PERIOD 1947 TO 2015


WEATHER ITEM   OBSERVED TIME   RECORD YEAR NORMAL DEPARTURE LAST
                VALUE   (LST)  VALUE       VALUE  FROM      YEAR
                                                  NORMAL
..................................................................
TEMPERATURE (F)
 YESTERDAY
  MAXIMUM         88    441 PM  99    1997  84      4       85
  MINIMUM         50    618 AM  36    1962  50      0       51
  AVERAGE         69                        67      2       68

PRECIPITATION (IN)
  YESTERDAY        0.00          0.11 1974   0.01  -0.01     0.00
  MONTH TO DATE    0.45                      0.38   0.07     1.49
  SINCE JUN 1      1.92                      2.24  -0.32     3.36
  SINCE JAN 1      6.10                      5.40   0.70     5.57

DEGREE DAYS
 HEATING
  YESTERDAY        0                         2     -2        0
  MONTH TO DATE   30                        14     16       29
  SINCE JUN 1     41                       120    -79      120
  SINCE JUL 1     37                        27     10       30

 COOLING
  YESTERDAY        4                         4      0        3
  MONTH TO DATE  172                       172      0      165
  SINCE JUN 1    549                       485     64      473
  SINCE JAN 1    551                       497     54      503
..................................................................


WIND (MPH)
  HIGHEST WIND SPEED    14   HIGHEST WIND DIRECTION    SE (150)
  HIGHEST GUST SPEED    16   HIGHEST GUST DIRECTION     S (160)
  AVERAGE WIND SPEED     4.5


SKY COVER
  POSSIBLE SUNSHINE  MM
  AVERAGE SKY COVER 0.0


WEATHER CONDITIONS
 THE FOLLOWING WEATHER WAS RECORDED YESTERDAY.
  FOG
  HAZE


RELATIVE HUMIDITY (PERCENT)
 HIGHEST    96           500 AM
 LOWEST     22           400 PM
 AVERAGE    59

..........................................................


THE WORLAND WY CLIMATE NORMALS FOR TODAY
                         NORMAL    RECORD    YEAR
 MAXIMUM TEMPERATURE (F)   84       103      2012
 MINIMUM TEMPERATURE (F)   50        39      1968


SUNRISE AND SUNSET
AUGUST 29 2015........SUNRISE   631 AM MDT   SUNSET   753 PM MDT
AUGUST 30 2015........SUNRISE   633 AM MDT   SUNSET   751 PM MDT


-  INDICATES NEGATIVE NUMBERS.
R  INDICATES RECORD WAS SET OR TIED.
MM INDICATES DATA IS MISSING.
T  INDICATES TRACE AMOUNT.




$$
