000
CDUS45 KRIW 200739
CLIWRL


CLIMATE REPORT
NATIONAL WEATHER SERVICE RIVERTON WY
137 AM MDT SUN APR 20 2014


...................................

...THE WORLAND WY CLIMATE SUMMARY FOR APRIL 19 2014...

CLIMATE NORMAL PERIOD 1981 TO 2010
CLIMATE RECORD PERIOD 1947 TO 2014


WEATHER ITEM   OBSERVED TIME   RECORD YEAR NORMAL DEPARTURE LAST
                VALUE   (LST)  VALUE       VALUE  FROM      YEAR
                                                  NORMAL
..................................................................
TEMPERATURE (F)
 YESTERDAY
  MAXIMUM         68    443 PM  85    1980  61      7       57
  MINIMUM         29    524 AM  19    1982  32     -3       29
  AVERAGE         49                        46      3       43

PRECIPITATION (IN)
  YESTERDAY        0.00          0.50 2007   0.03  -0.03     0.00
  MONTH TO DATE    0.27                      0.43  -0.16     0.33
  SINCE MAR 1      0.67                      0.89  -0.22     0.53
  SINCE JAN 1      1.05                      1.31  -0.26     0.92

DEGREE DAYS
 HEATING
  YESTERDAY       16                        18     -2       22
  MONTH TO DATE  404                       398      6      485
  SINCE MAR 1   1344                      1283     61     1358
  SINCE JUL 1   7724                      7284    440     6940

 COOLING
  YESTERDAY        0                         0      0        0
  MONTH TO DATE    0                         0      0        0
  SINCE MAR 1      0                         0      0        0
  SINCE JAN 1      0                         0      0        0
..................................................................


WIND (MPH)
  HIGHEST WIND SPEED    13   HIGHEST WIND DIRECTION     S (190)
  HIGHEST GUST SPEED    14   HIGHEST GUST DIRECTION    SE (140)
  AVERAGE WIND SPEED     4.7


SKY COVER
  POSSIBLE SUNSHINE  MM
  AVERAGE SKY COVER 0.0


WEATHER CONDITIONS
 THE FOLLOWING WEATHER WAS RECORDED YESTERDAY.
  NO SIGNIFICANT WEATHER WAS OBSERVED.


RELATIVE HUMIDITY (PERCENT)
 HIGHEST    92           300 AM
 LOWEST     18           400 PM
 AVERAGE    55

..........................................................


THE WORLAND WY CLIMATE NORMALS FOR TODAY
                         NORMAL    RECORD    YEAR
 MAXIMUM TEMPERATURE (F)   61        87      1980
 MINIMUM TEMPERATURE (F)   32        15      1966


SUNRISE AND SUNSET
APRIL 20 2014.........SUNRISE   620 AM MDT   SUNSET   802 PM MDT
APRIL 21 2014.........SUNRISE   619 AM MDT   SUNSET   803 PM MDT


-  INDICATES NEGATIVE NUMBERS.
R  INDICATES RECORD WAS SET OR TIED.
MM INDICATES DATA IS MISSING.
T  INDICATES TRACE AMOUNT.




$$
