000
CDUS45 KRIW 040746
CLIWRL


CLIMATE REPORT
NATIONAL WEATHER SERVICE RIVERTON WY
139 AM MDT TUE AUG 4 2015


...................................

...THE WORLAND WY CLIMATE SUMMARY FOR AUGUST 3 2015...

CLIMATE NORMAL PERIOD 1981 TO 2010
CLIMATE RECORD PERIOD 1947 TO 2015


WEATHER ITEM   OBSERVED TIME   RECORD YEAR NORMAL DEPARTURE LAST
                VALUE   (LST)  VALUE       VALUE  FROM      YEAR
                                                  NORMAL
..................................................................
TEMPERATURE (F)
 YESTERDAY
  MAXIMUM         91    401 PM 103    1961  90      1       91
  MINIMUM         57    416 AM  44    1978  55      2       58
  AVERAGE         74                        73      1       75

PRECIPITATION (IN)
  YESTERDAY        T             0.80 1994   0.02  -0.02     0.00
  MONTH TO DATE    T                         0.06  -0.06      T
  SINCE JUN 1      1.47                      1.92  -0.45     1.87
  SINCE JAN 1      5.65                      5.08   0.57     4.08

DEGREE DAYS
 HEATING
  YESTERDAY        0                         0      0        0
  MONTH TO DATE    0                         0      0        0
  SINCE JUN 1     11                       106    -95       91
  SINCE JUL 1      7                        13     -6        1

 COOLING
  YESTERDAY        9                         8      1       10
  MONTH TO DATE   27                        24      3       33
  SINCE JUN 1    404                       337     67      341
  SINCE JAN 1    406                       349     57      371
..................................................................


WIND (MPH)
  HIGHEST WIND SPEED    32   HIGHEST WIND DIRECTION    SE (130)
  HIGHEST GUST SPEED    41   HIGHEST GUST DIRECTION    SE (120)
  AVERAGE WIND SPEED     8.7


SKY COVER
  POSSIBLE SUNSHINE  MM
  AVERAGE SKY COVER 0.1


WEATHER CONDITIONS
 THE FOLLOWING WEATHER WAS RECORDED YESTERDAY.
  THUNDERSTORM


RELATIVE HUMIDITY (PERCENT)
 HIGHEST    63          1100 PM
 LOWEST     18           400 PM
 AVERAGE    41

..........................................................


THE WORLAND WY CLIMATE NORMALS FOR TODAY
                         NORMAL    RECORD    YEAR
 MAXIMUM TEMPERATURE (F)   90       103      1961
 MINIMUM TEMPERATURE (F)   55        44      1980


SUNRISE AND SUNSET
AUGUST  4 2015........SUNRISE   603 AM MDT   SUNSET   832 PM MDT
AUGUST  5 2015........SUNRISE   604 AM MDT   SUNSET   831 PM MDT


-  INDICATES NEGATIVE NUMBERS.
R  INDICATES RECORD WAS SET OR TIED.
MM INDICATES DATA IS MISSING.
T  INDICATES TRACE AMOUNT.




$$
