000
CDUS45 KRIW 260728
CLIWRL


CLIMATE REPORT
NATIONAL WEATHER SERVICE RIVERTON WY
127 AM MDT MON JUN 26 2017


...................................

...THE WORLAND WY CLIMATE SUMMARY FOR JUNE 25 2017...

CLIMATE NORMAL PERIOD 1981 TO 2010
CLIMATE RECORD PERIOD 1947 TO 2017


WEATHER ITEM   OBSERVED TIME   RECORD YEAR NORMAL DEPARTURE LAST
                VALUE   (LST)  VALUE       VALUE  FROM      YEAR
                                                  NORMAL
..................................................................
TEMPERATURE (F)
 YESTERDAY
  MAXIMUM         82    441 PM 104    1974  84     -2       83
  MINIMUM         47    453 AM  38    1966  52     -5       48
  AVERAGE         65                        68     -3       66

PRECIPITATION (IN)
  YESTERDAY        0.00          0.74 1985   0.03  -0.03     0.00
  MONTH TO DATE    0.25                      1.03  -0.78     0.26
  SINCE JUN 1      0.25                      1.03  -0.78     0.26
  SINCE JAN 1      5.05                      4.19   0.86     4.02

DEGREE DAYS
 HEATING
  YESTERDAY        0                         1     -1        0
  MONTH TO DATE   32                        87    -55        6
  SINCE JUN 1     32                        87    -55        6
  SINCE JUL 1   7441                      7863   -422     6997

 COOLING
  YESTERDAY        0                         4     -4        1
  MONTH TO DATE   79                        59     20      158
  SINCE JUN 1     79                        59     20      158
  SINCE JAN 1     79                        71      8      160
..................................................................


WIND (MPH)
  HIGHEST WIND SPEED    14   HIGHEST WIND DIRECTION    SE (130)
  HIGHEST GUST SPEED    15   HIGHEST GUST DIRECTION    SE (130)
  AVERAGE WIND SPEED     5.4


SKY COVER
  POSSIBLE SUNSHINE  MM
  AVERAGE SKY COVER 0.1


WEATHER CONDITIONS
 THE FOLLOWING WEATHER WAS RECORDED YESTERDAY.
  NO SIGNIFICANT WEATHER WAS OBSERVED.


RELATIVE HUMIDITY (PERCENT)
 HIGHEST    71           500 AM
 LOWEST     18           300 PM
 AVERAGE    45

..........................................................


THE WORLAND WY CLIMATE NORMALS FOR TODAY
                         NORMAL    RECORD    YEAR
 MAXIMUM TEMPERATURE (F)   84       104      1988
 MINIMUM TEMPERATURE (F)   52        42      1972


SUNRISE AND SUNSET
JUNE 26 2017..........SUNRISE   531 AM MDT   SUNSET   859 PM MDT
JUNE 27 2017..........SUNRISE   531 AM MDT   SUNSET   859 PM MDT


-  INDICATES NEGATIVE NUMBERS.
R  INDICATES RECORD WAS SET OR TIED.
MM INDICATES DATA IS MISSING.
T  INDICATES TRACE AMOUNT.




$$
