000
CDUS45 KRIW 180735
CLIWRL


CLIMATE REPORT
NATIONAL WEATHER SERVICE RIVERTON WY
1228 AM MST THU DEC 18 2014


...................................

...THE WORLAND WY CLIMATE SUMMARY FOR DECEMBER 17 2014...

CLIMATE NORMAL PERIOD 1981 TO 2010
CLIMATE RECORD PERIOD 1947 TO 2014


WEATHER ITEM   OBSERVED TIME   RECORD YEAR NORMAL DEPARTURE LAST
                VALUE   (LST)  VALUE       VALUE  FROM      YEAR
                                                  NORMAL
..................................................................
TEMPERATURE (F)
 YESTERDAY
  MAXIMUM         18    224 PM  56    1962  30    -12       39
  MINIMUM         -2    530 AM -40    1964   4     -6       16
  AVERAGE          8                        17     -9       28

PRECIPITATION (IN)
  YESTERDAY        0.00          0.09 1970   0.01  -0.01     0.00
  MONTH TO DATE    0.32                      0.13   0.19      T
  SINCE DEC 1      0.32                      0.13   0.19      T
  SINCE JAN 1      7.88                      7.47   0.41     7.74

DEGREE DAYS
 HEATING
  YESTERDAY       57                        48      9       37
  MONTH TO DATE  664                       785   -121      882
  SINCE DEC 1    664                       785   -121      882
  SINCE JUL 1   2580                      2677    -97     2738

 COOLING
  YESTERDAY        0                         0      0        0
  MONTH TO DATE    0                         0      0        0
  SINCE DEC 1      0                         0      0        0
  SINCE JAN 1    543                       535      8      852
..................................................................


WIND (MPH)
  HIGHEST WIND SPEED    10   HIGHEST WIND DIRECTION     S (180)
  HIGHEST GUST SPEED    12   HIGHEST GUST DIRECTION     S (190)
  AVERAGE WIND SPEED     4.8


SKY COVER
  POSSIBLE SUNSHINE  MM
  AVERAGE SKY COVER 0.2


WEATHER CONDITIONS
 THE FOLLOWING WEATHER WAS RECORDED YESTERDAY.
  FOG


RELATIVE HUMIDITY (PERCENT)
 HIGHEST    95           500 AM
 LOWEST     74           100 PM
 AVERAGE    85

..........................................................


THE WORLAND WY CLIMATE NORMALS FOR TODAY
                         NORMAL    RECORD    YEAR
 MAXIMUM TEMPERATURE (F)   30        55      1966
 MINIMUM TEMPERATURE (F)    3       -27      1964


SUNRISE AND SUNSET
DECEMBER 18 2014......SUNRISE   742 AM MST   SUNSET   435 PM MST
DECEMBER 19 2014......SUNRISE   742 AM MST   SUNSET   436 PM MST


-  INDICATES NEGATIVE NUMBERS.
R  INDICATES RECORD WAS SET OR TIED.
MM INDICATES DATA IS MISSING.
T  INDICATES TRACE AMOUNT.




$$
