000
CDUS45 KRIW 170729
CLIWRL


CLIMATE REPORT
NATIONAL WEATHER SERVICE RIVERTON WY
128 AM MDT THU AUG 17 2017


...................................

...THE WORLAND WY CLIMATE SUMMARY FOR AUGUST 16 2017...

CLIMATE NORMAL PERIOD 1981 TO 2010
CLIMATE RECORD PERIOD 1947 TO 2017


WEATHER ITEM   OBSERVED TIME   RECORD YEAR NORMAL DEPARTURE LAST
                VALUE   (LST)  VALUE       VALUE  FROM      YEAR
                                                  NORMAL
..................................................................
TEMPERATURE (F)
 YESTERDAY
  MAXIMUM         85    404 PM 101    1995  88     -3       94
  MINIMUM         48    519 AM  41    1968  53     -5       55
  AVERAGE         67                        70     -3       75

PRECIPITATION (IN)
  YESTERDAY        0.00          0.75 1980   0.01  -0.01     0.00
  MONTH TO DATE    0.18                      0.23  -0.05     0.26
  SINCE JUN 1      0.70                      2.09  -1.39     0.70
  SINCE JAN 1      5.50                      5.25   0.25     4.46

DEGREE DAYS
 HEATING
  YESTERDAY        0                         0      0        0
  MONTH TO DATE    1                         0      1        0
  SINCE JUN 1     47                       106    -59       10
  SINCE JUL 1      1                        13    -12        4

 COOLING
  YESTERDAY        2                         6     -4       10
  MONTH TO DATE   49                       115    -66      136
  SINCE JUN 1    450                       428     22      600
  SINCE JAN 1    450                       440     10      602
..................................................................


WIND (MPH)
  HIGHEST WIND SPEED    12   HIGHEST WIND DIRECTION    SE (150)
  HIGHEST GUST SPEED    13   HIGHEST GUST DIRECTION    SE (150)
  AVERAGE WIND SPEED     4.0


SKY COVER
  POSSIBLE SUNSHINE  MM
  AVERAGE SKY COVER 0.0


WEATHER CONDITIONS
 THE FOLLOWING WEATHER WAS RECORDED YESTERDAY.
  NO SIGNIFICANT WEATHER WAS OBSERVED.


RELATIVE HUMIDITY (PERCENT)
 HIGHEST    96           700 AM
 LOWEST     10           200 PM
 AVERAGE    53

..........................................................


THE WORLAND WY CLIMATE NORMALS FOR TODAY
                         NORMAL    RECORD    YEAR
 MAXIMUM TEMPERATURE (F)   88        99      2013
                                             1973
 MINIMUM TEMPERATURE (F)   53        40      2002


SUNRISE AND SUNSET
AUGUST 17 2017........SUNRISE   618 AM MDT   SUNSET   812 PM MDT
AUGUST 18 2017........SUNRISE   620 AM MDT   SUNSET   811 PM MDT


-  INDICATES NEGATIVE NUMBERS.
R  INDICATES RECORD WAS SET OR TIED.
MM INDICATES DATA IS MISSING.
T  INDICATES TRACE AMOUNT.




$$
