000
CDUS45 KRIW 200740
CLIWRL


CLIMATE REPORT
NATIONAL WEATHER SERVICE RIVERTON WY
136 AM MDT WED AUG 20 2014


...................................

...THE WORLAND WY CLIMATE SUMMARY FOR AUGUST 19 2014...

CLIMATE NORMAL PERIOD 1981 TO 2010
CLIMATE RECORD PERIOD 1947 TO 2014


WEATHER ITEM   OBSERVED TIME   RECORD YEAR NORMAL DEPARTURE LAST
                VALUE   (LST)  VALUE       VALUE  FROM      YEAR
                                                  NORMAL
..................................................................
TEMPERATURE (F)
 YESTERDAY
  MAXIMUM         92    124 PM  98    1988  87      5       97
  MINIMUM         53    604 AM  42    1995  52      1       57
  AVERAGE         73                        70      3       77

PRECIPITATION (IN)
  YESTERDAY        0.01          0.12 2007   0.01   0.00     0.00
  MONTH TO DATE    0.28                      0.27   0.01     0.07
  SINCE JUN 1      2.15                      2.13   0.02     0.46
  SINCE JAN 1      4.36                      5.29  -0.93     3.15

DEGREE DAYS
 HEATING
  YESTERDAY        0                         1     -1        0
  MONTH TO DATE    0                         3     -3        0
  SINCE JUN 1     91                       109    -18       45
  SINCE JUL 1      1                        16    -15        0

 COOLING
  YESTERDAY        8                         5      3       12
  MONTH TO DATE  156                       132     24      156
  SINCE JUN 1    464                       445     19      622
  SINCE JAN 1    494                       457     37      639
..................................................................


WIND (MPH)
  HIGHEST WIND SPEED    28   HIGHEST WIND DIRECTION     W (290)
  HIGHEST GUST SPEED    37   HIGHEST GUST DIRECTION     W (280)
  AVERAGE WIND SPEED     6.7


SKY COVER
  POSSIBLE SUNSHINE  MM
  AVERAGE SKY COVER 0.1


WEATHER CONDITIONS
 THE FOLLOWING WEATHER WAS RECORDED YESTERDAY.
  LIGHT RAIN
  HAZE


RELATIVE HUMIDITY (PERCENT)
 HIGHEST    71           600 AM
 LOWEST     14           100 PM
 AVERAGE    43

..........................................................


THE WORLAND WY CLIMATE NORMALS FOR TODAY
                         NORMAL    RECORD    YEAR
 MAXIMUM TEMPERATURE (F)   87       102      1973
 MINIMUM TEMPERATURE (F)   52        43      1964


SUNRISE AND SUNSET
AUGUST 20 2014........SUNRISE   621 AM MDT   SUNSET   808 PM MDT
AUGUST 21 2014........SUNRISE   623 AM MDT   SUNSET   806 PM MDT


-  INDICATES NEGATIVE NUMBERS.
R  INDICATES RECORD WAS SET OR TIED.
MM INDICATES DATA IS MISSING.
T  INDICATES TRACE AMOUNT.




$$
