000
CDAK47 PAYA 010908
CLIYAK

CLIMATE REPORT
NATIONAL WEATHER SERVICE YAKUTAT, AK
108 AM AKDT SUN MAY 1 2016

...................................
...THE YAKUTAT AP CLIMATE SUMMARY FOR APRIL 30 2016...

CLIMATE NORMAL PERIOD  1981 TO  2010
CLIMATE RECORD PERIOD  1948 TO  2016

WEATHER ITEM   OBSERVED TIME    RECORD YEAR NORMAL DEPARTURE LAST
               VALUE    (LST)   VALUE       VALUE  FROM      YEAR
                                                   NORMAL
...................................................................
TEMPERATURE
YESTERDAY
 MAXIMUM            48  0220 PM    71  1995     49      -1     49
 MINIMUM            41  0728 AM    22  1952     33       8     29
 AVERAGE            45                          41       4     39

PRECIPITATION
(INCHES)
 YESTERDAY        0.72           2.44  1977   0.28    0.44   0.11
 MONTH TO DATE    9.90                        9.19    0.71  14.17
 SINCE MAR 1     19.53                       20.23   -0.70  24.59
 SINCE JAN 1     44.82                       44.75    0.07  48.96

SNOWFALL
(INCHES)
 YESTERDAY         0.0            2.0  1977    0.1    -0.1    0.0
 MONTH TO DATE     0.0                        10.2   -10.2    6.8
 SINCE MAR 1       0.7                        37.4   -36.7   34.3
 SINCE JUL 1      49.9                       139.6   -89.7   47.1
 SNOW DEPTH (IN)     0                                          0

DEGREE DAYS
 HEATING
  YESTERDAY         20                          24      -4     26
  MONTH TO DATE    665                         816    -151    773
  SINCE MAR 1     1465                        1838    -373   1696
  SINCE JUL 1     6803                        7967   -1164   7128

 COOLING
  YESTERDAY          0                           0       0      0
  MONTH TO DATE      0                           0       0      0
  SINCE MAR 1        0                           0       0      0
  SINCE JAN 1        0                           0       0      0
...................................................................

WIND (MPH)
 HIGHEST WIND SPEED    29     HIGHEST WIND DIRECTION    130
 HIGHEST GUST SPEED    49     HIGHEST GUST DIRECTION    130
 AVERAGE WIND SPEED  13.2

SKY COVER
  POSSIBLE SUNSHINE    MM          AVERAGE SKY COVER     MM

WEATHER CONDITIONS
 THE FOLLOWING WEATHER WAS RECORDED YESTERDAY.
  FOG
RAIN


RELATIVE HUMIDITY
 HIGHEST RH     MM PERCENT       MM
 LOWEST  RH     MM PERCENT       MM
 AVERAGE RH     MM PERCENT       MM
...................................................................

THE YAKUTAT CLIMATE NORMALS FOR TODAY
                           NORMAL    RECORD   YEAR
 MAXIMUM TEMPERATURE (F)     50        66     2014
 MINIMUM TEMPERATURE (F)     33        21     1972

SUNRISE AND SUNSET
 MAY 1 2016..........SUNRISE  5:18 AM      SUNSET  9:17 PM
 MAY 2 2016..........SUNRISE  5:15 AM      SUNSET  9:19 PM

-  INDICATES NEGATIVE NUMBERS.
R  INDICATES RECORD HAS BEEN SET OR TIED.
MM INDICATES DATA IS MISSING.
T  INDICATES TRACE OF PRECIPITATION.

&&
-------------------------------------------------------------------

AMOUNT OF DAYLIGHT TODAY  (HOUR:MIN)........15 HOURS 59 MINUTES
GAIN/LOSS SINCE YESTERDAY (HOUR:MIN:SEC)....+0:05:03

$$
*** MAY 16
