092
CDAK47 PAYA 270900
CLIYAK

CLIMATE REPORT
NATIONAL WEATHER SERVICE YAKUTAT, AK
111 AM AKDT WED JUL 27 2016

...................................
...THE YAKUTAT AP CLIMATE SUMMARY FOR JULY 26 2016...

CLIMATE NORMAL PERIOD  1981 TO  2010
CLIMATE RECORD PERIOD  1948 TO  2016

WEATHER ITEM   OBSERVED TIME    RECORD YEAR NORMAL DEPARTURE LAST
               VALUE    (LST)   VALUE       VALUE  FROM      YEAR
                                                   NORMAL
...................................................................
TEMPERATURE
YESTERDAY
 MAXIMUM            58  0421 PM    83  1970     61      -3     56
 MINIMUM            53  0609 AM    41  1954     50       3     53
 AVERAGE            56                          55       1     55

PRECIPITATION
(INCHES)
 YESTERDAY        0.72           2.06  1986   0.31    0.41   1.40
 MONTH TO DATE    5.20                        6.23   -1.03   8.90
 SINCE JUN 1     10.74                       12.62   -1.88  17.55
 SINCE JAN 1     62.30                       65.58   -3.28  68.13

SNOWFALL
(INCHES)
 YESTERDAY         0.0            0.0  2016    0.0     0.0    0.0
 MONTH TO DATE     0.0                         0.0     0.0    0.0
 SINCE JUN 1       0.0                         0.0     0.0    0.0
 SINCE JUL 1       0.0                         0.0     0.0    0.0
 SNOW DEPTH (IN)     0                                          0

DEGREE DAYS
 HEATING
  YESTERDAY          9                          10      -1     10
  MONTH TO DATE    184                         282     -98    218
  SINCE JUN 1      511                         708    -197    552
  SINCE JUL 1      184                         282     -98    218

 COOLING
  YESTERDAY          0                           0       0      0
  MONTH TO DATE      0                           0       0      0
  SINCE JUN 1        0                           0       0      0
  SINCE JAN 1        0                           0       0      0
...................................................................

WIND (MPH)
 HIGHEST WIND SPEED    13     HIGHEST WIND DIRECTION    110
 HIGHEST GUST SPEED    18     HIGHEST GUST DIRECTION     90
 AVERAGE WIND SPEED   6.6

SKY COVER
  POSSIBLE SUNSHINE    MM          AVERAGE SKY COVER     MM

WEATHER CONDITIONS
 THE FOLLOWING WEATHER WAS RECORDED YESTERDAY.
  FOG
RAIN


RELATIVE HUMIDITY
 HIGHEST RH     MM PERCENT       MM
 LOWEST  RH     MM PERCENT       MM
 AVERAGE RH     MM PERCENT       MM
...................................................................

THE YAKUTAT CLIMATE NORMALS FOR TODAY
                           NORMAL    RECORD   YEAR
 MAXIMUM TEMPERATURE (F)     61        75     1970
 MINIMUM TEMPERATURE (F)     50        40     1956

SUNRISE AND SUNSET
 JUL 27 2016..........SUNRISE  4:53 AM      SUNSET  9:56 PM
 JUL 28 2016..........SUNRISE  4:56 AM      SUNSET  9:54 PM

-  INDICATES NEGATIVE NUMBERS.
R  INDICATES RECORD HAS BEEN SET OR TIED.
MM INDICATES DATA IS MISSING.
T  INDICATES TRACE OF PRECIPITATION.

&&
-------------------------------------------------------------------

AMOUNT OF DAYLIGHT TODAY  (HOUR:MIN)........17 HOURS 3 MINUTES
GAIN/LOSS SINCE YESTERDAY (HOUR:MIN:SEC)....-0:04:28

$$
*** JUL 16
