000
CDAK47 PAYA 240001
CLIYAK

CLIMATE REPORT
NATIONAL WEATHER SERVICE YAKUTAT, AK
401 PM AKDT SAT MAY 23 2015

...................................
...THE YAKUTAT AP CLIMATE SUMMARY FOR MAY 23 2015...
VALID TODAY AS OF 2:00 PM LOCAL TIME

CLIMATE NORMAL PERIOD  1981 TO  2010
CLIMATE RECORD PERIOD  1948 TO  2015

WEATHER ITEM   OBSERVED TIME    RECORD YEAR NORMAL DEPARTURE LAST
               VALUE    (LST)   VALUE       VALUE  FROM      YEAR
                                                   NORMAL
...................................................................
TEMPERATURE
TODAY
 MAXIMUM            50  0251 PM    74  1969     54      -4     53
 MINIMUM            43  0426 AM    27  1955     39       4     32
 AVERAGE            47                          46       1     43

PRECIPITATION
(INCHES)
 TODAY            0.00           3.25  1987   0.26   -0.26      T
 MONTH TO DATE    1.51                        6.16   -4.65   2.34
 SINCE MAR 1     26.10                       26.39   -0.29  10.26
 SINCE JAN 1     50.47                       50.91   -0.44  37.32

SNOWFALL
(INCHES)
 TODAY             0.0              T  2000    0.0     0.0    0.0
 MONTH TO DATE     0.0                         0.4    -0.4    0.0
 SINCE MAR 1      34.3                        37.8    -3.5   13.6
 SINCE JUL 1      47.1                       140.0   -92.9  109.0
 SNOW DEPTH (IN)     0                                          0

DEGREE DAYS
 HEATING
  TODAY             18                          19      -1     22
  MONTH TO DATE    417                         487     -70    402
  SINCE MAR 1     2113                        2325    -212   2308
  SINCE JUL 1     7545                        8454    -909   8121

 COOLING
  TODAY              0                           0       0      0
  MONTH TO DATE      0                           0       0      0
  SINCE MAR 1        0                           0       0      0
  SINCE JAN 1        0                           0       0      0
...................................................................

WIND (MPH)
 HIGHEST WIND SPEED    10     HIGHEST WIND DIRECTION    270
 HIGHEST GUST SPEED    14     HIGHEST GUST DIRECTION    230
 AVERAGE WIND SPEED    MM

SKY COVER
  POSSIBLE SUNSHINE  MM            AVERAGE SKY COVER MM

WEATHER CONDITIONS
 THE FOLLOWING WEATHER WAS RECORDED TODAY.


RELATIVE HUMIDITY
 HIGHEST RH     MM PERCENT       MM
 LOWEST  RH     MM PERCENT       MM
 AVERAGE RH     MM PERCENT       MM
...................................................................

THE YAKUTAT CLIMATE NORMALS FOR TOMORROW
                        NORMAL    RECORD   YEAR
 MAXIMUM TEMPERATURE      54        68     1969
 MINIMUM TEMPERATURE      39        28     1966

SUNRISE AND SUNSET
 MAY 23 2015..........SUNRISE  4:28 AM      SUNSET 10:05 PM
 MAY 24 2015..........SUNRISE  4:26 AM      SUNSET 10:07 PM

-  INDICATES NEGATIVE NUMBERS.
R  INDICATES RECORD HAS BEEN SET OR TIED.
MM INDICATES DATA IS MISSING.
T  INDICATES TRACE OF PRECIPITATION.

&&
-------------------------------------------------------------------

AMOUNT OF DAYLIGHT TODAY  (HOUR:MIN)........17 HOURS 37 MINUTES
GAIN/LOSS SINCE YESTERDAY (HOUR:MIN:SEC)....+0:04:01

$$
DC MAY 15
