488
CDAK47 PAJK 231235
CLIYAK
CLIMATE REPORT
NATIONAL WEATHER SERVICE JUNEAU, AK
334 AM AKST THU NOV 23 2017


...................................

...THE YAKUTAT CLIMATE SUMMARY FOR NOVEMBER 22 2017...

CLIMATE NORMAL PERIOD 1981 TO 2010
CLIMATE RECORD PERIOD 1917 TO 2017


WEATHER ITEM   OBSERVED RECORD YEAR NORMAL DEPARTURE LAST
                VALUE   VALUE       VALUE  FROM      YEAR
                                           NORMAL
...........................................................
TEMPERATURE (F)
 YESTERDAY
  MAXIMUM         33     53    1949  37     -4       40
  MINIMUM         17      3    2006  25     -8       27
  AVERAGE         25                 31     -6       34

PRECIPITATION (IN)
  YESTERDAY        0.04   5.32 1947   0.47  -0.43      T
  MONTH TO DATE    0.57              10.61 -10.04     9.24
  SINCE JAN 1    109.58             135.00 -25.42   107.49

SNOWFALL (IN)
  YESTERDAY        0.5   12.5  2011   0.8   -0.3       T
  MONTH TO DATE   15.8               12.1    3.7      1.9
  SINCE JUL 1     15.9               14.6    1.3      1.9
  SNOW DEPTH       6

DEGREE DAYS
 HEATING
  YESTERDAY       40                 34      6       31
  MONTH TO DATE  764                705     59      591
...........................................................


WIND (MPH)
  HIGHEST WIND SPEED     7   HIGHEST WIND DIRECTION    SE (150)
  HIGHEST GUST SPEED    10   HIGHEST GUST DIRECTION     E (100)
  AVERAGE WIND SPEED     1.2


SKY COVER
  AVERAGE SKY COVER 0.7


WEATHER CONDITIONS
 THE FOLLOWING WEATHER WAS RECORDED YESTERDAY.
  SNOW
  LIGHT SNOW
  FOG


..........................................................


THE YAKUTAT CLIMATE NORMALS FOR TODAY
                         NORMAL    RECORD    YEAR
 MAXIMUM TEMPERATURE (F)   37        51      2002
 MINIMUM TEMPERATURE (F)   25        -2      2006


SUNRISE AND SUNSET
NOVEMBER 23 2017......SUNRISE   834 AM AKST  SUNSET   336 PM AKST
NOVEMBER 24 2017......SUNRISE   836 AM AKST  SUNSET   334 PM AKST


-  INDICATES NEGATIVE NUMBERS.
R  INDICATES RECORD WAS SET OR TIED.
MM INDICATES DATA IS MISSING.
T  INDICATES TRACE AMOUNT.




$$
--------------------------------------------------------------

AMOUNT OF DAYLIGHT TODAY (HOUR:MIN)......... 7 HOURS 02 MINUTES
GAIN/LOSS SINCE YESTERDAY (HOUR:MIN:SEC).... -0:03:57

$$
