000
CDUS46 KPDT 230946 RRA
CLIYKM

CLIMATE REPORT
NATIONAL WEATHER SERVICE PENDLETON OR
244 AM PDT WED AUG 23 2017


...................................

...THE YAKIMA WA CLIMATE SUMMARY FOR AUGUST 22 2017...

CLIMATE NORMAL PERIOD 1981 TO 2010
CLIMATE RECORD PERIOD 1946 TO 2017


WEATHER ITEM   OBSERVED TIME   RECORD YEAR NORMAL DEPARTURE LAST
                VALUE   (LST)  VALUE       VALUE  FROM      YEAR
                                                  NORMAL
..................................................................
TEMPERATURE (F)
 YESTERDAY
  MAXIMUM         94    316 PM  99    1961  86      8       82
                                      1956
  MINIMUM         54    542 AM  35    1960  51      3       55
  AVERAGE         74                        68      6       69

PRECIPITATION (IN)
  YESTERDAY        0.00          0.51 2004   0.01  -0.01     0.00
  MONTH TO DATE    0.12                      0.17  -0.05      T
  SINCE OCT 1     11.61                      7.80   3.81    10.54
  SINCE JAN 1      7.69                      4.68   3.01     5.89

SNOWFALL (IN)
  YESTERDAY        0.0           0.0  2002   0.0    0.0      0.0
                                      2001
                                      1999
  MONTH TO DATE    0.0                       0.0    0.0      0.0
  SINCE JAN 1     29.1                       8.6   20.5     12.5
  SINCE JUL 1      0.0                       0.0    0.0      0.0
  SNOW DEPTH       0

DEGREE DAYS
 HEATING
  YESTERDAY        0                         1     -1        0
  MONTH TO DATE    0                        15    -15        3
  SINCE JUN 1     51                       134    -83       71
  SINCE JUL 1      0                        36    -36        3

 COOLING
  YESTERDAY        9                         4      5        4
  MONTH TO DATE  275                       130    145      200
  SINCE JUN 1    799                       390    409      659
  SINCE JAN 1    856                       410    446      698
..................................................................


WIND (MPH)
  HIGHEST WIND SPEED    12   HIGHEST WIND DIRECTION     W (260)
  HIGHEST GUST SPEED    14   HIGHEST GUST DIRECTION    NW (330)
  AVERAGE WIND SPEED     6.0


SKY COVER
  POSSIBLE SUNSHINE  MM
  AVERAGE SKY COVER 0.0


WEATHER CONDITIONS
 THE FOLLOWING WEATHER WAS RECORDED YESTERDAY.
  HAZE


RELATIVE HUMIDITY (PERCENT)
 HIGHEST    77           300 AM
 LOWEST     20           200 PM
 AVERAGE    49

..........................................................


THE YAKIMA WA CLIMATE NORMALS FOR TODAY
                         NORMAL    RECORD    YEAR
 MAXIMUM TEMPERATURE (F)   85        98      1970
                                             1961
                                             1958
 MINIMUM TEMPERATURE (F)   50        38      1992


SUNRISE AND SUNSET
AUGUST 23 2017........SUNRISE   611 AM PDT   SUNSET   757 PM PDT
AUGUST 24 2017........SUNRISE   612 AM PDT   SUNSET   755 PM PDT


-  INDICATES NEGATIVE NUMBERS.
R  INDICATES RECORD WAS SET OR TIED.
MM INDICATES DATA IS MISSING.
T  INDICATES TRACE AMOUNT.




$$
