000
CDUS46 KPDT 090922
CLIYKM

CLIMATE REPORT
NATIONAL WEATHER SERVICE PENDLETON OR
122 AM PST TUE FEB 9 2016


...................................

...THE YAKIMA WA CLIMATE SUMMARY FOR FEBRUARY 8 2016...

CLIMATE NORMAL PERIOD 1981 TO 2010
CLIMATE RECORD PERIOD 1946 TO 2016


WEATHER ITEM   OBSERVED TIME   RECORD YEAR NORMAL DEPARTURE LAST
                VALUE   (LST)  VALUE       VALUE  FROM      YEAR
                                                  NORMAL
..................................................................
TEMPERATURE (F)
 YESTERDAY
  MAXIMUM         53    342 PM  58    1995  44      9       54
  MINIMUM         29    745 AM   0    1949  25      4       35
  AVERAGE         41                        35      6       45

PRECIPITATION (IN)
  YESTERDAY        0.00          0.57 2014   0.03  -0.03     0.03
  MONTH TO DATE    0.03                      0.23  -0.20     0.45
  SINCE OCT 1      6.99                      4.49   2.50     3.25
  SINCE JAN 1      2.34                      1.37   0.97     1.15

SNOWFALL (IN)
  YESTERDAY        0.0          12.8  2014   0.1   -0.1      0.0
  MONTH TO DATE    0.8                       0.9   -0.1      0.0
  SINCE JAN 1     12.5                       6.2    6.3      1.6
  SINCE JUL 1     31.4                      19.2   12.2      1.6
  SNOW DEPTH       0

DEGREE DAYS
 HEATING
  YESTERDAY       24                        30     -6       20
  MONTH TO DATE  216                       245    -29      175
  SINCE DEC 1   2214                      2430   -216     1999
  SINCE JUL 1   3328                      3963   -635     3183

 COOLING
  YESTERDAY        0                         0      0        0
  MONTH TO DATE    0                         0      0        0
  SINCE DEC 1      0                         0      0        0
  SINCE JAN 1      0                         0      0        0
..................................................................


WIND (MPH)
  HIGHEST WIND SPEED    10   HIGHEST WIND DIRECTION     W (260)
  HIGHEST GUST SPEED    11   HIGHEST GUST DIRECTION     W (260)
  AVERAGE WIND SPEED     6.2


SKY COVER
  POSSIBLE SUNSHINE  MM
  AVERAGE SKY COVER 0.0


WEATHER CONDITIONS
 THE FOLLOWING WEATHER WAS RECORDED YESTERDAY.
  NO SIGNIFICANT WEATHER WAS OBSERVED.


RELATIVE HUMIDITY (PERCENT)
 HIGHEST    85           100 AM
 LOWEST     44           100 PM
 AVERAGE    65

..........................................................


THE YAKIMA WA CLIMATE NORMALS FOR TODAY
                         NORMAL    RECORD    YEAR
 MAXIMUM TEMPERATURE (F)   45        60      1951
 MINIMUM TEMPERATURE (F)   25         6      1989


SUNRISE AND SUNSET
FEBRUARY  9 2016......SUNRISE   716 AM PST   SUNSET   518 PM PST
FEBRUARY 10 2016......SUNRISE   714 AM PST   SUNSET   519 PM PST


-  INDICATES NEGATIVE NUMBERS.
R  INDICATES RECORD WAS SET OR TIED.
MM INDICATES DATA IS MISSING.
T  INDICATES TRACE AMOUNT.




$$
