000
CDUS46 KPDT 020915
CLIYKM

CLIMATE REPORT
NATIONAL WEATHER SERVICE PENDLETON OR
115 AM PST FRI DEC 2 2016

...................................

...THE YAKIMA WA CLIMATE SUMMARY FOR DECEMBER 1 2016...

CLIMATE NORMAL PERIOD 1981 TO 2010
CLIMATE RECORD PERIOD 1946 TO 2016


WEATHER ITEM   OBSERVED TIME   RECORD YEAR NORMAL DEPARTURE LAST
                VALUE   (LST)  VALUE       VALUE  FROM      YEAR
                                                  NORMAL
..................................................................
TEMPERATURE (F)
 YESTERDAY
  MAXIMUM         52    210 PM  67    1972  40     12       29
  MINIMUM         23    742 AM   5    2006  23      0       24
  AVERAGE         38                        32      6       27

PRECIPITATION (IN)
  YESTERDAY        0.00          0.40 1960   0.05  -0.05     0.04
  MONTH TO DATE    0.00                      0.05  -0.05     0.04
  SINCE OCT 1      3.05                      1.64   1.41     1.22
  SINCE JAN 1      9.11                      6.77   2.34     5.53

SNOWFALL (IN)
  YESTERDAY        0.0           3.3  1979   0.3   -0.3      0.4
  MONTH TO DATE    0.0                       0.3   -0.3      0.4
  SINCE JAN 1     12.5                      12.5    0.0      5.0
  SINCE JUL 1      T                         3.9   -3.9      3.4
  SNOW DEPTH       0

DEGREE DAYS
 HEATING
  YESTERDAY       27                        33     -6       38
  MONTH TO DATE   27                        33     -6       38
  SINCE DEC 1     27                        33     -6       38
  SINCE JUL 1   1046                      1566   -520     1152

 COOLING
  YESTERDAY        0                         0      0        0
  MONTH TO DATE    0                         0      0        0
  SINCE DEC 1      0                         0      0        0
  SINCE JAN 1    774                       472    302     1094
..................................................................


WIND (MPH)
  HIGHEST WIND SPEED     9   HIGHEST WIND DIRECTION     W (280)
  HIGHEST GUST SPEED    11   HIGHEST GUST DIRECTION     W (270)
  AVERAGE WIND SPEED     2.9


SKY COVER
  POSSIBLE SUNSHINE  MM
  AVERAGE SKY COVER 0.2


WEATHER CONDITIONS
 THE FOLLOWING WEATHER WAS RECORDED YESTERDAY.
  NO SIGNIFICANT WEATHER WAS OBSERVED.


RELATIVE HUMIDITY (PERCENT)
 HIGHEST    88           600 AM
 LOWEST     46           100 PM
 AVERAGE    67

..........................................................


THE YAKIMA WA CLIMATE NORMALS FOR TODAY
                         NORMAL    RECORD    YEAR
 MAXIMUM TEMPERATURE (F)   39        64      1975
 MINIMUM TEMPERATURE (F)   23         3      2006


SUNRISE AND SUNSET
DECEMBER  2 2016......SUNRISE   727 AM PST   SUNSET   416 PM PST
DECEMBER  3 2016......SUNRISE   729 AM PST   SUNSET   416 PM PST


-  INDICATES NEGATIVE NUMBERS.
R  INDICATES RECORD WAS SET OR TIED.
MM INDICATES DATA IS MISSING.
T  INDICATES TRACE AMOUNT.

$$
