000
CDUS46 KPDT 290052
CLIYKM

CLIMATE REPORT
NATIONAL WEATHER SERVICE PENDLETON OR
532 PM PDT SAT MAY 28 2016


...................................

...THE YAKIMA WA CLIMATE SUMMARY FOR MAY 28 2016...
VALID TODAY AS OF 0500 PM LOCAL TIME.

CLIMATE NORMAL PERIOD 1981 TO 2010
CLIMATE RECORD PERIOD 1946 TO 2016


WEATHER ITEM   OBSERVED TIME   RECORD YEAR NORMAL DEPARTURE LAST
                VALUE   (LST)  VALUE       VALUE  FROM      YEAR
                                                  NORMAL
..................................................................
TEMPERATURE (F)
 TODAY
  MAXIMUM         75    309 PM  97    1983  76     -1       89
  MINIMUM         48    452 AM  29    1976  45      3       54
  AVERAGE         62                        60      2       72

PRECIPITATION (IN)
  TODAY            0.00          0.39 1948   0.03  -0.03     0.00
  MONTH TO DATE    0.64                      0.52   0.12     1.80
  SINCE OCT 1     10.10                      6.73   3.37     6.32
  SINCE JAN 1      5.45                      3.61   1.84     4.22

SNOWFALL (IN)
  TODAY            0.0           0.0  2002   0.0    0.0      0.0
                                      2001
                                      2000
  MONTH TO DATE    0.0                       0.0    0.0      0.0
  SINCE JAN 1     12.5                       8.6    3.9      1.6
  SINCE JUL 1     31.4                      21.6    9.8      1.6
  SNOW DEPTH       0

DEGREE DAYS
 HEATING
  TODAY            3                         6     -3        0
  MONTH TO DATE   75                       245   -170       86
  SINCE MAR 1    830                      1400   -570      925
  SINCE JUL 1   4580                      5927  -1347     4507

 COOLING
  TODAY            0                         1     -1        7
  MONTH TO DATE   33                        17     16       64
  SINCE MAR 1     39                        18     21       64
  SINCE JAN 1     39                        18     21       64
..................................................................


WIND (MPH)
  HIGHEST WIND SPEED    16   HIGHEST WIND DIRECTION    NW (310)
  HIGHEST GUST SPEED    20   HIGHEST GUST DIRECTION    NW (310)
  AVERAGE WIND SPEED     5.6


SKY COVER
  POSSIBLE SUNSHINE  MM
  AVERAGE SKY COVER 0.2


WEATHER CONDITIONS
THE FOLLOWING WEATHER WAS RECORDED TODAY.
  NO SIGNIFICANT WEATHER WAS OBSERVED.


RELATIVE HUMIDITY (PERCENT)
 HIGHEST    61           500 AM
 LOWEST     27           200 PM
 AVERAGE    44

..........................................................


THE YAKIMA WA CLIMATE NORMALS FOR TOMORROW
                         NORMAL    RECORD    YEAR
 MAXIMUM TEMPERATURE (F)   76       101      1983
 MINIMUM TEMPERATURE (F)   45        29      2001


SUNRISE AND SUNSET
MAY 28 2016...........SUNRISE   515 AM PDT   SUNSET   845 PM PDT
MAY 29 2016...........SUNRISE   514 AM PDT   SUNSET   846 PM PDT


-  INDICATES NEGATIVE NUMBERS.
R  INDICATES RECORD WAS SET OR TIED.
MM INDICATES DATA IS MISSING.
T  INDICATES TRACE AMOUNT.




$$
