000
CDUS46 KPDT 200829 RRC
CLIYKM

CLIMATE REPORT
NATIONAL WEATHER SERVICE PENDLETON OR
1227 AM PST TUE FEB 20 2018


...................................

...THE YAKIMA WA CLIMATE SUMMARY FOR FEBRUARY 19 2018...

CLIMATE NORMAL PERIOD 1981 TO 2010
CLIMATE RECORD PERIOD 1946 TO 2018


WEATHER ITEM   OBSERVED TIME   RECORD YEAR NORMAL DEPARTURE LAST
                VALUE   (LST)  VALUE       VALUE  FROM      YEAR
                                                  NORMAL
..................................................................
TEMPERATURE (F)
 YESTERDAY
  MAXIMUM         33    300 PM  66    1991  48    -15       47
  MINIMUM         26        MM   7    2006  26      0       34
  AVERAGE         30                        37     -7       41

PRECIPITATION (IN)
  YESTERDAY        0.00          0.37 1993   0.03  -0.03      T
  MONTH TO DATE    0.10                      0.54  -0.44     1.80
  SINCE OCT 1      3.29                      4.80  -1.51     7.88
  SINCE JAN 1      1.00                      1.68  -0.68     3.96

SNOWFALL (IN)
  YESTERDAY        0.0           4.4  1993   0.0    0.0      0.0
  MONTH TO DATE    0.0                       1.9   -1.9      9.9
  SINCE JAN 1      T                         7.2   -7.2     29.0
  SINCE JUL 1      1.6                      20.2  -18.6     36.4
  SNOW DEPTH       0

DEGREE DAYS
 HEATING
  YESTERDAY       35                        28      7       24
  MONTH TO DATE  439                       566   -127      644
  SINCE DEC 1   2267                      2751   -484     3134
  SINCE JUL 1   3536                      4284   -748     4153

 COOLING
  YESTERDAY        0                         0      0        0
  MONTH TO DATE    0                         0      0        0
  SINCE DEC 1      0                         0      0        0
  SINCE JAN 1      0                         0      0        0
..................................................................


WIND (MPH)
  HIGHEST WIND SPEED    15   HIGHEST WIND DIRECTION     S (190)
  HIGHEST GUST SPEED    18   HIGHEST GUST DIRECTION    NE (40)
  AVERAGE WIND SPEED     6.7


SKY COVER
  POSSIBLE SUNSHINE  MM
  AVERAGE SKY COVER 0.5


WEATHER CONDITIONS
 THE FOLLOWING WEATHER WAS RECORDED YESTERDAY.
  NO SIGNIFICANT WEATHER WAS OBSERVED.


RELATIVE HUMIDITY (PERCENT)
 HIGHEST    46          1200 AM
 LOWEST     34           600 AM
 AVERAGE    40

..........................................................


THE YAKIMA WA CLIMATE NORMALS FOR TODAY
                         NORMAL    RECORD    YEAR
 MAXIMUM TEMPERATURE (F)   48        63      1995
                                             1982
 MINIMUM TEMPERATURE (F)   26         8      1986


SUNRISE AND SUNSET
FEBRUARY 20 2018......SUNRISE   657 AM PST   SUNSET   535 PM PST
FEBRUARY 21 2018......SUNRISE   656 AM PST   SUNSET   537 PM PST


-  INDICATES NEGATIVE NUMBERS.
R  INDICATES RECORD WAS SET OR TIED.
MM INDICATES DATA IS MISSING.
T  INDICATES TRACE AMOUNT.




$$
