000
CDUS46 KPDT 220832
CLIYKM

CLIMATE REPORT
NATIONAL WEATHER SERVICE PENDLETON OR
130 AM PDT MON SEP 22 2014


...................................

...THE YAKIMA WA CLIMATE SUMMARY FOR SEPTEMBER 21 2014...

CLIMATE NORMAL PERIOD 1981 TO 2010
CLIMATE RECORD PERIOD 1946 TO 2014


WEATHER ITEM   OBSERVED TIME   RECORD YEAR NORMAL DEPARTURE LAST
                VALUE   (LST)  VALUE       VALUE  FROM      YEAR
                                                  NORMAL
..................................................................
TEMPERATURE (F)
 YESTERDAY
  MAXIMUM         89R   405 PM  89    2012  76     13       75
                                      1967
                                      1962
  MINIMUM         50    600 AM  31    1971  42      8       45
  AVERAGE         70                        59     11       60

PRECIPITATION (IN)
  YESTERDAY        0.00          0.12 1977   0.01  -0.01      T
  MONTH TO DATE    T                         0.24  -0.24     0.11
  SINCE OCT 1      4.79                      8.13  -3.34     8.27
  SINCE JAN 1      3.96                      5.01  -1.05     4.47

SNOWFALL (IN)
  YESTERDAY        0.0           0.0  2002   0.0    0.0      0.0
                                      2001
                                      1999
  MONTH TO DATE    0.0                       0.0    0.0      0.0
  SINCE JAN 1     19.9                       8.6   11.3      1.1
  SINCE JUL 1      0.0                       0.0    0.0      0.0
  SNOW DEPTH       0

DEGREE DAYS
 HEATING
  YESTERDAY        0                         7     -7        5
  MONTH TO DATE   40                        85    -45       30
  SINCE SEP 1     40                        85    -45       30
  SINCE JUL 1     46                       133    -87       30

 COOLING
  YESTERDAY        5                         1      4        0
  MONTH TO DATE   31                        30      1      135
  SINCE SEP 1     31                        30      1      135
  SINCE JAN 1    858                       470    388      970
..................................................................


WIND (MPH)
  HIGHEST WIND SPEED    12   HIGHEST WIND DIRECTION     W (260)
  HIGHEST GUST SPEED    13   HIGHEST GUST DIRECTION     W (260)
  AVERAGE WIND SPEED     3.9


SKY COVER
  POSSIBLE SUNSHINE  MM
  AVERAGE SKY COVER 0.0


WEATHER CONDITIONS
 THE FOLLOWING WEATHER WAS RECORDED YESTERDAY.
  NO SIGNIFICANT WEATHER WAS OBSERVED.


RELATIVE HUMIDITY (PERCENT)
 HIGHEST    83           400 AM
 LOWEST     19           300 PM
 AVERAGE    51

..........................................................


THE YAKIMA WA CLIMATE NORMALS FOR TODAY
                         NORMAL    RECORD    YEAR
 MAXIMUM TEMPERATURE (F)   76        91      1966
                                             1947
 MINIMUM TEMPERATURE (F)   42        30      2000
                                             1981


SUNRISE AND SUNSET
SEPTEMBER 22 2014.....SUNRISE   649 AM PDT   SUNSET   700 PM PDT
SEPTEMBER 23 2014.....SUNRISE   650 AM PDT   SUNSET   658 PM PDT


-  INDICATES NEGATIVE NUMBERS.
R  INDICATES RECORD WAS SET OR TIED.
MM INDICATES DATA IS MISSING.
T  INDICATES TRACE AMOUNT.




$$
