000
CDUS46 KPDT 050852
CLIYKM

CLIMATE REPORT
NATIONAL WEATHER SERVICE PENDLETON OR
152 AM PDT THU MAY 5 2016


...................................

...THE YAKIMA WA CLIMATE SUMMARY FOR MAY 4 2016...

CLIMATE NORMAL PERIOD 1981 TO 2010
CLIMATE RECORD PERIOD 1946 TO 2016


WEATHER ITEM   OBSERVED TIME   RECORD YEAR NORMAL DEPARTURE LAST
                VALUE   (LST)  VALUE       VALUE  FROM      YEAR
                                                  NORMAL
..................................................................
TEMPERATURE (F)
 YESTERDAY
  MAXIMUM         79    308 PM  90    1966  69     10       83
  MINIMUM         58    605 AM  26    1975  38     20       39
  AVERAGE         69                        54     15       61

PRECIPITATION (IN)
  YESTERDAY        0.02          0.70 1994   0.02   0.00     0.00
  MONTH TO DATE    0.03                      0.07  -0.04     0.00
  SINCE OCT 1      9.49                      6.28   3.21     4.52
  SINCE JAN 1      4.84                      3.16   1.68     2.42

SNOWFALL (IN)
  YESTERDAY        0.0           0.0  2002   0.0    0.0      0.0
                                      2001
                                      2000
  MONTH TO DATE    0.0                       0.0    0.0      0.0
  SINCE JAN 1     12.5                       8.6    3.9      1.6
  SINCE JUL 1     31.4                      21.6    9.8      1.6
  SNOW DEPTH       0

DEGREE DAYS
 HEATING
  YESTERDAY        0                        12    -12        4
  MONTH TO DATE    2                        48    -46       13
  SINCE MAR 1    757                      1203   -446      852
  SINCE JUL 1   4507                      5730  -1223     4434

 COOLING
  YESTERDAY        4                         0      4        0
  MONTH TO DATE    5                         0      5        2
  SINCE MAR 1     11                         1     10        2
  SINCE JAN 1     11                         1     10        2
..................................................................


WIND (MPH)
  HIGHEST WIND SPEED    14   HIGHEST WIND DIRECTION    NW (320)
  HIGHEST GUST SPEED    18   HIGHEST GUST DIRECTION    NW (310)
  AVERAGE WIND SPEED     4.1


SKY COVER
  POSSIBLE SUNSHINE  MM
  AVERAGE SKY COVER 0.4


WEATHER CONDITIONS
 THE FOLLOWING WEATHER WAS RECORDED YESTERDAY.
  LIGHT RAIN


RELATIVE HUMIDITY (PERCENT)
 HIGHEST    67           400 AM
 LOWEST     31           400 PM
 AVERAGE    49

..........................................................


THE YAKIMA WA CLIMATE NORMALS FOR TODAY
                         NORMAL    RECORD    YEAR
 MAXIMUM TEMPERATURE (F)   69        94      1966
 MINIMUM TEMPERATURE (F)   39        27      1965
                                             1959


SUNRISE AND SUNSET
MAY  5 2016...........SUNRISE   541 AM PDT   SUNSET   818 PM PDT
MAY  6 2016...........SUNRISE   539 AM PDT   SUNSET   819 PM PDT


-  INDICATES NEGATIVE NUMBERS.
R  INDICATES RECORD WAS SET OR TIED.
MM INDICATES DATA IS MISSING.
T  INDICATES TRACE AMOUNT.




$$
