000
CDUS46 KPDT 271000
CLIYKM

CLIMATE REPORT
NATIONAL WEATHER SERVICE PENDLETON OR
200 AM PST TUE JAN 27 2015

...................................

...THE YAKIMA WA CLIMATE SUMMARY FOR JANUARY 26 2015...

CLIMATE NORMAL PERIOD 1981 TO 2010
CLIMATE RECORD PERIOD 1946 TO 2015


WEATHER ITEM   OBSERVED TIME   RECORD YEAR NORMAL DEPARTURE LAST
                VALUE   (LST)  VALUE       VALUE  FROM      YEAR
                                                  NORMAL
..................................................................
TEMPERATURE (F)
 YESTERDAY
  MAXIMUM         38    559 PM  58    2003  41     -3       31
                                      1971
  MINIMUM         33    849 AM -19    1957  25      8       28
  AVERAGE         36                        33      3       30

PRECIPITATION (IN)
  YESTERDAY        0.00          0.60 1970   0.03  -0.03     0.00
  MONTH TO DATE    0.70                      0.99  -0.29     0.10
  SINCE OCT 1      2.80                      4.11  -1.31     0.93
  SINCE JAN 1      0.70                      0.99  -0.29     0.10

SNOWFALL (IN)
  YESTERDAY        0.0           4.1  1969   0.1   -0.1      0.0
  MONTH TO DATE    1.6                       4.7   -3.1      0.5
  SINCE JAN 1      1.6                       4.7   -3.1      0.5
  SINCE JUL 1      1.6                      17.7  -16.1      0.5
  SNOW DEPTH       0

DEGREE DAYS
 HEATING
  YESTERDAY       29                        32     -3       35
  MONTH TO DATE  788                       898   -110      785
  SINCE DEC 1   1682                      2028   -346     1940
  SINCE JUL 1   2866                      3561   -695     3356

COOLING
  YESTERDAY        0                         0      0        0
  MONTH TO DATE    0                         0      0        0
  SINCE DEC 1      0                         0      0        0
  SINCE JAN 1      0                         0      0        0
..................................................................


WIND (MPH)
  HIGHEST WIND SPEED     7   HIGHEST WIND DIRECTION     W (270)
  HIGHEST GUST SPEED     9   HIGHEST GUST DIRECTION     W (250)
  AVERAGE WIND SPEED     2.1


SKY COVER
  POSSIBLE SUNSHINE  MM
  AVERAGE SKY COVER 1.0


WEATHER CONDITIONS
 THE FOLLOWING WEATHER WAS RECORDED YESTERDAY.
  FOG
  FOG W/VISIBILITY <= 1/4 MILE


RELATIVE HUMIDITY (PERCENT)
 HIGHEST   100           700 AM
 LOWEST     89           800 AM
 AVERAGE    95

..........................................................


THE YAKIMA WA CLIMATE NORMALS FOR TODAY
                         NORMAL    RECORD    YEAR
 MAXIMUM TEMPERATURE (F)   41        59      1976
 MINIMUM TEMPERATURE (F)   25       -18      1957


SUNRISE AND SUNSET
JANUARY 27 2015.......SUNRISE   732 AM PST   SUNSET   458 PM PST
JANUARY 28 2015.......SUNRISE   731 AM PST   SUNSET   500 PM PST


-  INDICATES NEGATIVE NUMBERS.
R  INDICATES RECORD WAS SET OR TIED.
MM INDICATES DATA IS MISSING.
T  INDICATES TRACE AMOUNT.

$$
