000
CDUS46 KPDT 260853 RRA
CLIYKM

CLIMATE REPORT
NATIONAL WEATHER SERVICE PENDLETON OR
153 AM PDT FRI AUG 26 2016


...................................

...THE YAKIMA WA CLIMATE SUMMARY FOR AUGUST 25 2016...

CLIMATE NORMAL PERIOD 1981 TO 2010
CLIMATE RECORD PERIOD 1946 TO 2016


WEATHER ITEM   OBSERVED TIME   RECORD YEAR NORMAL DEPARTURE LAST
                VALUE   (LST)  VALUE       VALUE  FROM      YEAR
                                                  NORMAL
..................................................................
TEMPERATURE (F)
 YESTERDAY
  MAXIMUM         92    318 PM 100    1996  85      7       91
  MINIMUM         53    516 AM  36    1993  50      3       49
  AVERAGE         73                        67      6       70

PRECIPITATION (IN)
  YESTERDAY        0.00          0.16 2008   0.01  -0.01     0.00
  MONTH TO DATE    T                         0.20  -0.20      T
  SINCE OCT 1     10.54                      7.83   2.71     6.39
  SINCE JAN 1      5.89                      4.71   1.18     4.29

SNOWFALL (IN)
  YESTERDAY        0.0           0.0  2002   0.0    0.0      0.0
                                      2001
                                      1999
  MONTH TO DATE    0.0                       0.0    0.0      0.0
  SINCE JAN 1     12.5                       8.6    3.9      1.6
  SINCE JUL 1      0.0                       0.0    0.0      0.0
  SNOW DEPTH       0

DEGREE DAYS
 HEATING
  YESTERDAY        0                         1     -1        0
  MONTH TO DATE    3                        18    -15        1
  SINCE JUN 1     71                       137    -66        4
  SINCE JUL 1      3                        39    -36        1

 COOLING
  YESTERDAY        8                         3      5        5
  MONTH TO DATE  216                       141     75      240
  SINCE JUN 1    675                       401    274      929
  SINCE JAN 1    714                       421    293     1021
..................................................................


WIND (MPH)
  HIGHEST WIND SPEED    13   HIGHEST WIND DIRECTION     W (290)
  HIGHEST GUST SPEED    15   HIGHEST GUST DIRECTION    NE (60)
  AVERAGE WIND SPEED     6.3


SKY COVER
  POSSIBLE SUNSHINE  MM
  AVERAGE SKY COVER 0.0


WEATHER CONDITIONS
 THE FOLLOWING WEATHER WAS RECORDED YESTERDAY.
  NO SIGNIFICANT WEATHER WAS OBSERVED.


RELATIVE HUMIDITY (PERCENT)
 HIGHEST    64           500 AM
 LOWEST     14           200 PM
 AVERAGE    39

..........................................................


THE YAKIMA WA CLIMATE NORMALS FOR TODAY
                         NORMAL    RECORD    YEAR
 MAXIMUM TEMPERATURE (F)   84        97      2011
 MINIMUM TEMPERATURE (F)   50        38      1955


SUNRISE AND SUNSET
AUGUST 26 2016........SUNRISE   615 AM PDT   SUNSET   751 PM PDT
AUGUST 27 2016........SUNRISE   616 AM PDT   SUNSET   749 PM PDT


-  INDICATES NEGATIVE NUMBERS.
R  INDICATES RECORD WAS SET OR TIED.
MM INDICATES DATA IS MISSING.
T  INDICATES TRACE AMOUNT.




$$
