795
CDUS46 KPDT 170055 RRA
CLIYKM

CLIMATE REPORT
NATIONAL WEATHER SERVICE PENDLETON OR
541 PM PDT MON OCT 16 2017


...................................

...THE YAKIMA WA CLIMATE SUMMARY FOR OCTOBER 16 2017...
VALID TODAY AS OF 0500 PM LOCAL TIME.

CLIMATE NORMAL PERIOD 1981 TO 2010
CLIMATE RECORD PERIOD 1946 TO 2017


WEATHER ITEM   OBSERVED TIME   RECORD YEAR NORMAL DEPARTURE LAST
                VALUE   (LST)  VALUE       VALUE  FROM      YEAR
                                                  NORMAL
..................................................................
TEMPERATURE (F)
 TODAY
  MAXIMUM         68    319 PM  79    1963  64      4       62
  MINIMUM         28    610 AM  23    1946  34     -6       50
  AVERAGE         48                        49     -1       56

PRECIPITATION (IN)
  TODAY            0.00          0.16 1951   0.01  -0.01     0.09
  MONTH TO DATE    0.01                      0.21  -0.20     1.42
  SINCE OCT 1      0.01                      0.21  -0.20     1.42
  SINCE JAN 1      7.96                      5.34   2.62     7.48

SNOWFALL (IN)
  TODAY            0.0           0.0  2002   0.0    0.0      0.0
                                      2001
                                      1999
  MONTH TO DATE    0.0                       0.0    0.0      0.0
  SINCE JAN 1     29.1                       8.6   20.5     12.5
  SINCE JUL 1      0.0                       0.0    0.0      0.0
  SNOW DEPTH       0

DEGREE DAYS
 HEATING
  TODAY           17                        16      1        9
  MONTH TO DATE  239                       208     31      173
  SINCE SEP 1    343                       368    -25      255
  SINCE JUL 1    343                       416    -73      258

 COOLING
  TODAY            0                         0      0        0
  MONTH TO DATE    0                         0      0        0
  SINCE SEP 1    116                        32     84       21
  SINCE JAN 1   1054                       472    582      774
..................................................................


WIND (MPH)
  HIGHEST WIND SPEED     9   HIGHEST WIND DIRECTION     S (170)
  HIGHEST GUST SPEED    11   HIGHEST GUST DIRECTION     S (180)
  AVERAGE WIND SPEED     3.8


SKY COVER
  POSSIBLE SUNSHINE  MM
  AVERAGE SKY COVER 0.0


WEATHER CONDITIONS
THE FOLLOWING WEATHER WAS RECORDED TODAY.
  NO SIGNIFICANT WEATHER WAS OBSERVED.


RELATIVE HUMIDITY (PERCENT)
 HIGHEST    92           400 AM
 LOWEST     27           200 PM
 AVERAGE    60

..........................................................


THE YAKIMA WA CLIMATE NORMALS FOR TOMORROW
                         NORMAL    RECORD    YEAR
 MAXIMUM TEMPERATURE (F)   63        77      1974
                                             1952
 MINIMUM TEMPERATURE (F)   34        19      1971


SUNRISE AND SUNSET
OCTOBER 16 2017.......SUNRISE   722 AM PDT   SUNSET   613 PM PDT
OCTOBER 17 2017.......SUNRISE   723 AM PDT   SUNSET   611 PM PDT


-  INDICATES NEGATIVE NUMBERS.
R  INDICATES RECORD WAS SET OR TIED.
MM INDICATES DATA IS MISSING.
T  INDICATES TRACE AMOUNT.




$$
