000
CDUS46 KPDT 010900
CLIYKM

LIMATE REPORT
NATIONAL WEATHER SERVICE PENDLETON OR
156 AM PDT WED OCT 1 2014


...................................

...THE YAKIMA WA CLIMATE SUMMARY FOR SEPTEMBER 30 2014...

CLIMATE NORMAL PERIOD 1981 TO 2010
CLIMATE RECORD PERIOD 1946 TO 2014


WEATHER ITEM   OBSERVED TIME   RECORD YEAR NORMAL DEPARTURE LAST
                VALUE   (LST)  VALUE       VALUE  FROM      YEAR
                                                  NORMAL
..................................................................
TEMPERATURE (F)
 YESTERDAY
  MAXIMUM         72    212 PM  85    2008  72      0       63
                                      1993
                                      1976
  MINIMUM         43    501 AM  26    1985  39      4       41
  AVERAGE         58                        56      2       52

PRECIPITATION (IN)
  YESTERDAY        0.00          0.26 2005   0.01  -0.01      T
  MONTH TO DATE    0.46                      0.36   0.10     0.30
  SINCE OCT 1      5.25                      8.25  -3.00     8.46
  SINCE JAN 1      4.42                      5.13  -0.71     4.66

SNOWFALL (IN)
  YESTERDAY        0.0           0.0  2002   0.0    0.0      0.0
                                      2001
                                      1999
  MONTH TO DATE    0.0                       0.0    0.0      0.0
  SINCE JAN 1     19.9                       8.6   11.3      1.1
  SINCE JUL 1      0.0                       0.0    0.0      0.0
  SNOW DEPTH       0

DEGREE DAYS
 HEATING
  YESTERDAY        7                        10     -3       13
  MONTH TO DATE   70                       160    -90      125
  SINCE SEP 1     70                       160    -90      125
  SINCE JUL 1     76                       208   -132      125

 COOLING
  YESTERDAY        0                         0      0        0
  MONTH TO DATE   36                        32      4      135
  SINCE SEP 1     36                        32      4      135
  SINCE JAN 1    863                       472    391      970
..................................................................


WIND (MPH)
  HIGHEST WIND SPEED    24   HIGHEST WIND DIRECTION    NW (330)
  HIGHEST GUST SPEED    30   HIGHEST GUST DIRECTION    NW (330)
  AVERAGE WIND SPEED     8.0


SKY COVER
  POSSIBLE SUNSHINE  MM
  AVERAGE SKY COVER 0.2


WEATHER CONDITIONS
THE FOLLOWING WEATHER WAS RECORDED YESTERDAY.
  NO SIGNIFICANT WEATHER WAS OBSERVED.


RELATIVE HUMIDITY (PERCENT)
 HIGHEST    77           700 AM
 LOWEST     29           100 PM
 AVERAGE    53

..........................................................


THE YAKIMA WA CLIMATE NORMALS FOR TODAY
                         NORMAL    RECORD    YEAR
 MAXIMUM TEMPERATURE (F)   72        88      1992
 MINIMUM TEMPERATURE (F)   39        23      1950


SUNRISE AND SUNSET
OCTOBER  1 2014.......SUNRISE   701 AM PDT   SUNSET   642 PM PDT
OCTOBER  2 2014.......SUNRISE   702 AM PDT   SUNSET   640 PM PDT


-  INDICATES NEGATIVE NUMBERS.
R  INDICATES RECORD WAS SET OR TIED.
MM INDICATES DATA IS MISSING.
T  INDICATES TRACE AMOUNT.




$$
