000
CDUS41 KCLE 242212
CLIYNG


CLIMATE REPORT
NATIONAL WEATHER SERVICE CLEVELAND OH
511 PM EST SAT FEB 24 2018


...................................

...THE YOUNGSTOWN OH CLIMATE SUMMARY FOR FEBRUARY 24 2018...
VALID TODAY AS OF 0500 PM LOCAL TIME.

CLIMATE NORMAL PERIOD 1981 TO 2010
CLIMATE RECORD PERIOD 1897 TO 2018


WEATHER ITEM   OBSERVED TIME   RECORD YEAR NORMAL DEPARTURE LAST
                VALUE   (LST)  VALUE       VALUE  FROM      YEAR
                                                  NORMAL
..................................................................
TEMPERATURE (F)
 TODAY
  MAXIMUM         48    353 PM  75    2017  38     10       75
  MINIMUM         39   1211 PM -10    2015  22     17       54
  AVERAGE         44                        30     14       65

PRECIPITATION (IN)
  TODAY            0.52                      0.08   0.44     0.01
  MONTH TO DATE    4.13                      1.81   2.32     1.86
  SINCE DEC 1      9.38                      7.35   2.03    10.78
  SINCE JAN 1      7.27                      4.36   2.91     7.21

SNOWFALL (IN)
  TODAY            0.0                       0.5   -0.5      0.0
  MONTH TO DATE   15.0                      10.9    4.1      6.0
  SINCE DEC 1     57.1                      42.5   14.6     42.9
  SINCE JUL 1     58.1                      46.9   11.2     47.3
  SNOW DEPTH       0

DEGREE DAYS
 HEATING
  TODAY           21                        35    -14        0
  MONTH TO DATE  743                       889   -146      634
  SINCE DEC 1   3143                      3183    -40     2715
  SINCE JUL 1   4241                      4512   -271     3687

 COOLING
  TODAY            0                         0      0        0
  MONTH TO DATE    2                         0      2        0
  SINCE DEC 1      2                         0      2        0
  SINCE JAN 1      2                         0      2        0
..................................................................


WIND (MPH)
  HIGHEST WIND SPEED    15   HIGHEST WIND DIRECTION    SE (120)
  HIGHEST GUST SPEED    19   HIGHEST GUST DIRECTION     N (10)


SKY COVER
  POSSIBLE SUNSHINE  MM
  AVERAGE SKY COVER 1.0


WEATHER CONDITIONS
 THE FOLLOWING WEATHER WAS RECORDED TODAY.
  RAIN
  LIGHT RAIN
  FOG


RELATIVE HUMIDITY (PERCENT)
 HIGHEST   100           100 PM
 LOWEST     80           400 PM
 AVERAGE    90

..........................................................


THE YOUNGSTOWN OH CLIMATE NORMALS FOR TOMORROW
                         NORMAL    RECORD    YEAR
 MAXIMUM TEMPERATURE (F)   39        66      2017
                                             2000
                                             1976
 MINIMUM TEMPERATURE (F)   22        -3      1963


SUNRISE AND SUNSET
FEBRUARY 24 2018......SUNRISE   705 AM EST   SUNSET   608 PM EST
FEBRUARY 25 2018......SUNRISE   703 AM EST   SUNSET   609 PM EST


-  INDICATES NEGATIVE NUMBERS.
R  INDICATES RECORD WAS SET OR TIED.
MM INDICATES DATA IS MISSING.
T  INDICATES TRACE AMOUNT.




$$
