000
CDUS41 KPBZ 030704
CLIZZV


CLIMATE REPORT
NATIONAL WEATHER SERVICE PITTSBURGH PA
304 AM EDT WED JUN 3 2015


...................................

...THE ZANESVILLE OH CLIMATE SUMMARY FOR JUNE 2 2015...

CLIMATE NORMAL PERIOD 1981 TO 2010
CLIMATE RECORD PERIOD 1946 TO 2015


WEATHER ITEM   OBSERVED TIME   RECORD YEAR NORMAL DEPARTURE LAST
                VALUE   (LST)  VALUE       VALUE  FROM      YEAR
                                                  NORMAL
..................................................................
TEMPERATURE (F)
 YESTERDAY
  MAXIMUM         61        MM  93    1951  77    -16       81
  MINIMUM         51        MM  35    1966  54     -3       68
  AVERAGE         56                        66    -10       75

PRECIPITATION (IN)
  YESTERDAY        0.00         MM      MM   0.14  -0.14     0.20
  MONTH TO DATE    0.01                      0.28  -0.27     0.20
  SINCE JUN 1      0.01                      0.28  -0.27     0.20
  SINCE JAN 1     15.91                     15.74   0.17    14.53

DEGREE DAYS
 HEATING
  YESTERDAY        9                         3      6        0
  MONTH TO DATE   21                         6     15        0
  SINCE JUN 1     21                         6     15        0
  SINCE JUL 1   6037                      5545    492     5976

 COOLING
  YESTERDAY        0                         3     -3       10
  MONTH TO DATE    0                         6     -6       12
  SINCE JUN 1      0                         6     -6       12
  SINCE JAN 1    117                        60     57       94
..................................................................


WIND (MPH)
  HIGHEST WIND SPEED     8   HIGHEST WIND DIRECTION     N (20)
  HIGHEST GUST SPEED    MM   HIGHEST GUST DIRECTION    MM
  AVERAGE WIND SPEED     5.1


SKY COVER
  POSSIBLE SUNSHINE  MM
  AVERAGE SKY COVER 1.0


WEATHER CONDITIONS
 THE FOLLOWING WEATHER WAS RECORDED YESTERDAY.
  NO SIGNIFICANT WEATHER WAS OBSERVED.


RELATIVE HUMIDITY (PERCENT)
 HIGHEST    89           500 AM
 LOWEST     69           200 PM
 AVERAGE    79

..........................................................


THE ZANESVILLE OH CLIMATE NORMALS FOR TODAY
                         NORMAL    RECORD    YEAR
 MAXIMUM TEMPERATURE (F)   77        89      1951
 MINIMUM TEMPERATURE (F)   55        41      1977


SUNRISE AND SUNSET
JUNE  3 2015..........SUNRISE   600 AM EDT   SUNSET   851 PM EDT
JUNE  4 2015..........SUNRISE   600 AM EDT   SUNSET   852 PM EDT


-  INDICATES NEGATIVE NUMBERS.
R  INDICATES RECORD WAS SET OR TIED.
MM INDICATES DATA IS MISSING.
T  INDICATES TRACE AMOUNT.




$$
