000
CDUS41 KPBZ 192125
CLIZZV


CLIMATE REPORT
NATIONAL WEATHER SERVICE PITTSBURGH PA
523 PM EDT FRI SEP 19 2014


...................................

...THE ZANESVILLE OH CLIMATE SUMMARY FOR SEPTEMBER 19 2014...
VALID TODAY AS OF 0500 PM LOCAL TIME.

CLIMATE NORMAL PERIOD 1981 TO 2010
CLIMATE RECORD PERIOD 1946 TO 2014


WEATHER ITEM   OBSERVED TIME   RECORD YEAR NORMAL DEPARTURE LAST
                VALUE   (LST)  VALUE       VALUE  FROM      YEAR
                                                  NORMAL
..................................................................
TEMPERATURE (F)
 TODAY
  MAXIMUM         75    340 PM  90    1955  75      0       71
  MINIMUM         47    629 AM  35    1959  52     -5       61
  AVERAGE         61                        63     -2       66

PRECIPITATION (IN)
  TODAY            0.00         MM      MM   0.10  -0.10     0.00
  MONTH TO DATE    0.72                      1.90  -1.18     0.32
  SINCE JUN 1     14.57                     12.96   1.61    17.74
  SINCE JAN 1     28.90                     28.42   0.48    28.33

DEGREE DAYS
 HEATING
  TODAY            4                         4      0        0
  MONTH TO DATE   59                        36     23       41
  SINCE SEP 1     59                        36     23       41
  SINCE JUL 1     80                        47     33       50

 COOLING
  TODAY            0                         2     -2        1
  MONTH TO DATE   70                        65      5       79
  SINCE SEP 1     70                        65      5       79
  SINCE JAN 1    711                       742    -31      812
..................................................................


WIND (MPH)
  HIGHEST WIND SPEED    12   HIGHEST WIND DIRECTION    NE (50)
  HIGHEST GUST SPEED    17   HIGHEST GUST DIRECTION    NE (60)
  AVERAGE WIND SPEED     4.3


SKY COVER
  POSSIBLE SUNSHINE  MM
  AVERAGE SKY COVER 0.0


WEATHER CONDITIONS
 THE FOLLOWING WEATHER WAS RECORDED TODAY.
  FOG


RELATIVE HUMIDITY (PERCENT)
 HIGHEST   100           500 AM
 LOWEST     41           100 PM
 AVERAGE    71

..........................................................


THE ZANESVILLE OH CLIMATE NORMALS FOR TOMORROW
                         NORMAL    RECORD    YEAR
 MAXIMUM TEMPERATURE (F)   74        97      2002
 MINIMUM TEMPERATURE (F)   51        34      1962


SUNRISE AND SUNSET
SEPTEMBER 19 2014.....SUNRISE   712 AM EDT   SUNSET   730 PM EDT
SEPTEMBER 20 2014.....SUNRISE   713 AM EDT   SUNSET   728 PM EDT


-  INDICATES NEGATIVE NUMBERS.
R  INDICATES RECORD WAS SET OR TIED.
MM INDICATES DATA IS MISSING.
T  INDICATES TRACE AMOUNT.




$$
