000
CDUS41 KPBZ 252131
CLIZZV


CLIMATE REPORT
NATIONAL WEATHER SERVICE PITTSBURGH PA
531 PM EDT THU AUG 25 2016


...................................

...THE ZANESVILLE OH CLIMATE SUMMARY FOR AUGUST 25 2016...
VALID TODAY AS OF 0500 PM LOCAL TIME.

CLIMATE NORMAL PERIOD 1981 TO 2010
CLIMATE RECORD PERIOD 1946 TO 2016


WEATHER ITEM   OBSERVED TIME   RECORD YEAR NORMAL DEPARTURE LAST
                VALUE   (LST)  VALUE       VALUE  FROM      YEAR
                                                  NORMAL
..................................................................
TEMPERATURE (F)
 TODAY
  MAXIMUM         90    353 PM  95    1959  82      8       73
  MINIMUM         71    609 AM  44    1952  60     11       50
  AVERAGE         81                        71     10       62

PRECIPITATION (IN)
  TODAY            0.05         MM      MM   0.10  -0.05     0.00
  MONTH TO DATE    2.77                      2.60   0.17     0.76
  SINCE JUN 1      7.98                     10.43  -2.45    10.67
  SINCE JAN 1     22.96                     25.89  -2.93    26.57

DEGREE DAYS
 HEATING
  TODAY            0                         0      0        3
  MONTH TO DATE    0                         0      0        3
  SINCE JUN 1      4                        35    -31       27
  SINCE JUL 1      0                         3     -3        3

 COOLING
  TODAY           16                         6     10        0
  MONTH TO DATE  297                       183    114      155
  SINCE JUN 1    980                       590    390      570
  SINCE JAN 1   1074                       644    430      687
..................................................................


WIND (MPH)
  HIGHEST WIND SPEED    14   HIGHEST WIND DIRECTION     S (200)
  HIGHEST GUST SPEED    18   HIGHEST GUST DIRECTION     S (190)
  AVERAGE WIND SPEED     7.7


SKY COVER
  POSSIBLE SUNSHINE  MM
  AVERAGE SKY COVER 0.6


WEATHER CONDITIONS
 THE FOLLOWING WEATHER WAS RECORDED TODAY.
  THUNDERSTORM
  RAIN
  LIGHT RAIN
  FOG


RELATIVE HUMIDITY (PERCENT)
 HIGHEST    94           800 AM
 LOWEST     63           100 PM
 AVERAGE    79

..........................................................


THE ZANESVILLE OH CLIMATE NORMALS FOR TOMORROW
                         NORMAL    RECORD    YEAR
 MAXIMUM TEMPERATURE (F)   82        94      1953
 MINIMUM TEMPERATURE (F)   59        42      1958


SUNRISE AND SUNSET
AUGUST 25 2016........SUNRISE   649 AM EDT   SUNSET   809 PM EDT
AUGUST 26 2016........SUNRISE   650 AM EDT   SUNSET   807 PM EDT


-  INDICATES NEGATIVE NUMBERS.
R  INDICATES RECORD WAS SET OR TIED.
MM INDICATES DATA IS MISSING.
T  INDICATES TRACE AMOUNT.




$$
