000
CDUS41 KPBZ 202242
CLIZZV


CLIMATE REPORT
NATIONAL WEATHER SERVICE PITTSBURGH PA
542 PM EST THU NOV 20 2014


...................................

...THE ZANESVILLE OH CLIMATE SUMMARY FOR NOVEMBER 20 2014...
VALID TODAY AS OF 0500 PM LOCAL TIME.

CLIMATE NORMAL PERIOD 1981 TO 2010
CLIMATE RECORD PERIOD 1946 TO 2014


WEATHER ITEM   OBSERVED TIME   RECORD YEAR NORMAL DEPARTURE LAST
                VALUE   (LST)  VALUE       VALUE  FROM      YEAR
                                                  NORMAL
..................................................................
TEMPERATURE (F)
 TODAY
  MAXIMUM         31   1235 AM  71    1953  51    -20       48
  MINIMUM         22    906 AM  11    1951  32    -10       25
  AVERAGE         27                        42    -15       37

PRECIPITATION (IN)
  TODAY            T            MM      MM   0.12  -0.12     0.00
  MONTH TO DATE    1.03                      2.06  -1.03     2.26
  SINCE JUN 1     18.70                     18.74  -0.04    23.37
  SINCE JAN 1     33.03                     34.20  -1.17    33.96

DEGREE DAYS
 HEATING
  TODAY           38                        23     15       28
  MONTH TO DATE  550                       398    152      423
  SINCE SEP 1   1018                       874    144      834
  SINCE JUL 1   1039                       885    154      843

 COOLING
  TODAY            0                         0      0        0
  MONTH TO DATE    0                         0      0        0
  SINCE SEP 1     86                        91     -5      123
  SINCE JAN 1    727                       768    -41      856
..................................................................


WIND (MPH)
  HIGHEST WIND SPEED    21   HIGHEST WIND DIRECTION     W (260)
  HIGHEST GUST SPEED    28   HIGHEST GUST DIRECTION    SW (240)
  AVERAGE WIND SPEED    13.8


SKY COVER
  POSSIBLE SUNSHINE  MM
  AVERAGE SKY COVER 0.8


WEATHER CONDITIONS
 THE FOLLOWING WEATHER WAS RECORDED TODAY.
  NO SIGNIFICANT WEATHER WAS OBSERVED.


RELATIVE HUMIDITY (PERCENT)
 HIGHEST    69           300 AM
 LOWEST     55           200 PM
 AVERAGE    62

..........................................................


THE ZANESVILLE OH CLIMATE NORMALS FOR TOMORROW
                         NORMAL    RECORD    YEAR
 MAXIMUM TEMPERATURE (F)   50        71      1979
 MINIMUM TEMPERATURE (F)   32        13      1969


SUNRISE AND SUNSET
NOVEMBER 20 2014......SUNRISE   718 AM EST   SUNSET   508 PM EST
NOVEMBER 21 2014......SUNRISE   719 AM EST   SUNSET   507 PM EST


-  INDICATES NEGATIVE NUMBERS.
R  INDICATES RECORD WAS SET OR TIED.
MM INDICATES DATA IS MISSING.
T  INDICATES TRACE AMOUNT.




$$
