000
CDUS41 KPBZ 272118
CLIZZV


CLIMATE REPORT
NATIONAL WEATHER SERVICE PITTSBURGH PA
517 PM EDT TUE JUN 27 2017


...................................

...THE ZANESVILLE OH CLIMATE SUMMARY FOR JUNE 27 2017...
VALID TODAY AS OF 0500 PM LOCAL TIME.

CLIMATE NORMAL PERIOD 1981 TO 2010
CLIMATE RECORD PERIOD 1895 TO 2017


WEATHER ITEM   OBSERVED TIME   RECORD YEAR NORMAL DEPARTURE LAST
                VALUE   (LST)  VALUE       VALUE  FROM      YEAR
                                                  NORMAL
..................................................................
TEMPERATURE (F)
 TODAY
  MAXIMUM         72    303 PM  98    1966  83    -11       90
  MINIMUM         52    537 AM  46    1981  61     -9       70
                                      1961
  AVERAGE         62                        72    -10       80

PRECIPITATION (IN)
  TODAY            0.00          3.93 1998   0.14  -0.14     0.37
  MONTH TO DATE    4.36                      3.64   0.72     2.44
  SINCE JUN 1      4.36                      3.64   0.72     2.44
  SINCE JAN 1     22.48                     19.10   3.38    17.42

DEGREE DAYS
 HEATING
  TODAY            3                         0      3        0
  MONTH TO DATE   21                        30     -9        4
  SINCE JUN 1     21                        30     -9        4
  SINCE JUL 1   4448                      5569  -1121     4320

 COOLING
  TODAY            0                         7     -7       15
  MONTH TO DATE  166                       136     30      264
  SINCE JUN 1    166                       136     30      264
  SINCE JAN 1    253                       190     63      358
..................................................................


WIND (MPH)
  HIGHEST WIND SPEED    14   HIGHEST WIND DIRECTION    NW (310)
  HIGHEST GUST SPEED    18   HIGHEST GUST DIRECTION     W (280)
  AVERAGE WIND SPEED     6.4


SKY COVER
  POSSIBLE SUNSHINE  MM
  AVERAGE SKY COVER 0.5


WEATHER CONDITIONS
 THE FOLLOWING WEATHER WAS RECORDED TODAY.
  FOG


RELATIVE HUMIDITY (PERCENT)
 HIGHEST    96           500 AM
 LOWEST     41           400 PM
 AVERAGE    69

..........................................................


THE ZANESVILLE OH CLIMATE NORMALS FOR TOMORROW
                         NORMAL    RECORD    YEAR
 MAXIMUM TEMPERATURE (F)   83       100      1934
 MINIMUM TEMPERATURE (F)   61        46      1970
                                             1950


SUNRISE AND SUNSET
JUNE 27 2017..........SUNRISE   601 AM EDT   SUNSET   900 PM EDT
JUNE 28 2017..........SUNRISE   601 AM EDT   SUNSET   900 PM EDT


-  INDICATES NEGATIVE NUMBERS.
R  INDICATES RECORD WAS SET OR TIED.
MM INDICATES DATA IS MISSING.
T  INDICATES TRACE AMOUNT.




$$
