000
CDUS41 KPBZ 060716
CLIZZV


CLIMATE REPORT
NATIONAL WEATHER SERVICE PITTSBURGH PA
316 AM EDT FRI MAY 6 2016


...................................

...THE ZANESVILLE OH CLIMATE SUMMARY FOR MAY 5 2016...

CLIMATE NORMAL PERIOD 1981 TO 2010
CLIMATE RECORD PERIOD 1946 TO 2016


WEATHER ITEM   OBSERVED TIME   RECORD YEAR NORMAL DEPARTURE LAST
                VALUE   (LST)  VALUE       VALUE  FROM      YEAR
                                                  NORMAL
..................................................................
TEMPERATURE (F)
 YESTERDAY
  MAXIMUM         64        MM  89    1952  69     -5       80
  MINIMUM         46        MM  29    1979  46      0       58
  AVERAGE         55                        58     -3       69

PRECIPITATION (IN)
  YESTERDAY        0.03         MM      MM   0.13  -0.10     0.04
  MONTH TO DATE    0.44                      0.62  -0.18     0.24
  SINCE JUN 1     35.31                     34.29   1.02    36.04
  SINCE JAN 1     12.98                     11.89   1.09    13.63

DEGREE DAYS
 HEATING
  YESTERDAY       10                         8      2        0
  MONTH TO DATE   30                        43    -13       23
  SINCE MAR 1    846                      1209   -363     1273
  SINCE JUL 1   4192                      5400  -1208     5930

 COOLING
  YESTERDAY        0                         1     -1        4
  MONTH TO DATE    5                         1      4        4
  SINCE MAR 1     13                        10      3        5
  SINCE JAN 1     13                        10      3        5
..................................................................


WIND (MPH)
  HIGHEST WIND SPEED    16   HIGHEST WIND DIRECTION     N (350)
  HIGHEST GUST SPEED    24   HIGHEST GUST DIRECTION     N (350)
  AVERAGE WIND SPEED     7.9


SKY COVER
  POSSIBLE SUNSHINE  MM
  AVERAGE SKY COVER 0.8


WEATHER CONDITIONS
 THE FOLLOWING WEATHER WAS RECORDED YESTERDAY.
  LIGHT RAIN


RELATIVE HUMIDITY (PERCENT)
 HIGHEST    86          1200 AM
 LOWEST     46           600 PM
 AVERAGE    66

..........................................................


THE ZANESVILLE OH CLIMATE NORMALS FOR TODAY
                         NORMAL    RECORD    YEAR
 MAXIMUM TEMPERATURE (F)   70        91      1959
 MINIMUM TEMPERATURE (F)   46        27      1968


SUNRISE AND SUNSET
MAY  6 2016...........SUNRISE   621 AM EDT   SUNSET   828 PM EDT
MAY  7 2016...........SUNRISE   620 AM EDT   SUNSET   829 PM EDT


-  INDICATES NEGATIVE NUMBERS.
R  INDICATES RECORD WAS SET OR TIED.
MM INDICATES DATA IS MISSING.
T  INDICATES TRACE AMOUNT.




$$
