000
CDUS41 KPBZ 270707
CLIZZV


CLIMATE REPORT
NATIONAL WEATHER SERVICE PITTSBURGH PA
307 AM EDT MON MAR 27 2017


...................................

...THE ZANESVILLE OH CLIMATE SUMMARY FOR MARCH 26 2017...

CLIMATE NORMAL PERIOD 1981 TO 2010
CLIMATE RECORD PERIOD 1946 TO 2017


WEATHER ITEM   OBSERVED TIME   RECORD YEAR NORMAL DEPARTURE LAST
                VALUE   (LST)  VALUE       VALUE  FROM      YEAR
                                                  NORMAL
..................................................................
TEMPERATURE (F)
 YESTERDAY
  MAXIMUM         67    144 PM  80    1998  56     11       63
  MINIMUM         55   1159 PM  14    2001  33     22       38
  AVERAGE         61                        44     17       51

PRECIPITATION (IN)
  YESTERDAY        0.46         MM      MM   0.11   0.35     0.00
  MONTH TO DATE    3.60                      2.44   1.16     3.49
  SINCE JUN 1     27.67                     29.67  -2.00    29.78
  SINCE JAN 1      9.05                      7.27   1.78     7.45

DEGREE DAYS
 HEATING
  YESTERDAY        4                        21    -17       14
  MONTH TO DATE  654                       653      1      416
  SINCE MAR 1    654                       653      1      416
  SINCE JUL 1   4006                      4844   -838     3762

 COOLING
  YESTERDAY        0                         0      0        0
  MONTH TO DATE    2                         0      2        2
  SINCE MAR 1      2                         0      2        2
  SINCE JAN 1      3                         0      3        2
..................................................................


WIND (MPH)
  HIGHEST WIND SPEED    22   HIGHEST WIND DIRECTION     S (170)
  HIGHEST GUST SPEED    29   HIGHEST GUST DIRECTION     S (170)
  AVERAGE WIND SPEED     9.2


SKY COVER
  POSSIBLE SUNSHINE  MM
  AVERAGE SKY COVER 0.6


WEATHER CONDITIONS
 THE FOLLOWING WEATHER WAS RECORDED YESTERDAY.
  THUNDERSTORM
  HEAVY RAIN
  RAIN
  LIGHT RAIN
  FOG


RELATIVE HUMIDITY (PERCENT)
 HIGHEST    93          1100 PM
 LOWEST     52           900 AM
 AVERAGE    73

..........................................................


THE ZANESVILLE OH CLIMATE NORMALS FOR TODAY
                         NORMAL    RECORD    YEAR
 MAXIMUM TEMPERATURE (F)   56        85      1950
 MINIMUM TEMPERATURE (F)   33        14      2001


SUNRISE AND SUNSET
MARCH 27 2017.........SUNRISE   719 AM EDT   SUNSET   747 PM EDT
MARCH 28 2017.........SUNRISE   718 AM EDT   SUNSET   748 PM EDT


-  INDICATES NEGATIVE NUMBERS.
R  INDICATES RECORD WAS SET OR TIED.
MM INDICATES DATA IS MISSING.
T  INDICATES TRACE AMOUNT.




$$
