000
CDUS41 KPBZ 012218
CLIZZV


CLIMATE REPORT
NATIONAL WEATHER SERVICE PITTSBURGH PA
518 PM EST SUN FEB 1 2015


...................................

...THE ZANESVILLE OH CLIMATE SUMMARY FOR FEBRUARY 1 2015...
VALID TODAY AS OF 0500 PM LOCAL TIME.

CLIMATE NORMAL PERIOD 1981 TO 2010
CLIMATE RECORD PERIOD 1946 TO 2015


WEATHER ITEM   OBSERVED TIME   RECORD YEAR NORMAL DEPARTURE LAST
                VALUE   (LST)  VALUE       VALUE  FROM      YEAR
                                                  NORMAL
..................................................................
TEMPERATURE (F)
 TODAY
  MAXIMUM         37    354 PM  66    1989  38     -1       52
  MINIMUM         28    603 AM  -7    2004  21      7       32
  AVERAGE         33                        30      3       42

PRECIPITATION (IN)
  TODAY            0.17         MM      MM   0.08   0.09     0.00
  MONTH TO DATE    0.17                      0.08   0.09     0.00
  SINCE JUN 1     25.03                     25.14  -0.11    29.61
  SINCE JAN 1      2.62                      2.74  -0.12     1.30

DEGREE DAYS
 HEATING
  TODAY           32                        35     -3       23
  MONTH TO DATE   32                        35     -3       23
  SINCE DEC 1   2139                      2161    -22     2303
  SINCE JUL 1   3446                      3302    144     3479

 COOLING
  TODAY            0                         0      0        0
  MONTH TO DATE    0                         0      0        0
  SINCE DEC 1      0                         0      0        0
  SINCE JAN 1      0                         0      0        0
..................................................................


WIND (MPH)
  HIGHEST WIND SPEED    13   HIGHEST WIND DIRECTION     E (100)
  HIGHEST GUST SPEED    17   HIGHEST GUST DIRECTION     E (100)
  AVERAGE WIND SPEED     7.0


SKY COVER
  POSSIBLE SUNSHINE  MM
  AVERAGE SKY COVER 1.0


WEATHER CONDITIONS
 THE FOLLOWING WEATHER WAS RECORDED TODAY.
  LIGHT RAIN
  SNOW
  LIGHT SNOW
  FOG
  FOG W/VISIBILITY <= 1/4 MILE
  HAZE


RELATIVE HUMIDITY (PERCENT)
 HIGHEST    92           300 AM
 LOWEST     69          1200 AM
 AVERAGE    81

..........................................................


THE ZANESVILLE OH CLIMATE NORMALS FOR TOMORROW
                         NORMAL    RECORD    YEAR
 MAXIMUM TEMPERATURE (F)   38        59      1973
 MINIMUM TEMPERATURE (F)   21       -13      1951


SUNRISE AND SUNSET
FEBRUARY  1 2015......SUNRISE   736 AM EST   SUNSET   547 PM EST
FEBRUARY  2 2015......SUNRISE   735 AM EST   SUNSET   548 PM EST


-  INDICATES NEGATIVE NUMBERS.
R  INDICATES RECORD WAS SET OR TIED.
MM INDICATES DATA IS MISSING.
T  INDICATES TRACE AMOUNT.




$$
