000
CDUS41 KPBZ 252121
CLIZZV


CLIMATE REPORT
NATIONAL WEATHER SERVICE PITTSBURGH PA
514 PM EDT FRI JUL 25 2014


...................................

...THE ZANESVILLE OH CLIMATE SUMMARY FOR JULY 25 2014...
VALID TODAY AS OF 0500 PM LOCAL TIME.

CLIMATE NORMAL PERIOD 1981 TO 2010
CLIMATE RECORD PERIOD 1946 TO 2014


WEATHER ITEM   OBSERVED TIME   RECORD YEAR NORMAL DEPARTURE LAST
                VALUE   (LST)  VALUE       VALUE  FROM      YEAR
                                                  NORMAL
..................................................................
TEMPERATURE (F)
 TODAY
  MAXIMUM         77    359 PM  95    2005  84     -7       78
  MINIMUM         50    530 AM  49    1953  62    -12       53
  AVERAGE         64                        73     -9       66

PRECIPITATION (IN)
  TODAY            0.00         MM      MM   0.11  -0.11     0.00
  MONTH TO DATE    2.75                      3.16  -0.41     6.27
  SINCE JUN 1      9.49                      7.20   2.29    12.52
  SINCE JAN 1     23.82                     22.66   1.16    23.11

DEGREE DAYS
 HEATING
  TODAY            1                         0      1        0
  MONTH TO DATE    9                         0      9        0
  SINCE JUN 1     19                        32    -13       18
  SINCE JUL 1      9                         0      9        0

 COOLING
  TODAY            0                         8     -8        1
  MONTH TO DATE  141                       200    -59      261
  SINCE JUN 1    337                       358    -21      417
  SINCE JAN 1    419                       412      7      525
..................................................................


WIND (MPH)
  HIGHEST WIND SPEED     9   HIGHEST WIND DIRECTION     W (270)
  HIGHEST GUST SPEED    12   HIGHEST GUST DIRECTION     W (280)
  AVERAGE WIND SPEED     1.9


SKY COVER
  POSSIBLE SUNSHINE  MM
  AVERAGE SKY COVER 0.2


WEATHER CONDITIONS
 THE FOLLOWING WEATHER WAS RECORDED TODAY.
  NO SIGNIFICANT WEATHER WAS OBSERVED.


RELATIVE HUMIDITY (PERCENT)
 HIGHEST    93           200 AM
 LOWEST     43           300 PM
 AVERAGE    68

..........................................................


THE ZANESVILLE OH CLIMATE NORMALS FOR TOMORROW
                         NORMAL    RECORD    YEAR
 MAXIMUM TEMPERATURE (F)   84        95      1952
 MINIMUM TEMPERATURE (F)   62        48      1946


SUNRISE AND SUNSET
JULY 25 2014..........SUNRISE   620 AM EDT   SUNSET   848 PM EDT
JULY 26 2014..........SUNRISE   621 AM EDT   SUNSET   847 PM EDT


-  INDICATES NEGATIVE NUMBERS.
R  INDICATES RECORD WAS SET OR TIED.
MM INDICATES DATA IS MISSING.
T  INDICATES TRACE AMOUNT.




$$
