000
CDUS41 KPBZ 251329
CLIZZV


CLIMATE REPORT
NATIONAL WEATHER SERVICE PITTSBURGH PA
829 AM EST SAT FEB 25 2017


...................................

...THE ZANESVILLE OH CLIMATE SUMMARY FOR FEBRUARY 25 2017...
VALID AS OF 0800 AM LOCAL TIME.

CLIMATE NORMAL PERIOD 1981 TO 2010
CLIMATE RECORD PERIOD 1946 TO 2017


WEATHER ITEM   OBSERVED TIME   RECORD YEAR NORMAL DEPARTURE LAST
                VALUE   (LST)  VALUE       VALUE  FROM      YEAR
                                                  NORMAL
..................................................................
TEMPERATURE (F)
 TODAY
  MAXIMUM         65   1205 AM  74    2000
  MINIMUM         46    659 AM  -1    1967  25     21       32

PRECIPITATION (IN)
  TODAY            0.47         MM      MM   0.09   0.38     0.08
  MONTH TO DATE    2.30                      1.93   0.37     2.96
  SINCE JUN 1     23.83                     26.99  -3.16    26.21
  SINCE JAN 1      5.21                      4.59   0.62     3.88

DEGREE DAYS
 HEATING
  TODAY            9

 COOLING
  TODAY            0
..................................................................







THE ZANESVILLE OH CLIMATE NORMALS FOR TOMORROW
                         NORMAL    RECORD    YEAR
 MAXIMUM TEMPERATURE (F)   44        75      2000
 MINIMUM TEMPERATURE (F)   25        -7      1963


SUNRISE AND SUNSET
FEBRUARY 25 2017......SUNRISE   706 AM EST   SUNSET   615 PM EST
FEBRUARY 26 2017......SUNRISE   705 AM EST   SUNSET   616 PM EST


-  INDICATES NEGATIVE NUMBERS.
R  INDICATES RECORD WAS SET OR TIED.
MM INDICATES DATA IS MISSING.
T  INDICATES TRACE AMOUNT.




$$
