000
CDUS41 KPBZ 172233
CLIZZV


CLIMATE REPORT
NATIONAL WEATHER SERVICE PITTSBURGH PA
532 PM EST TUE JAN 17 2017


...................................

...THE ZANESVILLE OH CLIMATE SUMMARY FOR JANUARY 17 2017...
VALID TODAY AS OF 0500 PM LOCAL TIME.

CLIMATE NORMAL PERIOD 1981 TO 2010
CLIMATE RECORD PERIOD 1946 TO 2017


WEATHER ITEM   OBSERVED TIME   RECORD YEAR NORMAL DEPARTURE LAST
                VALUE   (LST)  VALUE       VALUE  FROM      YEAR
                                                  NORMAL
..................................................................
TEMPERATURE (F)
 TODAY
  MAXIMUM         64R   229 PM  62    1952  37     27       33
  MINIMUM         42   1233 AM -19    1977  20     22       11
  AVERAGE         53                        28     25       22

PRECIPITATION (IN)
  TODAY            0.06         MM      MM   0.09  -0.03      T
  MONTH TO DATE    1.79                      1.52   0.27     0.84
  SINCE JUN 1     20.41                     23.92  -3.51    23.17
  SINCE JAN 1      1.79                      1.52   0.27     0.84

DEGREE DAYS
 HEATING
  TODAY           12                        36    -24       43
  MONTH TO DATE  536                       612    -76      581
  SINCE DEC 1   1512                      1616   -104     1156
  SINCE JUL 1   2369                      2757   -388     1998

 COOLING
  TODAY            0                         0      0        0
  MONTH TO DATE    0                         0      0        0
  SINCE DEC 1      0                         0      0        0
  SINCE JAN 1      0                         0      0        0
..................................................................


WIND (MPH)
  HIGHEST WIND SPEED    21   HIGHEST WIND DIRECTION     W (270)
  HIGHEST GUST SPEED    29   HIGHEST GUST DIRECTION    SW (240)
  AVERAGE WIND SPEED    10.2


SKY COVER
  POSSIBLE SUNSHINE  MM
  AVERAGE SKY COVER 0.9


WEATHER CONDITIONS
 THE FOLLOWING WEATHER WAS RECORDED TODAY.
  LIGHT RAIN
  FOG


RELATIVE HUMIDITY (PERCENT)
 HIGHEST    96           200 AM
 LOWEST     67           200 PM
 AVERAGE    82

..........................................................


THE ZANESVILLE OH CLIMATE NORMALS FOR TOMORROW
                         NORMAL    RECORD    YEAR
 MAXIMUM TEMPERATURE (F)   37        66      1996
 MINIMUM TEMPERATURE (F)   20       -19      1994


SUNRISE AND SUNSET
JANUARY 17 2017.......SUNRISE   746 AM EST   SUNSET   530 PM EST
JANUARY 18 2017.......SUNRISE   746 AM EST   SUNSET   531 PM EST


-  INDICATES NEGATIVE NUMBERS.
R  INDICATES RECORD WAS SET OR TIED.
MM INDICATES DATA IS MISSING.
T  INDICATES TRACE AMOUNT.




$$
