000
CDUS41 KPBZ 200702
CLIZZV


CLIMATE REPORT
NATIONAL WEATHER SERVICE PITTSBURGH PA
302 AM EDT FRI OCT   2017


...................................

...THE ZANESVILLE OH CLIMATE SUMMARY FOR OCTOBER 19 2017...

CLIMATE NORMAL PERIOD 1981 TO 2010
CLIMATE RECORD PERIOD 1895 TO 2017


WEATHER ITEM   OBSERVED TIME   RECORD YEAR NORMAL DEPARTURE LAST
                VALUE   (LST)  VALUE       VALUE  FROM      YEAR
                                                  NORMAL
..................................................................
TEMPERATURE (F)
 YESTERDAY
  MAXIMUM         72    411 PM  84    1953  64      8       78
  MINIMUM         38    613 AM  24    1896  41     -3       62
  AVERAGE         55                        52      3       70

PRECIPITATION (IN)
  YESTERDAY        0.00          2.12 2011   0.08  -0.08     0.03
  MONTH TO DATE    2.74                      1.63   1.11     0.11
  SINCE JUN 1     16.20                     15.70   0.50    10.70
  SINCE JAN 1     34.32                     31.16   3.16    25.68

DEGREE DAYS
 HEATING
  YESTERDAY       10                        13     -3        0
  MONTH TO DATE   61                       199   -138      107
  SINCE SEP 1    126                       297   -171      123
  SINCE JUL 1    130                       308   -178      123

 COOLING
  YESTERDAY        0                         0      0        5
  MONTH TO DATE   35                         7     28       25
  SINCE SEP 1    147                        89     58      202
  SINCE JAN 1    875                       766    109     1353
..................................................................


WIND (MPH)
  HIGHEST WIND SPEED    14   HIGHEST WIND DIRECTION    SW (230)
  HIGHEST GUST SPEED    20   HIGHEST GUST DIRECTION     W (260)
  AVERAGE WIND SPEED     4.6


SKY COVER
  POSSIBLE SUNSHINE  MM
  AVERAGE SKY COVER 0.0


WEATHER CONDITIONS
 THE FOLLOWING WEATHER WAS RECORDED YESTERDAY.
  NO SIGNIFICANT WEATHER WAS OBSERVED.


RELATIVE HUMIDITY (PERCENT)
 HIGHEST    92           300 AM
 LOWEST     44           200 PM
 AVERAGE    68

..........................................................


THE ZANESVILLE OH CLIMATE NORMALS FOR TODAY
                         NORMAL    RECORD    YEAR
 MAXIMUM TEMPERATURE (F)   63        85      1920
 MINIMUM TEMPERATURE (F)   40        20      1972
                                             1952


SUNRISE AND SUNSET
OCTOBER 20 2017.......SUNRISE   744 AM EDT   SUNSET   640 PM EDT
OCTOBER 21 2017.......SUNRISE   745 AM EDT   SUNSET   639 PM EDT


-  INDICATES NEGATIVE NUMBERS.
R  INDICATES RECORD WAS SET OR TIED.
MM INDICATES DATA IS MISSING.
T  INDICATES TRACE AMOUNT.




$$
