000
CDUS41 KPBZ 030714
CLIZZV


CLIMATE REPORT
NATIONAL WEATHER SERVICE PITTSBURGH PA
314 AM EDT THU SEP 3 2015


...................................

...THE ZANESVILLE OH CLIMATE SUMMARY FOR SEPTEMBER 2 2015...

CLIMATE NORMAL PERIOD 1981 TO 2010
CLIMATE RECORD PERIOD 1946 TO 2015


WEATHER ITEM   OBSERVED TIME   RECORD YEAR NORMAL DEPARTURE LAST
                VALUE   (LST)  VALUE       VALUE  FROM      YEAR
                                                  NORMAL
..................................................................
TEMPERATURE (F)
 YESTERDAY
  MAXIMUM         90    325 PM 101    1953  81      9       81
  MINIMUM         65    557 AM  40    1949  58      7       64
  AVERAGE         78                        69      9       73

PRECIPITATION (IN)
  YESTERDAY        0.00         MM      MM   0.10  -0.10     0.38
  MONTH TO DATE    T                         0.20  -0.20     0.44
  SINCE JUN 1     10.67                     11.26  -0.59    14.29
  SINCE JAN 1     26.57                     26.72  -0.15    28.62

DEGREE DAYS
 HEATING
  YESTERDAY        0                         1     -1        0
  MONTH TO DATE    0                         2     -2        0
  SINCE SEP 1      0                         2     -2        0
  SINCE JUL 1      8                        13     -5       21

 COOLING
  YESTERDAY       13                         5      8        8
  MONTH TO DATE   24                        10     14       20
  SINCE SEP 1     24                        10     14       20
  SINCE JAN 1    742                       687     55      661
..................................................................


WIND (MPH)
  HIGHEST WIND SPEED    14   HIGHEST WIND DIRECTION    NW (320)
  HIGHEST GUST SPEED    19   HIGHEST GUST DIRECTION    NW (330)
  AVERAGE WIND SPEED     3.0


SKY COVER
  POSSIBLE SUNSHINE  MM
  AVERAGE SKY COVER 0.1


WEATHER CONDITIONS
 THE FOLLOWING WEATHER WAS RECORDED YESTERDAY.
  FOG
  HAZE


RELATIVE HUMIDITY (PERCENT)
 HIGHEST    93           500 AM
 LOWEST     41           300 PM
 AVERAGE    67

..........................................................


THE ZANESVILLE OH CLIMATE NORMALS FOR TODAY
                         NORMAL    RECORD    YEAR
 MAXIMUM TEMPERATURE (F)   81       102      1953
 MINIMUM TEMPERATURE (F)   57        38      1946


SUNRISE AND SUNSET
SEPTEMBER  3 2015.....SUNRISE   657 AM EDT   SUNSET   756 PM EDT
SEPTEMBER  4 2015.....SUNRISE   658 AM EDT   SUNSET   755 PM EDT


-  INDICATES NEGATIVE NUMBERS.
R  INDICATES RECORD WAS SET OR TIED.
MM INDICATES DATA IS MISSING.
T  INDICATES TRACE AMOUNT.




$$
