000
CDUS41 KPBZ 040701
CLIZZV


CLIMATE REPORT
NATIONAL WEATHER SERVICE PITTSBURGH PA
301 AM EDT SAT JUL 4 2015


...................................

...THE ZANESVILLE OH CLIMATE SUMMARY FOR JULY 3 2015...

CLIMATE NORMAL PERIOD 1981 TO 2010
CLIMATE RECORD PERIOD 1946 TO 2015


WEATHER ITEM   OBSERVED TIME   RECORD YEAR NORMAL DEPARTURE LAST
                VALUE   (LST)  VALUE       VALUE  FROM      YEAR
                                                  NORMAL
..................................................................
TEMPERATURE (F)
 YESTERDAY
  MAXIMUM         77   1208 PM  98    1966  84     -7       MM
  MINIMUM         59    550 AM  46    1947  62     -3       MM
  AVERAGE         68                        73     -5       MM

PRECIPITATION (IN)
  YESTERDAY        0.12         MM      MM   0.13  -0.01     0.14
  MONTH TO DATE    0.12                      0.40  -0.28     0.45
  SINCE JUN 1      7.46                      4.44   3.02     7.19
  SINCE JAN 1     23.36                     19.90   3.46    21.52

DEGREE DAYS
 HEATING
  YESTERDAY        0                         0      0       MM
  MONTH TO DATE    0                         0      0        0
  SINCE JUN 1     24                        32     -8       10
  SINCE JUL 1      0                         0      0        0

 COOLING
  YESTERDAY        3                         8     -5       MM
  MONTH TO DATE    8                        24    -16       23
  SINCE JUN 1    195                       182     13      219
  SINCE JAN 1    312                       236     76      301
..................................................................


WIND (MPH)
  HIGHEST WIND SPEED    12   HIGHEST WIND DIRECTION    NE (60)
  HIGHEST GUST SPEED    14   HIGHEST GUST DIRECTION     E (90)
  AVERAGE WIND SPEED     4.2


SKY COVER
  POSSIBLE SUNSHINE  MM
  AVERAGE SKY COVER 0.5


WEATHER CONDITIONS
 THE FOLLOWING WEATHER WAS RECORDED YESTERDAY.
  RAIN
  LIGHT RAIN
  FOG
  HAZE


RELATIVE HUMIDITY (PERCENT)
 HIGHEST    93          1000 PM
 LOWEST     54          1200 PM
 AVERAGE    74

..........................................................


THE ZANESVILLE OH CLIMATE NORMALS FOR TODAY
                         NORMAL    RECORD    YEAR
 MAXIMUM TEMPERATURE (F)   84        97      2012
 MINIMUM TEMPERATURE (F)   62        44      1968


SUNRISE AND SUNSET
JULY  4 2015..........SUNRISE   604 AM EDT   SUNSET   900 PM EDT
JULY  5 2015..........SUNRISE   605 AM EDT   SUNSET   859 PM EDT


-  INDICATES NEGATIVE NUMBERS.
R  INDICATES RECORD WAS SET OR TIED.
MM INDICATES DATA IS MISSING.
T  INDICATES TRACE AMOUNT.




$$
