107
CXUS55 KABQ 011851
CLMABQ


CLIMATE REPORT
NATIONAL WEATHER SERVICE ALBUQUERQUE NM
1220 PM MDT MON AUG 1 2016

...................................

...THE ALBUQUERQUE  NM CLIMATE SUMMARY FOR THE MONTH OF JULY 2016...

CLIMATE NORMAL PERIOD 1981 TO 2010
CLIMATE RECORD PERIOD 1891 TO 2016

WEATHER         OBSERVED          NORMAL  DEPART  LAST YEAR`S
                 VALUE   DATE(S)  VALUE   FROM    VALUE  DATE(S)
                                          NORMAL
................................................................
TEMPERATURE (F)
RECORD
 HIGH             105   07/18/1980
                        07/05/1980
                        07/14/1979
 LOW               52   07/03/1985
HIGHEST           100   07/23       100       0       96  07/26
                        07/14
                        07/10
LOWEST             61   07/02        58       3       58  07/08
AVG. MAXIMUM     95.6              90.1     5.5     88.4
AVG. MINIMUM     66.9              66.4     0.5     65.3
MEAN             81.3              78.3     3.0     76.8
DAYS MAX >= 90     29              17.3    11.7       16
DAYS MAX <= 32      0               0.0     0.0        0
DAYS MIN <= 32      0               0.0     0.0        0
DAYS MIN <= 0       0               0.0     0.0        0

PRECIPITATION (INCHES)
RECORD
 MAXIMUM         3.55   2006
 MINIMUM         0.08   1980
TOTALS           1.14              1.50   -0.36     3.28
DAILY AVG.       0.04              0.05   -0.01     0.11
DAYS >= .01         6               8.3    -2.3       14
DAYS >= .10         3               3.9    -0.9        5
DAYS >= .50         0               0.8    -0.8        2
DAYS >= 1.00        0               0.2    -0.2        1
GREATEST
 24 HR. TOTAL    0.45   07/29 TO 07/29              2.31
                        07/28 TO 07/29
                        07/29 TO 07/29

SNOWFALL (INCHES)
RECORDS
 TOTAL              T   2007
TOTALS            0.0               0.0     0.0      0.0
SINCE 7/1         0.0               0.0     0.0      0.0
SNOWDEPTH AVG.      0                MM      MM        0
DAYS >= 1.0         0               0.0     0.0        0
GREATEST
 SNOW DEPTH         0   MM                             0  MM
 24 HR TOTAL      0.0   07/31 TO 07/31               0.0

DEGREE_DAYS
HEATING TOTAL       0                 0       0        0
 SINCE 7/1          0                 0       0        0
COOLING TOTAL     511               411     100      375
 SINCE 1/1       1021               811     210      795
.................................................................

WIND (MPH)
AVERAGE WIND SPEED              8.3
HIGHEST WIND SPEED/DIRECTION    40/010    DATE  07/30
HIGHEST GUST SPEED/DIRECTION    56/350    DATE  07/30

SKY COVER
POSSIBLE SUNSHINE (PERCENT)   MM
AVERAGE SKY COVER           0.40
NUMBER OF DAYS FAIR           15
NUMBER OF DAYS PC             15
NUMBER OF DAYS CLOUDY          1

AVERAGE RH (PERCENT)     34

WEATHER CONDITIONS. NUMBER OF DAYS WITH
THUNDERSTORM              0     MIXED PRECIP               0
HEAVY RAIN                2     RAIN                       2
LIGHT RAIN                8     FREEZING RAIN              0
LT FREEZING RAIN          0     HAIL                       0
HEAVY SNOW                0     SNOW                       0
LIGHT SNOW                0     SLEET                      0
FOG                       2     FOG W/VIS <= 1/4 MILE      0
HAZE                      2

-  INDICATES NEGATIVE NUMBERS.
R  INDICATES RECORD WAS SET OR TIED.
MM INDICATES DATA IS MISSING.
T  INDICATES TRACE AMOUNT.

$$

----------------------------------------------------------------------

THE AVERAGE MAXIMUM TEMPERATURE AT THE ALBUQUERQUE SUNPORT IN JULY
2016 WAS 95.6 DEGREES. THE AVERAGE MINIMUM TEMPERATURE IN JULY 2016
WAS 66.9 DEGREES.

THE HIGHEST TEMPERATURE FOR THE MONTH WAS 100 DEGREES SET ON THE 10TH,
14TH AND ON THE 23RD.

THE LOWEST TEMPERATURE FOR THE MONTH WAS 61 DEGREES SET ON THE 2ND.

TOTAL PRECIPITATION FOR JULY 2016 WAS 1.14 INCHES WHICH IS MINUS 0.36
INCHES BELOW NORMAL.

AVERAGE WIND SPEED FOR 8.3 MILES PER HOUR. THE PEAK WIND GUST FOR THE
MONTH WAS 56 MILES PER HOUR FROM THE NORTH WHICH OCCURRED ON THE 30TH.

$$
