000
CXUS55 KABQ 011700
CLMABQ

ABQCLMABQ 000
TTAA00 KABQ 011539


CLIMATE REPORT
NATIONAL WEATHER SERVICE ALBUQUERQUE NM
955 AM MST FRI DEC 1 2017

...................................

...THE ALBUQUERQUE  NM CLIMATE SUMMARY FOR THE MONTH OF NOVEMBER 2017...

CLIMATE NORMAL PERIOD 1981 TO 2010
CLIMATE RECORD PERIOD 1891 TO 2017

WEATHER         OBSERVED          NORMAL  DEPART  LAST YEAR`S
                 VALUE   DATE(S)  VALUE   FROM    VALUE  DATE(S)
                                          NORMAL
................................................................
TEMPERATURE (F)
RECORD
 HIGH              77   11/06/1975
 LOW               -7   11/29/1976
HIGHEST            73   11/17        71       2       72  11/02
                        11/01
LOWEST             27   11/20        19       8       20  11/30
AVG. MAXIMUM     65.4              55.8     9.6     58.6
AVG. MINIMUM     40.2              34.1     6.1     38.1
MEAN             52.8              44.9     7.9     48.3
DAYS MAX >= 90      0               0.0     0.0        0
DAYS MAX <= 32      0               0.1    -0.1        0
DAYS MIN <= 32      2              11.3    -9.3        7
DAYS MIN <= 0       0               0.0     0.0        0

PRECIPITATION (INCHES)
RECORD
 MAXIMUM         1.93   1991
 MINIMUM         0.00   2017
                        1949
                        1932
TOTALS           0.00R             0.57   -0.57     1.03
DAILY AVG.       0.00              0.02   -0.02     0.03
DAYS >= .01         0               3.9    -3.9        6
DAYS >= .10         0               1.7    -1.7        3
DAYS >= .50         0               0.2    -0.2        0
DAYS >= 1.00        0               0.0     0.0        0
GREATEST
 24 HR. TOTAL       T   10/31 TO 11/01              0.40

SNOWFALL (INCHES)
RECORDS
 TOTAL            9.2   1940
TOTALS            0.0               1.0    -1.0      0.1
SINCE 7/1         0.0               1.3    -1.3      0.1
SNOWDEPTH AVG.      0                MM      MM        0
DAYS >= 1.0         0               0.4    -0.4        0
GREATEST
 SNOW DEPTH         0   MM                             0  MM
 24 HR TOTAL      0.0   11/30 TO 11/30               0.1

DEGREE_DAYS
HEATING TOTAL     357               601    -244      491
 SINCE 7/1        569               867    -298      577
COOLING TOTAL       0                 0       0        0
 SINCE 1/1       1557              1322     235     1525
.................................................................

WIND (MPH)
AVERAGE WIND SPEED              6.2
HIGHEST WIND SPEED/DIRECTION    32/330    DATE  11/18
HIGHEST GUST SPEED/DIRECTION    47/350    DATE  11/18

SKY COVER
POSSIBLE SUNSHINE (PERCENT)   MM
AVERAGE SKY COVER           0.50
NUMBER OF DAYS FAIR           11
NUMBER OF DAYS PC             13
NUMBER OF DAYS CLOUDY          6

AVERAGE RH (PERCENT)     38

WEATHER CONDITIONS. NUMBER OF DAYS WITH
THUNDERSTORM              0     MIXED PRECIP               0
HEAVY RAIN                0     RAIN                       0
LIGHT RAIN                0     FREEZING RAIN              0
LT FREEZING RAIN          0     HAIL                       0
HEAVY SNOW                0     SNOW                       0
LIGHT SNOW                0     SLEET                      0
FOG                       0     FOG W/VIS <= 1/4 MILE      0
HAZE                      1

-  INDICATES NEGATIVE NUMBERS.
R  INDICATES RECORD WAS SET OR TIED.
MM INDICATES DATA IS MISSING.
T  INDICATES TRACE AMOUNT.

$$

_______________________________________________________________________

  NOVEMBER 2017 WAS THE WARMEST NOVEMBER ON RECORD FOR ALBUQUERQUE

THE AVERAGE MAXIMUM TEMPERATURE AT THE ALBUQUERQUE SUNPORT WAS 65.4
DEGREES WHICH WAS 9.6 DEGREES ABOVE NORMAL. THE AVERAGE MINIMUM
TEMPERATURE WAS 40.2 DEGREES WHICH WAS 6.1 DEGREES ABOVE NORMAL. THE
AVERAGE MONTHLY TEMPERATURE WAS 52.8 DEGREES WHICH WAS 7.8 DEGREES
ABOVE NORMAL.

THE HIGHEST TEMPERATURE FOR MONTH WAS 73 DEGREES WHICH OCCURRED ON
1ST AND ON THE 17TH. THE LOWEST TEMPERATURE FOR THE MONTH WAS 27
DEGREES ON THE 20TH.

NOVEMBER WAS ALSO A DRY MONTH WITH NO PRECIPITATION AT THE ALBUQUERQUE
SUNPORT.

THE AVERAGE WIND SPEED FOR THE MONTH WAS 6.2 MILES PER HOUR AND THE
PEAK WIND WAS FROM THE NORTH AT 47 MILES PER HOUR WHICH OCCURRED ON
THE 18TH.

_________________________________________________________________________
