000
CXUS52 KCAE 020013 AAB
CLMAGS

CLIMATE REPORT...UPDATED TO ADD THE ALL-TIME JANUARY LOW TEMP RECORD...
NATIONAL WEATHER SERVICE COLUMBIA SC
713 PM EST WED FEB 1 2017

...................................

...THE AUGUSTA BUSH FIELD GA CLIMATE SUMMARY FOR THE MONTH OF JANUARY 2017...

CLIMATE NORMAL PERIOD 1981 TO 2010
CLIMATE RECORD PERIOD 1873 TO 2017

WEATHER         OBSERVED          NORMAL  DEPART
                 VALUE   DATE(S)  VALUE   FROM
                                          NORMAL
................................................
TEMPERATURE (F)
RECORD
 HIGH              84    01/14/1932
 LOW               -1 ## 01/21/1985

HIGHEST            82    01/13       MM      MM
LOWEST             24    01/10       MM      MM
                         01/09
                         01/08
AVG. MAXIMUM     67.5              57.9     9.6
AVG. MINIMUM     43.5              32.8    10.7
MEAN             55.5              45.4    10.1
DAYS MAX >= 90      0               0.0     0.0
DAYS MAX <= 32      0               0.2    -0.2
DAYS MIN <= 32      5              15.4   -10.4
DAYS MIN <= 0       0               0.0     0.0

PRECIPITATION (INCHES)
RECORD
 MAXIMUM        12.60   1925
 MINIMUM         0.60   2013
TOTALS          10.13              3.91    6.22
DAILY AVG.       0.33              0.13    0.20
DAYS >= .01         9               9.8    -0.8
DAYS >= .10         8               6.6     1.4
DAYS >= .50         6               2.7     3.3
DAYS >= 1.00        4               1.1     2.9
GREATEST
 24 HR. TOTAL    3.21   01/02 TO 01/03
 STORM TOTAL       MM
 (MM/DD(HH))            MM

SNOWFALL (INCHES)
RECORDS
 TOTAL            4.0   2002
TOTALS              T               0.4    -0.4
SINCE 7/1           T               0.5    -0.5
DAYS >= TRACE       1               0.2     0.8
DAYS >= 1.0         0               0.1    -0.1
GREATEST
 SNOW DEPTH         0   MM

DEGREE_DAYS
HEATING TOTAL     300               610    -310
 SINCE 7/1        937              1585    -648
COOLING TOTAL      14                 1      13
 SINCE 1/1         14                 0      14

FREEZE DATES
RECORD
 EARLIEST     MM
 LATEST       MM
EARLIEST                        MM
LATEST                          MM
.................................................

WIND (MPH)
AVERAGE WIND SPEED              6.1
RESULTANT WIND SPEED/DIRECTION   3/260
HIGHEST WIND SPEED/DIRECTION    29/270    DATE  01/26
HIGHEST GUST SPEED/DIRECTION    37/300    DATE  01/29

SKY COVER
POSSIBLE SUNSHINE (PERCENT)   MM
AVERAGE SKY COVER           0.40
NUMBER OF DAYS FAIR           16
NUMBER OF DAYS PC             10
NUMBER OF DAYS CLOUDY          5

AVERAGE RH (PERCENT)     65

WEATHER CONDITIONS. NUMBER OF DAYS WITH
THUNDERSTORM              4     MIXED PRECIP               0
HEAVY RAIN                8     RAIN                       7
LIGHT RAIN               11     FREEZING RAIN              0
LT FREEZING RAIN          0     HAIL                       0
HEAVY SNOW                0     SNOW                       0
LIGHT SNOW                1     SLEET                      1
FOG                      18     FOG W/VIS <= 1/4 MILE      8
HAZE                      5

-  INDICATES NEGATIVE NUMBERS.
R  INDICATES RECORD WAS SET OR TIED.
MM INDICATES DATA IS MISSING.
T  INDICATES TRACE AMOUNT.

## INDICATES ADDED DATA

$$
