000
CXUS54 KAMA 011624
CLMAMA


CLIMATE REPORT
NATIONAL WEATHER SERVICE AMARILLO TX
1014 AM CST THU FEB 1 2018

...................................

...THE AMARILLO CLIMATE SUMMARY FOR THE MONTH OF JANUARY 2018...

CLIMATE NORMAL PERIOD 1981 TO 2010
CLIMATE RECORD PERIOD 1892 TO 2018

WEATHER         OBSERVED          NORMAL  DEPART  LAST YEAR`S
                 VALUE   DATE(S)  VALUE   FROM    VALUE  DATE(S)
                                          NORMAL
................................................................
TEMPERATURE (F)
RECORD
 HIGH              83   01/05/1927
 LOW              -11   01/18/1984
                        01/04/1959
                        01/06/1912
HIGHEST            79   01/20                         78  01/09
LOWEST              2   01/02                         -3  01/07
AVG. MAXIMUM     55.3              50.6     4.7     52.4
AVG. MINIMUM     21.8              23.4    -1.6     26.4
MEAN             38.6              37.0     1.6     39.4
DAYS MAX >= 90      0               0.0     0.0        0
DAYS MAX <= 32      3               2.7     0.3        4
DAYS MIN <= 32     27              26.8     0.2       24
DAYS MIN <= 0       0               0.2    -0.2        1

PRECIPITATION (INCHES)
RECORD
 MAXIMUM         3.17   2017
 MINIMUM         0.00   1986
                        1923
TOTALS              T              0.72   -0.72     3.17
DAILY AVG.          T              0.02   -0.02     0.10
DAYS >= .01         0               3.9    -3.9        8
DAYS >= .10         0               1.7    -1.7        7
DAYS >= .50         0               0.5    -0.5        2
DAYS >= 1.00        0               0.0     0.0        2
GREATEST
 24 HR. TOTAL       T   01/15 TO 01/15
                        12/31 TO 01/01
                        01/01 TO 01/01

SNOWFALL (INCHES)
RECORDS
 TOTAL           19.7   1897
TOTALS              T               4.7    -4.7      6.4
SINCE 7/1           T              11.1   -11.1      6.9
DAYS >= TRACE       1               2.6    -1.6        4
DAYS >= 1.0         0               1.4    -1.4        3
GREATEST
 SNOW DEPTH         0   MM
 24 HR TOTAL        T   01/15 TO 01/15

DEGREE_DAYS
HEATING TOTAL     811               868     -57      787
 SINCE 7/1       2252              2585    -333     2078
COOLING TOTAL       0                 0       0        0
 SINCE 1/1          0                 0       0        0
.................................................................

WIND (MPH)
AVERAGE WIND SPEED              12.8
HIGHEST WIND SPEED/DIRECTION    45/350    DATE  01/11
HIGHEST GUST SPEED/DIRECTION    57/350    DATE  01/11

SKY COVER
POSSIBLE SUNSHINE (PERCENT)   MM
NUMBER OF DAYS FAIR           30
NUMBER OF DAYS PC              1
NUMBER OF DAYS CLOUDY          0

AVERAGE RH (PERCENT)     44

WEATHER CONDITIONS. NUMBER OF DAYS WITH
THUNDERSTORM              0     MIXED PRECIP               0
HEAVY RAIN                0     RAIN                       0
LIGHT RAIN                2     FREEZING RAIN              0
LT FREEZING RAIN          0     HAIL                       0
HEAVY SNOW                0     SNOW                       0
LIGHT SNOW                1     SLEET                      0
FOG                       1     FOG W/VIS <= 1/4 MILE      1
HAZE                      3

-  INDICATES NEGATIVE NUMBERS.
R  INDICATES RECORD WAS SET OR TIED.
MM INDICATES DATA IS MISSING.
T  INDICATES TRACE AMOUNT.

$$
