000
CXUS52 KJAX 012052
CLMAMG

CLIMATE REPORT
NATIONAL WEATHER SERVICE JACKSONVILLE FL
451 PM EDT SUN MAY 1 2016

...................................

...THE ALMA CLIMATE SUMMARY FOR THE MONTH OF APRIL 2016...

CLIMATE NORMAL PERIOD 1981 TO 2010
CLIMATE RECORD PERIOD 1948 TO 2016

WEATHER         OBSERVED          NORMAL  DEPART  LAST YEAR`S
                 VALUE   DATE(S)  VALUE   FROM    VALUE  DATE(S)
                                          NORMAL
................................................................
TEMPERATURE (F)
RECORD
 HIGH              96   04/27/1986
 LOW               30   04/08/2007
HIGHEST            91   04/29        79      12       89  04/08
LOWEST             41   04/18        54     -13       52  04/22
                                                          04/05
AVG. MAXIMUM     78.2              78.7    -0.5     79.8
AVG. MINIMUM     53.7              53.7     0.0     60.7
MEAN             65.9              66.2    -0.3     70.2
DAYS MAX >= 90      2               0.8     1.2        0
DAYS MAX <= 32      0               0.0     0.0        0
DAYS MIN <= 32      0               0.1    -0.1        0
DAYS MIN <= 0       0               0.0     0.0        0

PRECIPITATION (INCHES)
RECORD
 MAXIMUM         8.15   1949
 MINIMUM         0.05   2007
TOTALS           3.32              2.81    0.51     3.65
DAILY AVG.       0.11              0.09    0.02     0.12
DAYS >= .01         9               6.4     2.6       10
DAYS >= .10         5               4.0     1.0        6
DAYS >= .50         3               1.8     1.2        3
DAYS >= 1.00        1               0.8     0.2        1
GREATEST
 24 HR. TOTAL    2.21

SNOWFALL (INCHES)
RECORDS
 TOTAL             MM   MM
TOTALS            0.0               0.0     0.0      0.0
SINCE 7/1         0.0               0.1    -0.1      0.0
SNOWDEPTH AVG.      0                MM      MM        0
DAYS >= 1.0         0               0.0     0.0        0
GREATEST
 SNOW DEPTH         0   MM                             0  MM
 24 HR TOTAL      0.0

DEGREE_DAYS
HEATING TOTAL      56                64      -8        7
 SINCE 7/1       1267              1653    -386     1816
COOLING TOTAL      93               100      -7      172
 SINCE 1/1        186               154      32      227
.................................................................

WIND (MPH)
AVERAGE WIND SPEED              5.5
HIGHEST WIND SPEED/DIRECTION    24/290    DATE  04/09
HIGHEST GUST SPEED/DIRECTION    33/310    DATE  04/09

SKY COVER
POSSIBLE SUNSHINE (PERCENT)   MM
AVERAGE SKY COVER           0.30
NUMBER OF DAYS FAIR           19
NUMBER OF DAYS PC              8
NUMBER OF DAYS CLOUDY          3

AVERAGE RH (PERCENT)     68

WEATHER CONDITIONS. NUMBER OF DAYS WITH
THUNDERSTORM              0     MIXED PRECIP               0
HEAVY RAIN                4     RAIN                       6
LIGHT RAIN                8     FREEZING RAIN              0
LT FREEZING RAIN          0     HAIL                       0
HEAVY SNOW                0     SNOW                       0
LIGHT SNOW                0     SLEET                      0
FOG                      18     FOG W/VIS <= 1/4 MILE      3
HAZE                      2

-  INDICATES NEGATIVE NUMBERS.
R  INDICATES RECORD WAS SET OR TIED.
MM INDICATES DATA IS MISSING.
T  INDICATES TRACE AMOUNT.

$$
