000
CXUS54 KBMX 041405
CLMANB


CLIMATE REPORT
NATIONAL WEATHER SERVICE BIRMINGHAM, AL
903 AM CDT TUE JUL 4 2017

...................................

...THE ANNISTON CLIMATE SUMMARY FOR THE MONTH OF JUNE 2017...

CLIMATE NORMAL PERIOD 1981 TO 2010
CLIMATE RECORD PERIOD 1903 TO 2017

WEATHER         OBSERVED          NORMAL  DEPART  LAST YEAR`S
                 VALUE   DATE(S)  VALUE   FROM    VALUE  DATE(S)
                                          NORMAL
................................................................
TEMPERATURE (F)
RECORD
 HIGH             104   06/30/2012
                        06/28/1931
                        08/29/2000
 LOW               42   06/01/1972
HIGHEST            92   06/15        MM      MM      100  06/25
LOWEST             58   06/26        MM      MM       57  06/09
AVG. MAXIMUM     84.7              87.3    -2.6     91.4
AVG. MINIMUM     67.0              66.6     0.4     67.2
MEAN             75.9                               79.3
DAYS MAX >= 90      1               9.3    -8.3       21
DAYS MAX <= 32      0               0.0     0.0        0
DAYS MIN <= 32      0               0.0     0.0        0
DAYS MIN <= 0       0               0.0     0.0        0

PRECIPITATION (INCHES)
RECORD
 MAXIMUM         9.28   2003
 MINIMUM         0.00   1988
TOTALS           8.11              4.08    4.03     1.56
DAILY AVG.       0.29              0.14    0.15
DAYS >= .01        13              10.0     3.0
DAYS >= .10        11               6.9     4.1
DAYS >= .50         6               2.8     3.2
DAYS >= 1.00        4               1.1     2.9

DEGREE_DAYS
COOLING TOTAL     326               359     -33      436
 SINCE 1/1        646               599      47      716
.................................................................

WIND (MPH)
AVERAGE WIND SPEED              3.8
HIGHEST WIND SPEED/DIRECTION    31/340    DATE  06/15
HIGHEST GUST SPEED/DIRECTION    53/330    DATE  06/15

AVERAGE RH (PERCENT)     76

WEATHER CONDITIONS. NUMBER OF DAYS WITH
THUNDERSTORM              0     MIXED PRECIP               0
HEAVY RAIN                9     RAIN                      12
LIGHT RAIN               16     FREEZING RAIN              0
LT FREEZING RAIN          0     HAIL                       0
HEAVY SNOW                0     SNOW                       0
LIGHT SNOW                0     SLEET                      0
FOG                      20     FOG W/VIS <= 1/4 MILE      3
HAZE                      1

-  INDICATES NEGATIVE NUMBERS.
R  INDICATES RECORD WAS SET OR TIED.
MM INDICATES DATA IS MISSING.
T  INDICATES TRACE AMOUNT.

$$
