000
CXUS53 KAPX 010739
CLMANJ


CLIMATE REPORT
NATIONAL WEATHER SERVICE GAYLORD MI
338 AM EDT WED JUL 1 2015

...................................

...THE SAULT STE MARIE MI CLIMATE SUMMARY FOR THE MONTH OF JUNE 2015...

CLIMATE NORMAL PERIOD 1981 TO 2010
CLIMATE RECORD PERIOD 1888 TO 2015

WEATHER         OBSERVED          NORMAL  DEPART  LAST YEAR`S
                 VALUE   DATE(S)  VALUE   FROM    VALUE  DATE(S)
                                          NORMAL
................................................................
TEMPERATURE (F)
RECORD
 HIGH              93   06/26/1983
                        06/30/1927
                        06/27/1901
 LOW               26   06/03/1982
HIGHEST            82   06/28        MM      MM       83  06/30
                                                          06/28
                                                          06/16
LOWEST             38   06/01        MM      MM       39  06/14
AVG. MAXIMUM     70.2              71.3    -1.1     72.8
AVG. MINIMUM     47.3              48.7    -1.4     51.8
MEAN             58.8              60.0    -1.2     62.3
DAYS MAX >= 90      0               0.1    -0.1        0
DAYS MAX <= 32      0               0.0     0.0        0
DAYS MIN <= 32      0               0.2    -0.2        0
DAYS MIN <= 0       0               0.0     0.0        0

PRECIPITATION (INCHES)
RECORD
 MAXIMUM           MM   MM
 MINIMUM           MM   MM
TOTALS           2.73              2.70    0.03     2.92
DAILY AVG.       0.09              0.09    0.00     0.10
DAYS >= .01        10              11.1    -1.1       11
DAYS >= .10         5               6.4    -1.4        5
DAYS >= .50         2               1.7     0.3        3
DAYS >= 1.00        0               0.4    -0.4        0
GREATEST
 24 HR. TOTAL    0.92   06/07 TO 06/07
                        06/06 TO 06/07
                        06/07 TO 06/07
 STORM TOTAL       MM
 (MM/DD(HH))            MM

DEGREE_DAYS
COOLING TOTAL       7                30     -23
 SINCE 1/1          9                35     -26

FREEZE DATES
RECORD
 EARLIEST     MM
 LATEST       MM
EARLIEST      12/01             MM
LATEST        05/23             MM
.................................................................

WIND (MPH)
AVERAGE WIND SPEED              5.4
HIGHEST WIND SPEED/DIRECTION    21/290    DATE  06/23
HIGHEST GUST SPEED/DIRECTION    29/280    DATE  06/23

SKY COVER
POSSIBLE SUNSHINE (PERCENT)   MM
AVERAGE SKY COVER           0.40
NUMBER OF DAYS FAIR           16
NUMBER OF DAYS PC              9
NUMBER OF DAYS CLOUDY          5

AVERAGE RH (PERCENT)     71

WEATHER CONDITIONS. NUMBER OF DAYS WITH
THUNDERSTORM              0     MIXED PRECIP               0
HEAVY RAIN                4     RAIN                       7
LIGHT RAIN               11     FREEZING RAIN              0
LT FREEZING RAIN          0     HAIL                       0
HEAVY SNOW                0     SNOW                       0
LIGHT SNOW                0     SLEET                      0
FOG                      13     FOG W/VIS <= 1/4 MILE      4
HAZE                      6

-  INDICATES NEGATIVE NUMBERS.
R  INDICATES RECORD WAS SET OR TIED.
MM INDICATES DATA IS MISSING.
T  INDICATES TRACE AMOUNT.

$$
