000
CXUS53 KAPX 011547
CLMANJ


CLIMATE REPORT
NATIONAL WEATHER SERVICE GAYLORD MI
1147 AM EDT SAT OCT 1 2016

...................................

...THE SAULT STE MARIE MI CLIMATE SUMMARY FOR THE MONTH OF SEPTEMBER 2016...

CLIMATE NORMAL PERIOD 1981 TO 2010
CLIMATE RECORD PERIOD 1888 TO 2016

WEATHER         OBSERVED          NORMAL  DEPART  LAST YEAR`S
                 VALUE   DATE(S)  VALUE   FROM    VALUE  DATE(S)
                                          NORMAL
................................................................
TEMPERATURE (F)
RECORD
 HIGH              95   09/08/1976
 LOW               25   09/30/1993
                        09/23/1981
                        09/25/1947
HIGHEST            81   09/05        MM      MM       87  09/06
LOWEST             46   09/24        MM      MM       39  09/30
                                                          09/13
AVG. MAXIMUM     72.2              66.5     5.7     73.1
AVG. MINIMUM     54.4              47.7     6.7     54.5
MEAN             63.3              57.1     6.2     63.8
DAYS MAX >= 90      0               0.0     0.0        0
DAYS MAX <= 32      0               0.0     0.0        0
DAYS MIN <= 32      0               0.7    -0.7        0
DAYS MIN <= 0       0               0.0     0.0        0

PRECIPITATION (INCHES)
RECORD
 MAXIMUM           MM   MM
 MINIMUM           MM   MM
TOTALS           4.82              3.82    1.00     2.42
DAILY AVG.       0.16              0.13    0.03     0.08
DAYS >= .01        14              12.9     1.1        9
DAYS >= .10        10               8.0     2.0        7
DAYS >= .50         4               2.5     1.5        2
DAYS >= 1.00        1               0.8     0.2        0
GREATEST
 24 HR. TOTAL    1.41   09/05 TO 09/06
                        09/06 TO 09/06
                        09/06 TO 09/07
 STORM TOTAL       MM
 (MM/DD(HH))            MM

DEGREE_DAYS
HEATING TOTAL      77               254    -177
 SINCE 7/1        112               401    -289
COOLING TOTAL      35                17      18
 SINCE 1/1        361               195     166

FREEZE DATES
RECORD
 EARLIEST     MM
 LATEST       MM
EARLIEST                        MM
LATEST                          MM
.................................................................

WIND (MPH)
AVERAGE WIND SPEED              5.6
HIGHEST WIND SPEED/DIRECTION    25/320    DATE  09/10
HIGHEST GUST SPEED/DIRECTION    41/290    DATE  09/10

SKY COVER
POSSIBLE SUNSHINE (PERCENT)   MM
AVERAGE SKY COVER           0.40
NUMBER OF DAYS FAIR           17
NUMBER OF DAYS PC              7
NUMBER OF DAYS CLOUDY          6

AVERAGE RH (PERCENT)     75

WEATHER CONDITIONS. NUMBER OF DAYS WITH
THUNDERSTORM              0     MIXED PRECIP               0
HEAVY RAIN                7     RAIN                       8
LIGHT RAIN               15     FREEZING RAIN              0
LT FREEZING RAIN          0     HAIL                       0
HEAVY SNOW                0     SNOW                       0
LIGHT SNOW                0     SLEET                      0
FOG                      17     FOG W/VIS <= 1/4 MILE      4
HAZE                      1

-  INDICATES NEGATIVE NUMBERS.
R  INDICATES RECORD WAS SET OR TIED.
MM INDICATES DATA IS MISSING.
T  INDICATES TRACE AMOUNT.

$$
