772
CXUS53 KAPX 010732
CLMAPN


CLIMATE REPORT
NATIONAL WEATHER SERVICE GAYLORD MI
332 AM EDT SUN MAY 1 2016

...................................

...THE ALPENA MI CLIMATE SUMMARY FOR THE MONTH OF APRIL 2016...

CLIMATE NORMAL PERIOD 1981 TO 2010
CLIMATE RECORD PERIOD 1916 TO 2016

WEATHER         OBSERVED          NORMAL  DEPART  LAST YEAR`S
                 VALUE   DATE(S)  VALUE   FROM    VALUE  DATE(S)
                                          NORMAL
................................................................
TEMPERATURE (F)
RECORD
 HIGH              90   04/16/2002
                        04/25/1990
 LOW               -7   04/06/2003
HIGHEST            82   04/18        MM      MM       71  04/17
                                                          04/12
LOWEST              4   04/03        MM      MM       19  04/05
                                                          04/04
AVG. MAXIMUM     46.7              52.3    -5.6     52.2
AVG. MINIMUM     26.2              31.0    -4.8     30.5
MEAN             36.4              41.6    -5.2     41.3
DAYS MAX >= 90      0               0.0     0.0        0
DAYS MAX <= 32      5               0.9     4.1        0
DAYS MIN <= 32     25              17.0     8.0       18
DAYS MIN <= 0       0               0.0     0.0        0

PRECIPITATION (INCHES)
RECORD
 MAXIMUM           MM   MM
 MINIMUM           MM   MM
TOTALS           3.42              2.39    1.03     2.14
DAILY AVG.       0.11              0.08    0.03     0.07
DAYS >= .01         9              11.4    -2.4        8
DAYS >= .10         8               6.1     1.9        4
DAYS >= .50         2               1.5     0.5        2
DAYS >= 1.00        1               0.1     0.9        0
GREATEST
 24 HR. TOTAL    1.16   04/25 TO 04/26
 STORM TOTAL       MM
 (MM/DD(HH))            MM

SNOWFALL (INCHES)
RECORDS
 TOTAL             MM   MM
 SNOW DEPTH        MM   MM
TOTALS           21.8               5.8    16.0      2.0
SINCE 7/1        88.8              84.1     4.7     48.6
SNOWDEPTH AVG.      2                MM      MM        0
DAYS >= TRACE      11               3.5     7.5        5
DAYS >= 1.0         5               1.8     3.2        1
GREATEST
 SNOW DEPTH         8   04/10                          2  04/06
                        04/08
                        04/07
 24 HR TOTAL      8.1   MM                           2.0

DEGREE_DAYS
HEATING TOTAL     849               703     146      701
 SINCE 7/1       6609              7559    -950     8141
COOLING TOTAL       0                 2      -2        0
 SINCE 1/1          0                 2      -2        0

FREEZE DATES
RECORD
 EARLIEST     MM
 LATEST       MM
EARLIEST                        MM
LATEST                          MM
.................................................................

WIND (MPH)
AVERAGE WIND SPEED              7.6
HIGHEST WIND SPEED/DIRECTION    25/350    DATE  04/07
HIGHEST GUST SPEED/DIRECTION    32/170    DATE  04/10

SKY COVER
POSSIBLE SUNSHINE (PERCENT)   MM
AVERAGE SKY COVER           0.40
NUMBER OF DAYS FAIR           16
NUMBER OF DAYS PC              6
NUMBER OF DAYS CLOUDY          8

AVERAGE RH (PERCENT)     68

WEATHER CONDITIONS. NUMBER OF DAYS WITH
THUNDERSTORM              0     MIXED PRECIP               0
HEAVY RAIN                0     RAIN                       3
LIGHT RAIN                7     FREEZING RAIN              0
LT FREEZING RAIN          1     HAIL                       0
HEAVY SNOW                0     SNOW                       3
LIGHT SNOW               10     SLEET                      0
FOG                      12     FOG W/VIS <= 1/4 MILE      2
HAZE                      4

-  INDICATES NEGATIVE NUMBERS.
R  INDICATES RECORD WAS SET OR TIED.
MM INDICATES DATA IS MISSING.
T  INDICATES TRACE AMOUNT.

$$
