000
CXUS56 KPQR 011549
CLMAST


CLIMATE REPORT
NATIONAL WEATHER SERVICE PORTLAND OREGON
849 AM PDT SAT JUL 1 2017

...................................

...THE ASTORIA OR CLIMATE SUMMARY FOR THE MONTH OF JUNE 2017...

CLIMATE NORMAL PERIOD 1981 TO 2010
CLIMATE RECORD PERIOD 1892 TO 2017

WEATHER         OBSERVED          NORMAL  DEPART  LAST YEAR`S
                 VALUE   DATE(S)  VALUE   FROM    VALUE  DATE(S)
                                          NORMAL
................................................................
TEMPERATURE (F)
HIGHEST            93                                 87  06/04
LOWEST             41                                 44  06/16
                                                          06/12
AVG. MAXIMUM     65.0              63.9     1.1     66.6
AVG. MINIMUM     51.3              50.0     1.3     51.7
MEAN             58.2              57.0     1.2     59.1
DAYS MAX >= 90      1               0.0     1.0        0
DAYS MAX <= 32      0               0.0     0.0        0
DAYS MIN <= 32      0               0.0     0.0        0
DAYS MIN <= 0       0               0.0     0.0        0

PRECIPITATION (INCHES)
RECORD
 MAXIMUM         7.70   1931
 MINIMUM         0.33   1926
TOTALS           2.44              2.55   -0.11     2.00
DAYS >= .01        14              13.2     0.8       12
DAYS >= .10         5               6.8    -1.8        5
DAYS >= .50         1               1.4    -0.4        1
DAYS >= 1.00        1               0.3     0.7        0
GREATEST
 24 HR. TOTAL    1.26   06/15 TO 06/15

DEGREE_DAYS
HEATING TOTAL     207               242     -35      176
 SINCE 7/1       4573              5023    -450     3879
COOLING TOTAL      10                 0      10        6
 SINCE 1/1         12                 0      12        9
.................................................................

WIND (MPH)
AVERAGE WIND SPEED              7.7
RESULTANT WIND SPEED/DIRECTION   4/280
HIGHEST WIND SPEED/DIRECTION    30/190    DATE  06/15
HIGHEST GUST SPEED/DIRECTION    42/190    DATE  06/15

SKY COVER
POSSIBLE SUNSHINE (PERCENT)   MM
AVERAGE SKY COVER           0.60
NUMBER OF DAYS FAIR            5
NUMBER OF DAYS PC             12
NUMBER OF DAYS CLOUDY         13

AVERAGE RH (PERCENT)     74

WEATHER CONDITIONS. NUMBER OF DAYS WITH
THUNDERSTORM              0     MIXED PRECIP               0
HEAVY RAIN                1     RAIN                       2
LIGHT RAIN               18     FREEZING RAIN              0
LT FREEZING RAIN          0     HAIL                       0
HEAVY SNOW                0     SNOW                       0
LIGHT SNOW                0     SLEET                      0
FOG                      15     FOG W/VIS <= 1/4 MILE      1
HAZE                      2

-  INDICATES NEGATIVE NUMBERS.
R  INDICATES RECORD WAS SET OR TIED.
MM INDICATES DATA IS MISSING.
T  INDICATES TRACE AMOUNT.

$$
