000
CXUS42 KFFC 011637
CLMATL


CLIMATE REPORT
NATIONAL WEATHER SERVICE PEACHTREE CITY GA
1136 AM EST SUN JAN 1 2017

...................................

...THE ATLANTA CLIMATE SUMMARY FOR THE MONTH OF DECEMBER 2016...

CLIMATE NORMAL PERIOD 1981 TO 2010
CLIMATE RECORD PERIOD 1878 TO 2016

WEATHER         OBSERVED          NORMAL  DEPART  LAST YEAR`S
                 VALUE   DATE(S)  VALUE   FROM    VALUE  DATE(S)
                                          NORMAL
................................................................
TEMPERATURE (F)
RECORD
 HIGH              79   12/01/1991
 LOW                0   12/25/1983
HIGHEST            74   12/25        63      11       77  12/26
LOWEST             26   12/10        29      -3       29  12/19
AVG. MAXIMUM     58.0              54.0     4.0     65.7
AVG. MINIMUM     39.8              36.5     3.3     49.5
MEAN             48.9              45.3     3.6     57.6
DAYS MAX >= 90      0               0.0     0.0        0
DAYS MAX <= 32      0               0.5    -0.5        0
DAYS MIN <= 32      6              10.3    -4.3        2
DAYS MIN <= 0       0               0.0     0.0        0

PRECIPITATION (INCHES)
RECORD
 MAXIMUM        12.94   1919
 MINIMUM         0.60   1889
TOTALS           3.00              3.90   -0.90    12.51
DAILY AVG.       0.10              0.13   -0.03     0.40
DAYS >= .01         9              10.5    -1.5       14
DAYS >= .10         6               6.3    -0.3       12
DAYS >= .50         3               2.8     0.2        6
DAYS >= 1.00        0               1.1    -1.1        5
GREATEST
 24 HR. TOTAL    1.08   12/05 TO 12/06           12/23 TO 12/24
                                                          12/31 TO 12/31
                                                          12/31 TO 12/31

SNOWFALL (INCHES)
RECORDS
 TOTAL              T   2007
                        2003
 24 HR TOTAL        T   MM
                        12/30/2007 TO 12/30/2007
                        12/19/2007 TO 12/19/2007
TOTALS            0.0               0.4    -0.4      0.0
SINCE 7/1         0.0               0.4    -0.4      0.0
SNOWDEPTH AVG.      0                MM      MM        0
DAYS >= TRACE       0               0.4    -0.4        0
DAYS >= 1.0         0               0.2    -0.2        0
GREATEST
 24 HR TOTAL      0.0   12/31 TO 12/31           12/31 TO 12/31
                                                          12/31 TO 12/31
                                                          12/31 TO 12/31

DEGREE_DAYS
HEATING TOTAL     491               613    -122      247
 SINCE 7/1        713              1081    -368      551
COOLING TOTAL       0                 1      -1       22
 SINCE 1/1       2561              1883     678     2150
..................................................

WIND (MPH)
AVERAGE WIND SPEED              8.7
HIGHEST WIND SPEED/DIRECTION    32/310    DATE  12/29
HIGHEST GUST SPEED/DIRECTION    42/330    DATE  12/29

SKY COVER
POSSIBLE SUNSHINE (PERCENT)   MM
AVERAGE SKY COVER           0.60
NUMBER OF DAYS FAIR            7
NUMBER OF DAYS PC              9
NUMBER OF DAYS CLOUDY         15

AVERAGE RH (PERCENT)     68

WEATHER CONDITIONS. NUMBER OF DAYS WITH
THUNDERSTORM              0     MIXED PRECIP               0
HEAVY RAIN                2     RAIN                       4
LIGHT RAIN               13     FREEZING RAIN              0
LT FREEZING RAIN          0     HAIL                       0
HEAVY SNOW                0     SNOW                       0
LIGHT SNOW                0     SLEET                      0
FOG                      17     FOG W/VIS <= 1/4 MILE      3
HAZE                      2

-  INDICATES NEGATIVE NUMBERS.
R  INDICATES RECORD WAS SET OR TIED.
MM INDICATES DATA IS MISSING.
T  INDICATES TRACE AMOUNT.

$$
