000
CXUS54 KEWX 011744
CLMAUS

CLIMATE REPORT
NATIONAL WEATHER SERVICE AUSTIN/SAN ANTONIO, TX
1112 AM CDT SAT JUL 1 2017

...................................

...THE AUSTIN BERGSTROM CLIMATE SUMMARY FOR THE MONTH OF JUNE 2017...

CLIMATE NORMAL PERIOD 1981 TO 2010
CLIMATE RECORD PERIOD 1943 TO 2017

WEATHER         OBSERVED          NORMAL  DEPART  LAST YEAR`S
                 VALUE   DATE(S)  VALUE   FROM    VALUE  DATE(S)
                                          NORMAL
................................................................
TEMPERATURE (F)
HIGHEST           102   06/23                        100  06/28
LOWEST             64   06/01                         65  06/06
                                                          06/01
AVG. MAXIMUM     94.2              92.2     2.0     92.7
AVG. MINIMUM     72.6              69.9     2.7     71.3
MEAN             83.4              81.0     2.4     82.0
DAYS MAX >= 90     28                                 24
DAYS MAX <= 32      0                                  0
DAYS MIN <= 32      0                                  0
DAYS MIN <= 0       0                                  0

PRECIPITATION (INCHES)
TOTALS           2.43              4.63   -2.20     2.63
DAILY AVG.       0.08              0.15   -0.07     0.09
DAYS >= .01         8                                  5
DAYS >= .10         3                                  3
DAYS >= .50         2                                  2
DAYS >= 1.00        1                                  1
GREATEST
 24 HR. TOTAL    1.04   06/03 TO 06/03

SNOWFALL (INCHES)
TOTALS            0.0                MM      MM      0.0
SINCE 7/1           T                MM      MM        T

DEGREE_DAYS
HEATING TOTAL       0                 0       0        0
 SINCE 7/1        960              1903    -943     1380
COOLING TOTAL     561               481      80      518
 SINCE 1/1       1346               988     358     1022
.................................................................

WIND (MPH)
AVERAGE WIND SPEED              8.3
HIGHEST WIND SPEED/DIRECTION    30/320    DATE  06/05
HIGHEST GUST SPEED/DIRECTION    40/310    DATE  06/05

SKY COVER
POSSIBLE SUNSHINE (PERCENT)   MM
AVERAGE SKY COVER           0.60
NUMBER OF DAYS FAIR            3
NUMBER OF DAYS PC             23
NUMBER OF DAYS CLOUDY          4

AVERAGE RH (PERCENT)     68

WEATHER CONDITIONS. NUMBER OF DAYS WITH
THUNDERSTORM              0     MIXED PRECIP               0
HEAVY RAIN                4     RAIN                       2
LIGHT RAIN               11     FREEZING RAIN              0
LT FREEZING RAIN          0     HAIL                       0
HEAVY SNOW                0     SNOW                       0
LIGHT SNOW                0     SLEET                      0
FOG                      15     FOG W/VIS <= 1/4 MILE      1
HAZE                      1

-  INDICATES NEGATIVE NUMBERS.
R  INDICATES RECORD WAS SET OR TIED.
MM INDICATES DATA IS MISSING.
T  INDICATES TRACE AMOUNT.

MONTHLY CLIMATE SUMMARY:
JUNE WAS THE 15TH WARMEST AND 15TH DRIEST JUNE SINCE
RECORD KEEPING BEGAN.

SEA LEVEL PRESSURE DATA:
HIGHEST SLP 30.14 INCHES ON THE 25TH
LOWEST  SLP 29.59 INCHES ON THE 22ND

&&

CXUS54 KEWX 010910
CF6AUS
PRELIMINARY LOCAL CLIMATOLOGICAL DATA (WS FORM: F-6)

                                          STATION:   AUSTIN BERGSTROM
                                          MONTH:     JUNE
                                          YEAR:      2017
                                          LATITUDE:   30 13 N
                                          LONGITUDE:  97 40 W

  TEMPERATURE IN F:       :PCPN:    SNOW:  WIND      :SUNSHINE: SKY     :PK WND
================================================================================
1   2   3   4   5  6A  6B    7    8   9   10  11  12  13   14  15   16   17  18
                                     12Z  AVG MX 2MIN
DY MAX MIN AVG DEP HDD CDD  WTR  SNW DPTH SPD SPD DIR MIN PSBL S-S WX    SPD DR
================================================================================

 1  89  64  77  -2   0  12 0.03  0.0    0  3.5 17 150   M    M   6 1      20 160
 2  92  72  82   3   0  17 0.00  0.0    0  5.8 14 140   M    M   6 1      19 100
 3  93  70  82   3   0  17 1.04  0.0    0  5.3 21  30   M    M   8 13     27 260
 4  90  68  79  -1   0  14 0.01  0.0    0  3.2 17 290   M    M   8 13     24 270
 5  91  68  80   0   0  15 0.83  0.0    0  5.4 30 320   M    M   6 13     40 310
 6  92  70  81   1   0  16 0.00  0.0    0 10.1 23  20   M    M   5        28  30
 7  95  66  81   1   0  16 0.00  0.0    0  2.7 13  70   M    M   4        17  80
 8  93  70  82   2   0  17 0.00  0.0    0  5.2 13 140   M    M   3        18  90
 9  91  72  82   2   0  17    T  0.0    0  9.6 16 140   M    M   7        20 130
10  92  66  79  -1   0  14 0.00  0.0    0  9.2 17 150   M    M   4        24 180
11  94  70  82   1   0  17 0.00  0.0    0  8.5 18 140   M    M   4 1      23 140
12  95  72  84   3   0  19 0.00  0.0    0  9.1 16 140   M    M   4 1      21 160
13  96  74  85   4   0  20 0.00  0.0    0 11.0 23 150   M    M   5 1      32 150
14  95  78  87   6   0  22 0.02  0.0    0 12.7 21 170   M    M   6 1      27 170
15  98  76  87   6   0  22 0.00  0.0    0 11.4 20 180   M    M   6        26 180
16  98  77  88   7   0  23 0.00  0.0    0 12.3 22 180   M    M   3        29 170
17 100  77  89   8   0  24 0.00  0.0    0 13.5 23 190   M    M   6        28 190
18  98  79  89   7   0  24 0.00  0.0    0 13.6 23 170   M    M   8        28 180
19  92  74  83   1   0  18    T  0.0    0  5.8 16 200   M    M   6        21 240
20  96  73  85   3   0  20 0.00  0.0    0  8.9 18  30   M    M   3        27  20
21  96  73  85   3   0  20 0.00  0.0    0 11.7 22  20   M    M   4        29  60
22  99  77  88   6   0  23 0.00  0.0    0  6.7 15  10   M    M   6        18  10
23 102  77  90   8   0  25 0.00  0.0    0 10.5 18 150   M    M   5 1      24 170
24  85  73  79  -3   0  14 0.06  0.0    0  7.9 21  20   M    M   7 138    25  10
25  90  75  83   1   0  18    T  0.0    0  7.2 28  30   M    M   7 1      33  30
26  93  74  84   2   0  19 0.43  0.0    0  4.2 21 140   M    M   8 13     27 140
27  92  71  82   0   0  17 0.01  0.0    0  5.2 28 120   M    M   6 1      33 120
28  93  70  82   0   0  17 0.00  0.0    0  5.2 15 110   M    M   5 12     21 100
29  97  73  85   3   0  20    T  0.0    0  9.1 20 150   M    M   5        29 150
30  98  80  89   7   0  24 0.00  0.0    0 14.5 23 180   M    M   6        29 150
================================================================================
SM 2825 2179         0 561  2.43     0.0 249.0          M      167
================================================================================
AV 94.2 72.6                               8.3 FASTST   M    M   6    MAX(MPH)
                                 MISC ---->  # 30 320               # 40  310
================================================================================
NOTES:
# LAST OF SEVERAL OCCURRENCES

COLUMN 17 PEAK WIND IN M.P.H.

SYMBOLS USED IN COLUMN 16
1 = FOG OR MIST
2 = FOG REDUCING VISIBILITY
3 = THUNDER
4 = ICE PELLETS
5 = HAIL
6 = FREEZING RAIN OR DRIZZLE
7 = DUSTSTORM OR SANDSTORM:
8 = SMOKE OR HAZE
9 = BLOWING SNOW
X = TORNADO

$$
