000
CXUS53 KGRB 011222
CLMAUW


CLIMATE REPORT
NATIONAL WEATHER SERVICE GREEN BAY
621 AM CST THU JAN 1 2015

...................................

...THE WAUSAU WI CLIMATE SUMMARY FOR THE MONTH OF DECEMBER 2014...

CLIMATE NORMAL PERIOD 1981 TO 2010
CLIMATE RECORD PERIOD 1896 TO 2014

WEATHER         OBSERVED          NORMAL  DEPART  LAST YEAR`S
                 VALUE   DATE(S)  VALUE   FROM    VALUE  DATE(S)
                                          NORMAL
................................................................
TEMPERATURE (F)
RECORD
 HIGH              61   12/05/2001
                        12/02/1982
 LOW              -31   12/31/1946
HIGHEST            43   12/15        43       0       41  12/28
LOWEST            -11   12/30       -13       2      -19  12/30
AVG. MAXIMUM     27.6              26.5     1.1     19.0
AVG. MINIMUM     16.4              11.4     5.0      3.2
MEAN             22.0              19.0     3.0     11.1
DAYS MAX >= 90      0               0.0     0.0        0
DAYS MAX <= 32     19              21.3    -2.3       26
DAYS MIN <= 32     28              30.0    -2.0       31
DAYS MIN <= 0       5               6.7    -1.7       15

PRECIPITATION (INCHES)
RECORD
 MAXIMUM         3.28   2006
 MINIMUM         0.10   1958
TOTALS           1.40              1.36    0.04     1.57
DAILY AVG.       0.05              0.04    0.01     0.05
DAYS >= .01        10              10.1    -0.1       18
DAYS >= .10         4               3.8     0.2        5
DAYS >= .50         0               0.5    -0.5
DAYS >= 1.00        0               0.1    -0.1        0
GREATEST
 STORM TOTAL       MM
 (MM/DD(HH))            MM

SNOWFALL (INCHES)
RECORDS
 TOTAL           37.6   2008
 24 HR TOTAL     12.8   MM
TOTALS           10.8              13.9    -3.1     23.6
SINCE 7/1        31.0              22.2     8.8     28.7
DAYS >= TRACE      17              10.0     7.0
DAYS >= 1.0         4               4.3    -0.3       12
GREATEST
 SNOW DEPTH         6   12/27                         14  12/25
                        12/11
                        12/10
 24 HR TOTAL      4.0   12/27 TO 12/27

DEGREE_DAYS
HEATING TOTAL    1324              1427    -103     1663
 SINCE 7/1       3407              3286     121     3473
COOLING TOTAL       0                 0       0        0
 SINCE 1/1        338               407     -69      506
.................................................................

WIND (MPH)
AVERAGE WIND SPEED              7.0
HIGHEST WIND SPEED/DIRECTION    24/240    DATE  12/31
HIGHEST GUST SPEED/DIRECTION    32/260    DATE  12/31

SKY COVER
POSSIBLE SUNSHINE (PERCENT)   MM
AVERAGE SKY COVER           0.70
NUMBER OF DAYS FAIR            7
NUMBER OF DAYS PC              5
NUMBER OF DAYS CLOUDY         19

AVERAGE RH (PERCENT)     84

WEATHER CONDITIONS. NUMBER OF DAYS WITH
THUNDERSTORM              0     MIXED PRECIP               0
HEAVY RAIN                0     RAIN                       0
LIGHT RAIN                3     FREEZING RAIN              0
LT FREEZING RAIN          0     HAIL                       0
HEAVY SNOW                1     SNOW                       1
LIGHT SNOW               16     SLEET                      0
FOG                      22     FOG W/VIS <= 1/4 MILE      6
HAZE                      8

-  INDICATES NEGATIVE NUMBERS.
R  INDICATES RECORD WAS SET OR TIED.
MM INDICATES DATA IS MISSING.
T  INDICATES TRACE AMOUNT.

$$
