000
CXUS51 KBGM 030327 CCA
CLMAVP

CLIMATE REPORT...CORRECTED
NATIONAL WEATHER SERVICE BINGHAMTON NY
1027 PM EST FRI DEC 2 2016

...................................

...THE AVOCA PA CLIMATE SUMMARY FOR THE MONTH OF NOVEMBER 2016...

CLIMATE NORMAL PERIOD 1981 TO 2010
CLIMATE RECORD PERIOD 1901 TO 2016

WEATHER         OBSERVED          NORMAL  DEPART  LAST YEAR`S
                 VALUE   DATE(S)  VALUE   FROM    VALUE  DATE(S)
                                          NORMAL
................................................................
TEMPERATURE (F)
RECORD
 HIGH              80   11/02/1982
 LOW                9   11/24/2000
                        11/30/1995
                        11/30/1976
HIGHEST            71   11/02        49      22       78  11/04
LOWEST             28   11/28        34      -6       21  11/24
                        11/07
AVG. MAXIMUM     53.0              49.4     3.6     57.6
AVG. MINIMUM     35.3              33.3     2.0     38.5
MEAN             44.2              41.4     2.8     48.1
DAYS MAX >= 90      0               0.0     0.0        0
DAYS MAX <= 32      0               1.0    -1.0        0
DAYS MIN <= 32     13              13.8    -0.8        9
DAYS MIN <= 0       0               0.0     0.0        0

PRECIPITATION (INCHES)
RECORD
 MAXIMUM         7.62   1972
 MINIMUM         0.80   1976
TOTALS           2.08              3.14   -1.06     1.34
DAILY AVG.       0.07              0.10   -0.03     0.04
DAYS >= .01         8              11.2    -3.2        5
DAYS >= .10         6               6.2    -0.2        3
DAYS >= .50         1               1.7    -0.7        1
DAYS >= 1.00        0               0.6    -0.6        0
GREATEST
 24 HR. TOTAL    0.59   11/30 TO 11/30

SNOWFALL (INCHES)
RECORDS
 TOTAL           22.5   1971
 24 HR TOTAL     18.5   11/25/1971 TO 11/25/1971
TOTALS            5.7               2.9     2.8        T
SINCE 7/1         5.7               3.0     2.7        T
DAYS >= TRACE       4               2.1     1.9        1
DAYS >= 1.0         2               0.8     1.2        0
GREATEST
 24 HR TOTAL      3.2   11/19

DEGREE_DAYS
HEATING TOTAL     618               710     -92      501
 SINCE 7/1       1018              1313    -295      908
COOLING TOTAL       0                 0       0        2
 SINCE 1/1        998               580     418      929
.................................................................

WIND (MPH)
AVERAGE WIND SPEED              6.2
RESULTANT WIND SPEED/DIRECTION   3/285
HIGHEST WIND SPEED/DIRECTION    32/290    DATE  11/20
HIGHEST GUST SPEED/DIRECTION    47/290    DATE  11/20

SKY COVER
POSSIBLE SUNSHINE (PERCENT)   MM
AVERAGE SKY COVER           0.50
NUMBER OF DAYS FAIR           11
NUMBER OF DAYS PC              8
NUMBER OF DAYS CLOUDY         11

AVERAGE RH (PERCENT)     68

WEATHER CONDITIONS. NUMBER OF DAYS WITH
THUNDERSTORM              0     MIXED PRECIP               0
HEAVY RAIN                0     RAIN                       4
LIGHT RAIN               11     FREEZING RAIN              0
LT FREEZING RAIN          0     HAIL                       0
HEAVY SNOW                0     SNOW                       2
LIGHT SNOW                4     SLEET                      0
FOG                      12     FOG W/VIS <= 1/4 MILE      1
HAZE                      7

-  INDICATES NEGATIVE NUMBERS.
R  INDICATES RECORD WAS SET OR TIED.
MM INDICATES DATA IS MISSING.
T  INDICATES TRACE AMOUNT.

&&
CORRECTED NUMBER OF DAYS WITH ANY SNOW
$$
