000
CXUS53 KLBF 011046
CLMBBW


CLIMATE REPORT
NATIONAL WEATHER SERVICE NORTH PLATTE
545 AM CDT MON AUG 1 2016

...................................

...THE BROKEN BOW NE CLIMATE SUMMARY FOR THE MONTH OF JULY 2016...

CLIMATE NORMAL PERIOD 1981 TO 2010
CLIMATE RECORD PERIOD 1894 TO 2016

WEATHER         OBSERVED          NORMAL  DEPART  LAST YEAR`S
                 VALUE   DATE(S)  VALUE   FROM    VALUE  DATE(S)
                                          NORMAL
................................................................
TEMPERATURE (F)
RECORD
 HIGH             116   07/11/1954
 LOW               37   07/30/1971
HIGHEST            94   07/22        98      -4      101  07/14
                        07/21
                        07/10
LOWEST             49   07/12        47       2       51  07/08
                                                          07/07
AVG. MAXIMUM     84.2              86.8    -2.6     88.0
AVG. MINIMUM     61.2              61.5    -0.3     61.7
MEAN             72.7              74.1    -1.4     74.9
DAYS MAX >= 90      8              10.4    -2.4       12
DAYS MAX <= 32      0               0.0     0.0        0
DAYS MIN <= 32      0               0.0     0.0        0
DAYS MIN <= 0       0               0.0     0.0        0

PRECIPITATION (INCHES)
RECORD
 MAXIMUM         9.06   1993
 MINIMUM         0.23   2002
TOTALS           4.28              2.95    1.33     2.06
DAILY AVG.       0.14              0.10    0.04     0.07
DAYS >= .01        14                MM      MM       11
DAYS >= .10         9                MM      MM        8
DAYS >= .50         4                MM      MM        1
DAYS >= 1.00        0                MM      MM        0
GREATEST
 24 HR. TOTAL    0.92   07/15 TO 07/15           07/17 TO 07/18
                        07/14 TO 07/15                    07/18 TO 07/18
                        07/15 TO 07/15                    07/18 TO 07/18

SNOWFALL (INCHES)
TOTALS             MM
SINCE 7/1          MM
SNOWDEPTH AVG.     MM
DAYS >= TRACE      MM
DAYS >= 1.0        MM
GREATEST
 SNOW DEPTH        MM

DEGREE_DAYS
HEATING TOTAL      10                 5       5        6
 SINCE 7/1         10                 5       5        6
COOLING TOTAL     256               288     -32      318
 SINCE 1/1        528               474      54      512
.........................................................

WIND (MPH)
AVERAGE WIND SPEED              8.3
HIGHEST WIND SPEED/DIRECTION    44/360    DATE  07/06
HIGHEST GUST SPEED/DIRECTION    60/360    DATE  07/06

AVERAGE RH (PERCENT)     75

WEATHER CONDITIONS. NUMBER OF DAYS WITH
THUNDERSTORM              0     MIXED PRECIP               0
HEAVY RAIN                8     RAIN                       8
LIGHT RAIN               14     FREEZING RAIN              0
LT FREEZING RAIN          0     HAIL                       0
HEAVY SNOW                0     SNOW                       0
LIGHT SNOW                0     SLEET                      0
FOG                      18     FOG W/VIS <= 1/4 MILE      1
HAZE                      1

-  INDICATES NEGATIVE NUMBERS.
R  INDICATES RECORD WAS SET OR TIED.
MM INDICATES DATA IS MISSING.
T  INDICATES TRACE AMOUNT.

$$
