000
CXUS51 KBOX 010807
CLMBDL


CLIMATE REPORT
NATIONAL WEATHER SERVICE TAUNTON MA
400 AM EDT FRI APR 1 2016

...................................

...THE HARTFORD CT CLIMATE SUMMARY FOR THE MONTH OF MARCH 2016...

CLIMATE NORMAL PERIOD 1981 TO 2010
CLIMATE RECORD PERIOD 1904 TO 2016

WEATHER         OBSERVED          NORMAL  DEPART
                 VALUE   DATE(S)  VALUE   FROM
                                          NORMAL
................................................
TEMPERATURE (F)
RECORD
 HIGH              89   03/31/1998
 LOW               -6   03/07/2003
                        03/19/1967
HIGHEST            81   03/09
LOWEST             19   03/03
AVG. MAXIMUM     54.8              47.7     7.1
AVG. MINIMUM     33.1              27.9     5.2
MEAN             44.0              37.8     6.2
DAYS MAX >= 90      0               0.0     0.0
DAYS MAX <= 32      0               1.7    -1.7
DAYS MIN <= 32     16              21.0    -5.0
DAYS MIN <= 0       0               0.0     0.0

PRECIPITATION (INCHES)
RECORD
 MAXIMUM         9.21   1953
 MINIMUM         0.27   1981
TOTALS           2.20              3.62   -1.42
DAYS >= .01        13              11.5     1.5
DAYS >= .10         6               7.1    -1.1
DAYS >= .50         1               2.4    -1.4
DAYS >= 1.00        0               0.8    -0.8
GREATEST
 24 HR. TOTAL    0.68   03/14 TO 03/15

SNOWFALL (INCHES)
RECORDS
 TOTAL           43.3   1956
 SNOW DEPTH        24   03/04/2015
                        03/02/2015
TOTALS            2.9               6.4    -3.5
SINCE 7/1        20.0              39.1   -19.1
SNOWDEPTH AVG.      0
GREATEST
 SNOW DEPTH         3   03/21
 24 HR TOTAL      2.6   03/21 TO 03/21

DEGREE_DAYS
HEATING TOTAL     644               843    -199
 SINCE 7/1       4320              5281    -961
COOLING TOTAL       0                 0       0
 SINCE 1/1          0                 0       0
.................................................

WIND (MPH)
AVERAGE WIND SPEED              9.2
RESULTANT WIND SPEED/DIRECTION   3/298
HIGHEST WIND SPEED/DIRECTION    39/290    DATE  03/28
HIGHEST GUST SPEED/DIRECTION    54/290    DATE  03/28

SKY COVER
POSSIBLE SUNSHINE (PERCENT)   MM
AVERAGE SKY COVER           0.60
NUMBER OF DAYS FAIR            2
NUMBER OF DAYS PC             18
NUMBER OF DAYS CLOUDY         11

AVERAGE RH (PERCENT)     57

WEATHER CONDITIONS. NUMBER OF DAYS WITH
THUNDERSTORM              0     MIXED PRECIP               0
HEAVY RAIN                1     RAIN                       5
LIGHT RAIN               14     FREEZING RAIN              0
LT FREEZING RAIN          0     HAIL                       1
HEAVY SNOW                0     SNOW                       0
LIGHT SNOW                3     SLEET                      0
FOG                      12     FOG W/VIS <= 1/4 MILE      1
HAZE                      5

-  INDICATES NEGATIVE NUMBERS.
R  INDICATES RECORD WAS SET OR TIED.
MM INDICATES DATA IS MISSING.
T  INDICATES TRACE AMOUNT.

$$

SIPPRELL
