000
CXUS51 KBOX 011042
CLMBDL


CLIMATE REPORT
NATIONAL WEATHER SERVICE TAUNTON MA
615 AM EDT FRI JUL 1 2016

...................................

...THE HARTFORD CT CLIMATE SUMMARY FOR THE MONTH OF JUNE 2016...

CLIMATE NORMAL PERIOD 1981 TO 2010
CLIMATE RECORD PERIOD 1904 TO 2016

WEATHER         OBSERVED          NORMAL  DEPART
                 VALUE   DATE(S)  VALUE   FROM
                                          NORMAL
................................................
TEMPERATURE (F)
RECORD
 HIGH             100   06/30/1964
                        06/26/1952
 LOW               37   06/03/1986
                        06/06/1964
HIGHEST            89   06/26
LOWEST             49   06/14
                        06/11
AVG. MAXIMUM     81.4              78.9     2.5
AVG. MINIMUM     56.9              57.3    -0.4
MEAN             69.2              68.5     0.7
DAYS MAX >= 90      0               2.9    -2.9
DAYS MAX <= 32      0               0.0     0.0
DAYS MIN <= 32      0               0.0     0.0
DAYS MIN <= 0       0               0.0     0.0

PRECIPITATION (INCHES)
RECORD
 MAXIMUM        13.60   1982
 MINIMUM         0.66   1912
TOTALS           2.01              4.35   -2.34
DAYS >= .01         8              12.2    -4.2
DAYS >= .10         3               7.0    -4.0
DAYS >= .50         1               2.6    -1.6
DAYS >= 1.00        1               1.1    -0.1
GREATEST
 24 HR. TOTAL    1.15   06/05 TO 06/05

SNOWFALL (INCHES)
RECORDS
 TOTAL            0.0   MM
 SNOW DEPTH         0   MM
TOTALS            0.0               0.0     0.0
SINCE 7/1        26.9              40.5   -13.6
SNOWDEPTH AVG.      0
GREATEST
 SNOW DEPTH         0   MM
 24 HR TOTAL      0.0   06/30 TO 06/30

DEGREE_DAYS
HEATING TOTAL      16                40     -24
 SINCE 7/1       5060              5998    -938
COOLING TOTAL     149               144       5
 SINCE 1/1        223               183      40
.................................................

WIND (MPH)
AVERAGE WIND SPEED              7.9
RESULTANT WIND SPEED/DIRECTION   2/253
HIGHEST WIND SPEED/DIRECTION    31/310    DATE  06/12
HIGHEST GUST SPEED/DIRECTION    40/320    DATE  06/09

SKY COVER
POSSIBLE SUNSHINE (PERCENT)   MM
AVERAGE SKY COVER           0.50
NUMBER OF DAYS FAIR            6
NUMBER OF DAYS PC             20
NUMBER OF DAYS CLOUDY          4

AVERAGE RH (PERCENT)     61

WEATHER CONDITIONS. NUMBER OF DAYS WITH
THUNDERSTORM              0     MIXED PRECIP               0
HEAVY RAIN                2     RAIN                       4
LIGHT RAIN                9     FREEZING RAIN              0
LT FREEZING RAIN          0     HAIL                       0
HEAVY SNOW                0     SNOW                       0
LIGHT SNOW                0     SLEET                      0
FOG                       8     FOG W/VIS <= 1/4 MILE      0
HAZE                      1

-  INDICATES NEGATIVE NUMBERS.
R  INDICATES RECORD WAS SET OR TIED.
MM INDICATES DATA IS MISSING.
T  INDICATES TRACE AMOUNT.

$$
