942
CXUS51 KOKX 011644
CLMBDR

CLIMATE REPORT
NATIONAL WEATHER SERVICE NEW YORK NY
1142 AM EST SUN JAN 1 2017

...................................

...THE BRIDGEPORT CT CLIMATE SUMMARY FOR THE MONTH OF DECEMBER 2016...

CLIMATE NORMAL PERIOD 1981 TO 2010
CLIMATE RECORD PERIOD 1948 TO 2016

WEATHER         OBSERVED          NORMAL  DEPART  LAST YEAR`S
                 VALUE   DATE(S)  VALUE   FROM    VALUE  DATE(S)
                                          NORMAL
................................................................
TEMPERATURE (F)
RECORD
 HIGH              76   12/07/1998
 LOW               -4   12/26/1980
                        12/25/1980
HIGHEST            61   12/27        MM      MM       64  12/25
LOWEST             17   12/20        MM      MM       30  12/06
AVG. MAXIMUM     44.9              42.3     2.6     53.6
AVG. MINIMUM     30.6              28.4     2.2     40.7
MEAN             37.8              35.4     2.4     47.2
DAYS MAX >= 90      0               0.0     0.0        0
DAYS MAX <= 32      2               3.8    -1.8        0
DAYS MIN <= 32     19              20.2    -1.2        4
DAYS MIN <= 0       0               0.0     0.0        0

PRECIPITATION (INCHES)
RECORD
 MAXIMUM         7.87   1972
 MINIMUM         0.33   1955
TOTALS           3.43              3.33    0.10     4.94
DAILY AVG.       0.11              0.11    0.00     0.16
DAYS >= .01        11              11.1    -0.1       15
DAYS >= .10         6               6.8    -0.8       11
DAYS >= .50         4               2.4     1.6        2
DAYS >= 1.00        0               0.6    -0.6        1
GREATEST
 24 HR. TOTAL    1.02   11/30 TO 12/01           12/23 TO 12/24
                                                          12/29 TO 12/29
                                                          12/29 TO 12/29
 STORM TOTAL       MM                                 MM
 (MM/DD(HH))            MM                    12/24(00) TO 12/24(00)
                                                 12/29(00) TO 12/29(00)9
                                                 12/29(00) TO 12/29(00)9

SNOWFALL (INCHES)
TOTALS            6.0               5.1     0.9      0.7
 LIQUID EQUIV    0.60              0.50    0.10     0.07
SINCE 7/1         6.0               5.8     0.2      0.7
 LIQUID 7/1      0.60              0.60    0.00     0.07
SNOWDEPTH AVG.      0                MM      MM        0
DAYS >= TRACE       2               3.1    -1.1        2
DAYS >= 1.0         1               1.5    -0.5        0
GREATEST
 SNOW DEPTH         3   12/18                          0  MM
 24 HR TOTAL      5.3   12/17 TO 12/17           12/29 TO 12/29
                                                          12/29 TO 12/29
                                                          12/29 TO 12/29
 STORM TOTAL       MM                                 MM
 (MM/DD(HH))            MM                    12/29(00) TO 12/29(00)
                                                 12/29(00) TO 12/29(00)9
                                                 12/29(00) TO 12/29(00)9

DEGREE_DAYS
HEATING TOTAL     837               919     -82      544
 SINCE 7/1       1565              1893    -328     1288
COOLING TOTAL       0                 0       0        0
 SINCE 1/1       1270               825     445     1122
..........................................................

WIND (MPH)
AVERAGE WIND SPEED              8.8
HIGHEST WIND SPEED/DIRECTION    35/310    DATE  12/18
HIGHEST GUST SPEED/DIRECTION    46/300    DATE  12/15


WEATHER CONDITIONS. NUMBER OF DAYS WITH
THUNDERSTORM              0     MIXED PRECIP               0
HEAVY RAIN                0     RAIN                       6
LIGHT RAIN               12     FREEZING RAIN              1
LT FREEZING RAIN          1     HAIL                       0
HEAVY SNOW                1     SNOW                       1
LIGHT SNOW                2     SLEET                      0
FOG                      12     FOG W/VIS <= 1/4 MILE      3
HAZE                      3

-  INDICATES NEGATIVE NUMBERS.
R  INDICATES RECORD WAS SET OR TIED.
MM INDICATES DATA IS MISSING.
T  INDICATES TRACE AMOUNT.

$$
