119
CXAK58 PABE 010915
CLMBET

CLIMATE REPORT
NATIONAL WEATHER SERVICE BETHEL, AK
115 AM AKDT FRI JUL 1 2016

...................................

...THE BETHEL AP CLIMATE SUMMARY FOR THE MONTH OF JUNE 2016...

CLIMATE NORMAL PERIOD 1981 TO 2010
CLIMATE RECORD PERIOD 1923 TO 2016

WEATHER         OBSERVED          NORMAL  DEPART  LAST YEAR`S
                 VALUE   DATE(S)  VALUE   FROM    VALUE  DATE(S)
                                          NORMAL
................................................................
TEMPERATURE (F)
RECORD
 HIGH              88   6/18/2013
 LOW               28   6/06/1962
HIGHEST            76   6/29         75       1      84  6/19
LOWEST             39                35       4      35  6/06
AVG. MAXIMUM       65.2              61.1     4.1    67.6
AVG. MINIMUM       46.2              43.8     2.4    46.7
MEAN               55.7              52.5     3.2    57.1
DAYS MAX >= 90      0                 0.0     0.0     0
DAYS MAX <= 32      0                 0.0     0.0     0
DAYS MAX >= 80      0                 0.3    -0.3     4
DAYS MAX >= 70     11                 3.6     7.4    15
DAYS MIN <= 32      0                 0.4    -0.4     0
DAYS MIN <= 0       0                 0.0     0.0     0

PRECIPITATION (INCHES)
RECORD
 MAXIMUM            4.30   1999
 MINIMUM            0.25   1974
TOTALS              1.46              1.72   -0.26    0.28
DAILY AVG.          0.05              0.06   -0.01    0.01
DAYS >= .01        12                13.2    -1.2     8
DAYS >= .10         4                 5.6    -1.6     1
DAYS >= .50         0                 0.5    -0.5     0
DAYS >= 1.0         0                 0.1    -0.1     0
GREATEST
 24 HR TOTAL        0.38   6/18                       0.10  6/03

SNOWFALL (INCHES)
RECORDS
 TOTAL              2.2   1963
 24 HR TOTAL        1.2   6-03-1963
 SNOW DEPTH         0     6-01-1985
TOTALS              0.0               0.0     0.0     0.0
SINCE 7/1          29.4              61.4   -32.0    42.1
SNOWDEPTH AVG.      0                 0       0       0
DAYS >= TRACE       0                 0.4    -0.4     0
DAYS >= 1.0         0                 0.0     0.0     0
DAYS >= 6.0         0                 0.0     0.0     0
GREATEST
 SNOW DEPTH         0   MM                            0  MM
 24 HR TOTAL      0.0   MM                          0.0  MM

DEGREE_DAYS
HEATING TOTAL     273               377    -104     238
 SINCE 7/1      10261             12525   -2264   10979
COOLING TOTAL       1                 0       1      10
 SINCE 1/1          1                 0       1      10
................................................................

WIND (MPH)
AVERAGE WIND SPEED                8.6
HIGHEST WIND SPEED/DIRECTION     31/230    DATE   06/19
HIGHEST GUST SPEED/DIRECTION     39/220    DATE   06/19

SKY COVER
POSSIBLE SUNSHINE (PERCENT)   MM
AVERAGE SKY COVER             MM
NUMBER OF DAYS FAIR           MM
NUMBER OF DAYS PC             MM
NUMBER OF DAYS CLOUDY         MM

AVERAGE RH (PERCENT)     MM

WEATHER CONDITIONS. NUMBER OF DAYS WITH
THUNDERSTORM              0     ICE PELLETS                 0
RAIN                     21     GLAZE                       0
DRIZZLE                   0     HAIL                        1
SNOW                      0     HAZE                        0
FOG                      17     FOG W/VIS <= 1/4 MILE       5
BLOWING SNOW              0


-  INDICATES NEGATIVE NUMBERS.
R  INDICATES RECORD WAS SET OR TIED.
MM INDICATES DATA IS MISSING.
T  INDICATES TRACE AMOUNT.

&&

...BETHEL HAD ABOVE AVERAGE TEMPERATURES FOR JUNE...

JUNE TEMPERATURES WERE ABOVE AVERAGE FOR THE MONTH.  NO
RECORD TEMPERATURES WERE RECORDED FOR THE MONTH.  THIS IS THE
9TH MONTH IN A ROW THAT WAS WARMER THAN NORMAL.  THERE WERE
NUMEROUS DAYS THAT HAD RAINFALL BUT WE ONLY RECEIVED TRACE
PRECIPITATION ON MOST DAYS.  PRECIPITATION FOR THE MONTH WAS
AVERAGE.  THERE WERE 17 DAYS WITH FOG AND 5 OF THOSE DAYS HAD
FOG DECREASING VISIBILITY TO 1/4 MILE OR LOWER.

$$
CR JUL 16
