405
CXUS54 KAMA 011550
CLMBGD


CLIMATE REPORT
NATIONAL WEATHER SERVICE AMARILLO TX
949 AM CST SUN JAN 1 2017

...................................

...THE BORGER CLIMATE SUMMARY FOR THE MONTH OF DECEMBER 2016...

CLIMATE NORMAL PERIOD 1981 TO 2010
CLIMATE RECORD PERIOD 1949 TO 2016

WEATHER         OBSERVED          NORMAL  DEPART  LAST YEAR`S
                 VALUE   DATE(S)  VALUE   FROM    VALUE  DATE(S)
                                          NORMAL
................................................................
TEMPERATURE (F)
HIGHEST            76   12/16                         75  12/11
LOWEST             -3   12/18                         17  12/29
AVG. MAXIMUM     53.4              50.3     3.1     54.2
AVG. MINIMUM     26.4              26.8    -0.4     31.5
MEAN             39.9              38.5     1.4     42.9
DAYS MAX >= 90      0               0.0     0.0        0
DAYS MAX <= 32      2               2.6    -0.6        2
DAYS MIN <= 32     25              23.4     1.6       17
DAYS MIN <= 0       1               0.1     0.9        0

PRECIPITATION (INCHES)
TOTALS           0.22              0.77   -0.55     1.14
DAILY AVG.       0.01              0.02   -0.01     0.04
DAYS >= .01         5               4.4     0.6        3
DAYS >= .10         0               2.1    -2.1        3
DAYS >= .50         0               0.5    -0.5        0
DAYS >= 1.00        0               0.0     0.0        0
GREATEST
 24 HR. TOTAL    0.11   12/02 TO 12/03

SNOWFALL (INCHES)
TOTALS            0.1                MM      MM      2.9
SINCE 7/1         0.1                MM      MM      3.7
DAYS >= TRACE       1                MM      MM        4
DAYS >= 1.0         0                MM      MM        2
GREATEST
 SNOW DEPTH         0   MM
 24 HR TOTAL      0.1   MM

DEGREE_DAYS
HEATING TOTAL     771               820     -49      680
 SINCE 7/1       1144              1537    -393     1252
COOLING TOTAL       0                 0       0        0
 SINCE 1/1       2180              1839     341     1960
.................................................................

WIND (MPH)
AVERAGE WIND SPEED              10.1
HIGHEST WIND SPEED/DIRECTION    48/250    DATE  12/16
HIGHEST GUST SPEED/DIRECTION    63/250    DATE  12/25

SKY COVER
POSSIBLE SUNSHINE (PERCENT)   MM
NUMBER OF DAYS FAIR           23
NUMBER OF DAYS PC              7
NUMBER OF DAYS CLOUDY          1

AVERAGE RH (PERCENT)     54

WEATHER CONDITIONS. NUMBER OF DAYS WITH
THUNDERSTORM              0     MIXED PRECIP               0
HEAVY RAIN                0     RAIN                       1
LIGHT RAIN                4     FREEZING RAIN              0
LT FREEZING RAIN          0     HEAVY SNOW                 0
SNOW                      1     LIGHT SNOW                 1
SLEET                     0     FOG                        5
FOG W/VIS <= 1/4 MILE     3     HAZE                       1

-  INDICATES NEGATIVE NUMBERS.
R  INDICATES RECORD WAS SET OR TIED.
MM INDICATES DATA IS MISSING.
T  INDICATES TRACE AMOUNT.

$$
