000
CXUS53 KGRR 011911
CLMBIV


CLIMATE REPORT
NATIONAL WEATHER SERVICE GRAND RAPIDS, MI
206 PM EST WED MAR 1 2017

...................................

...THE HOLLAND/TULIP CITY MI CLIMATE SUMMARY FOR THE MONTH OF FEBRUARY 2017...

CLIMATE NORMAL PERIOD 1981 TO 2010
CLIMATE RECORD PERIOD 1996 TO 2017

WEATHER         OBSERVED          NORMAL  DEPART  LAST YEAR`S
                 VALUE   DATE(S)  VALUE   FROM    VALUE  DATE(S)
                                          NORMAL
................................................................
TEMPERATURE (F)
HIGHEST            65   02/22        MM      MM       58  02/28
                        02/20                             02/19
LOWEST             16   02/09        MM      MM        3  02/18
AVG. MAXIMUM     44.1              35.1     9.0     36.2
AVG. MINIMUM     28.6              21.6     7.0     23.0
MEAN             36.4              28.3     8.1     29.6
DAYS MAX >= 90      0               0.0     0.0        0
DAYS MAX <= 32      4              10.9    -6.9        9
DAYS MIN <= 32     16              24.4    -8.4       25
DAYS MIN <= 0       0               0.4    -0.4        0

PRECIPITATION (INCHES)
TOTALS           1.94              1.80    0.14     2.24
DAILY AVG.       0.07              0.06    0.01     0.08
DAYS >= .01         9                MM      MM       15
DAYS >= .10         4                MM      MM        3
DAYS >= .50         2                MM      MM        1
DAYS >= 1.00        0                MM      MM        1
GREATEST
 24 HR. TOTAL    0.81   02/23 TO 02/24

DEGREE_DAYS
HEATING TOTAL     793              1026    -233     1022
 SINCE 7/1       3862              4500    -638     3990
COOLING TOTAL       0                 0       0        0
 SINCE 1/1          0                 0       0        0
.................................................................

WIND (MPH)
AVERAGE WIND SPEED              10.1
RESULTANT WIND SPEED/DIRECTION   5/249
HIGHEST WIND SPEED/DIRECTION    32/210    DATE  02/26
HIGHEST GUST SPEED/DIRECTION    44/300    DATE  02/12

SKY COVER
POSSIBLE SUNSHINE (PERCENT)   MM
AVERAGE SKY COVER           0.50
NUMBER OF DAYS FAIR            9
NUMBER OF DAYS PC              8
NUMBER OF DAYS CLOUDY         11

AVERAGE RH (PERCENT)     69

WEATHER CONDITIONS. NUMBER OF DAYS WITH
THUNDERSTORM              2     MIXED PRECIP               0
HEAVY RAIN                3     RAIN                       3
LIGHT RAIN                7     FREEZING RAIN              0
LT FREEZING RAIN          0     HAIL                       0
HEAVY SNOW                0     SNOW                       2
LIGHT SNOW                9     SLEET                      0
FOG                      12     FOG W/VIS <= 1/4 MILE      4
HAZE                      4

-  INDICATES NEGATIVE NUMBERS.
R  INDICATES RECORD WAS SET OR TIED.
MM INDICATES DATA IS MISSING.
T  INDICATES TRACE AMOUNT.

$$

63
