000
CXUS51 KRNK 011332
CLMBLF


CLIMATE REPORT
NATIONAL WEATHER SERVICE BLACKSBURG VA
831 AM EST FRI DEC 1 2017

...................................

...THE BLUEFIELD WV CLIMATE SUMMARY FOR THE MONTH OF NOVEMBER 2017...

CLIMATE NORMAL PERIOD 1981 TO 2010
CLIMATE RECORD PERIOD 1959 TO 2017

WEATHER         OBSERVED          NORMAL  DEPART  LAST YEAR`S
                 VALUE   DATE(S)  VALUE   FROM    VALUE
                                          NORMAL
.............................................................
TEMPERATURE (F)
RECORD
 HIGH              81   11/14/1993
 LOW                7   11/25/1970
                        11/24/1970
HIGHEST            69   11/02                         75
LOWEST             20   11/23                         20
AVG. MAXIMUM     53.5              55.6    -2.1     56.8
AVG. MINIMUM     36.0              38.6    -2.6     37.5
MEAN             44.7              47.1    -2.4     47.2
DAYS MAX >= 90      0               0.0     0.0        0
DAYS MAX <= 32      0               0.8    -0.8        0
DAYS MIN <= 32     13               8.3     4.7       10
DAYS MIN <= 0       0               0.0     0.0        0

PRECIPITATION (INCHES)
RECORD
 MAXIMUM         5.63   1985
 MINIMUM         0.46   2001
TOTALS           1.37              2.69   -1.32     2.32
DAILY AVG.       0.05              0.09   -0.04     0.08
DAYS >= .01        13              11.0     2.0        6
DAYS >= .10         3               5.9    -2.9        3
DAYS >= .50         1               1.6    -0.6        1
DAYS >= 1.00        0               0.4    -0.4        1
GREATEST
 24 HR. TOTAL    0.52                               1.51

SNOWFALL (INCHES)
TOTALS              T                                  T
DAYS >= TRACE       1                                  2
DAYS >= 1.0         0                                  0
GREATEST
 24 HR TOTAL        T                                  T

DEGREE_DAYS
HEATING TOTAL     602               539      63      510
COOLING TOTAL       0                 2      -2        1
..............................................................

WIND (MPH)
AVERAGE WIND SPEED              6.3
HIGHEST WIND SPEED/DIRECTION    32/250    DATE  11/18
HIGHEST GUST SPEED/DIRECTION    47/270    DATE  11/18

SKY COVER
AVERAGE SKY COVER           0.40

AVERAGE RH (PERCENT)     67

WEATHER CONDITIONS. NUMBER OF DAYS WITH
THUNDERSTORM              0     MIXED PRECIP               0
HEAVY RAIN                1     RAIN                       4
LIGHT RAIN               17     FREEZING RAIN              0
LT FREEZING RAIN          0     HAIL                       0
HEAVY SNOW                0     SNOW                       0
LIGHT SNOW                1     SLEET                      0
FOG                      15     FOG W/VIS <= 1/4 MILE      5
HAZE                      0

-  INDICATES NEGATIVE NUMBERS.
R  INDICATES RECORD WAS SET OR TIED.
MM INDICATES DATA IS MISSING.
T  INDICATES TRACE AMOUNT.

$$
