000
CXUS56 KBOI 011740
CLMBNO


CLIMATE REPORT
NATIONAL WEATHER SERVICE BOISE ID
1140 AM MDT MON AUG 1 2016

...................................

...THE BURNS OR CLIMATE SUMMARY FOR THE MONTH OF JULY 2016...

CLIMATE NORMAL PERIOD 1981 TO 2010
CLIMATE RECORD PERIOD 1938 TO 2016

WEATHER         OBSERVED          NORMAL  DEPART
                 VALUE   DATE(S)  VALUE   FROM
                                          NORMAL
................................................
TEMPERATURE (F)
HIGHEST            99   07/29        MM      MM
LOWEST             33   07/11        MM      MM
AVG. MAXIMUM     86.3              85.9     0.4
AVG. MINIMUM     44.3              47.4    -3.1
MEAN             65.5              66.6    -1.1
DAYS MAX >= 90     11
DAYS MAX <= 32      0
DAYS MIN <= 32      0
DAYS MIN <= 0       0

PRECIPITATION (INCHES)
RECORD
 MAXIMUM         1.61   1955
TOTALS           0.14              0.40   -0.26
DAYS >= .01         2
DAYS >= .10         1
DAYS >= .50         0
DAYS >= 1.00        0
GREATEST
 24 HR. TOTAL    0.10   07/10 TO 07/10

DEGREE_DAYS
HEATING TOTAL      57                58      -1
 SINCE 7/1         57                58      -1
COOLING TOTAL      78               109     -31
 SINCE 1/1        136               132       4
.................................................

WIND (MPH)
AVERAGE WIND SPEED              7.6
RESULTANT WIND SPEED/DIRECTION   5/257
HIGHEST WIND SPEED/DIRECTION    25/210    DATE  07/18
HIGHEST GUST SPEED/DIRECTION    34/260    DATE  07/29

AVERAGE RH (PERCENT)     39


-  INDICATES NEGATIVE NUMBERS.
R  INDICATES RECORD WAS SET OR TIED.
MM INDICATES DATA IS MISSING.
T  INDICATES TRACE AMOUNT.

$$
