722
CXUS51 KBOX 031308 CCA
CLMBOS

CLIMATE REPORT
NATIONAL WEATHER SERVICE TAUNTON MA
1113 AM EST THU DEC 1 2016

...................................

...THE BOSTON MA CLIMATE SUMMARY FOR THE MONTH OF NOVEMBER 2016...

CLIMATE NORMAL PERIOD 1981 TO 2010
CLIMATE RECORD PERIOD 1872 TO 2016

WEATHER         OBSERVED          NORMAL  DEPART
                 VALUE   DATE(S)  VALUE   FROM
                                          NORMAL
................................................
TEMPERATURE (F)
RECORD
 HIGH              83   11/02/1950
 LOW               -2   11/30/1875
HIGHEST            70   11/02
LOWEST             30   11/21
AVG. MAXIMUM     53.5              51.5     2.0
AVG. MINIMUM     38.8              38.0     0.8
MEAN             46.2              44.7     1.5
DAYS MAX >= 90      0               0.0     0.0
DAYS MAX <= 32      0               0.3    -0.3
DAYS MIN <= 32      3               5.6    -2.6
DAYS MIN <= 0       0               0.0     0.0

PRECIPITATION (INCHES)
RECORD
 MAXIMUM        11.03   1876
 MINIMUM         0.59   1917
TOTALS           2.70              3.99   -1.29
DAILY AVG.       0.09              0.13   -0.04
DAYS >= .01        10              10.6    -0.6
DAYS >= .10         3               6.6    -3.6
DAYS >= .50         2               2.8    -0.8
DAYS >= 1.00        0               1.0    -1.0
GREATEST
 24 HR. TOTAL    1.02   11/15 TO 11/16

SNOWFALL (INCHES)
RECORDS
 TOTAL           17.8   1898
 SNOW DEPTH        MM   MM
TOTALS              T               1.3    -1.3
SINCE 7/1           T               1.3    -1.3
SNOWDEPTH AVG.     MM
DAYS >= 1.0         0               0.4    -0.4
GREATEST
 SNOW DEPTH        MM
 24 HR TOTAL        T   11/21 TO 11/21

DEGREE_DAYS
HEATING TOTAL     557               608     -51
 SINCE 7/1        915              1055    -140
COOLING TOTAL       0                 0       0
 SINCE 1/1       1035               747     288
.................................................

WIND (MPH)
AVERAGE WIND SPEED              10.3
RESULTANT WIND SPEED/DIRECTION   6/290
HIGHEST WIND SPEED/DIRECTION    30/240    DATE  11/20
HIGHEST GUST SPEED/DIRECTION    43/290    DATE  11/11

SKY COVER
POSSIBLE SUNSHINE (PERCENT)   MM
AVERAGE SKY COVER           0.50
NUMBER OF DAYS FAIR           10
NUMBER OF DAYS PC             10
NUMBER OF DAYS CLOUDY         10

AVERAGE RH (PERCENT)     69

WEATHER CONDITIONS. NUMBER OF DAYS WITH
THUNDERSTORM              0     MIXED PRECIP               0
HEAVY RAIN                2     RAIN                       3
LIGHT RAIN               12     FREEZING RAIN              0
LT FREEZING RAIN          0     HAIL                       0
HEAVY SNOW                0     SNOW                       0
LIGHT SNOW                2     SLEET                      0
FOG                      12     FOG W/VIS <= 1/4 MILE      1
HAZE                      1

-  INDICATES NEGATIVE NUMBERS.
R  INDICATES RECORD WAS SET OR TIED.
MM INDICATES DATA IS MISSING.
T  INDICATES TRACE AMOUNT.

$$

SIPPRELL
