000
CXUS51 KBOX 031336
CLMBOS


CLIMATE REPORT
NATIONAL WEATHER SERVICE TAUNTON MA
923 AM EDT MON JUL 3 2017

...................................

...THE BOSTON MA CLIMATE SUMMARY FOR THE MONTH OF JUNE 2017...

CLIMATE NORMAL PERIOD 1981 TO 2010
CLIMATE RECORD PERIOD 1872 TO 2017

WEATHER         OBSERVED          NORMAL  DEPART
                 VALUE   DATE(S)  VALUE   FROM
                                          NORMAL
................................................
TEMPERATURE (F)
RECORD
 HIGH             100   06/26/1952
                        06/06/1925
 LOW               41   06/01/1945
HIGHEST            95   06/13
                        06/12
LOWEST             47   06/06
AVG. MAXIMUM     78.4              75.9     2.5
AVG. MINIMUM     60.6              59.5     1.1
MEAN             69.5              67.7     1.8
DAYS MAX >= 90      4               2.3     1.7
DAYS MAX <= 32      0               0.0     0.0
DAYS MIN <= 32      0               0.0     0.0
DAYS MIN <= 0       0               0.0     0.0

PRECIPITATION (INCHES)
RECORD
 MAXIMUM        13.20   1982
 MINIMUM            T   1999
TOTALS           4.85              3.68    1.17
DAILY AVG.       0.16              0.12    0.04
DAYS >= .01        14              10.9     3.1
DAYS >= .10         7               6.4     0.6
DAYS >= .50         4               2.1     1.9
DAYS >= 1.00        1               0.7     0.3
GREATEST
 24 HR. TOTAL    2.13   06/16 TO 06/16

SNOWFALL (INCHES)
RECORDS
 TOTAL            0.0
 SNOW DEPTH         0
TOTALS            0.0               0.0     0.0
SINCE 7/1        47.6              43.8     3.8
SNOWDEPTH AVG.     MM
DAYS >= 1.0         0               0.0     0.0
GREATEST
 SNOW DEPTH        MM
 24 HR TOTAL      0.0   06/30 TO 06/30

DEGREE_DAYS
HEATING TOTAL      50                55      -5
 SINCE 7/1       5254              5681    -427
COOLING TOTAL     191               136      55
 SINCE 1/1        251               166      85
.................................................

WIND (MPH)
AVERAGE WIND SPEED              11.5
RESULTANT WIND SPEED/DIRECTION   5/229
HIGHEST WIND SPEED/DIRECTION    31/260    DATE  06/27
HIGHEST GUST SPEED/DIRECTION    46/270    DATE  06/01

SKY COVER
POSSIBLE SUNSHINE (PERCENT)   MM
AVERAGE SKY COVER           0.60
NUMBER OF DAYS FAIR            3
NUMBER OF DAYS PC             20
NUMBER OF DAYS CLOUDY          7

AVERAGE RH (PERCENT)     67

WEATHER CONDITIONS. NUMBER OF DAYS WITH
THUNDERSTORM              3     MIXED PRECIP               0
HEAVY RAIN                4     RAIN                       8
LIGHT RAIN               18     FREEZING RAIN              0
LT FREEZING RAIN          0     HAIL                       0
HEAVY SNOW                0     SNOW                       0
LIGHT SNOW                0     SLEET                      0
FOG                      10     FOG W/VIS <= 1/4 MILE      1
HAZE                      1

-  INDICATES NEGATIVE NUMBERS.
R  INDICATES RECORD WAS SET OR TIED.
MM INDICATES DATA IS MISSING.
T  INDICATES TRACE AMOUNT.

$$

SIPPRELL
