000
CXUS54 KLCH 010935
CLMBPT


CLIMATE REPORT
NATIONAL WEATHER SERVICE LAKE CHARLES, LA
332 AM CST WED MAR 1 2017

...................................

...THE BEAUMONT PORT ARTHUR CLIMATE SUMMARY FOR THE MONTH OF FEBRUARY 2017...

CLIMATE NORMAL PERIOD 1981 TO 2010
CLIMATE RECORD PERIOD 1901 TO 2017

WEATHER         OBSERVED          NORMAL  DEPART  LAST YEAR`S
                 VALUE   DATE(S)  VALUE   FROM    VALUE  DATE(S)
                                          NORMAL
................................................................
TEMPERATURE (F)
RECORD
 HIGH              90   02/24/1906
 LOW               10   02/06/1906
HIGHEST            88   02/08        MM      MM       MM  MM
LOWEST             38   02/16        MM      MM       MM  MM
AVG. MAXIMUM     76.6              65.3    11.3       MM
AVG. MINIMUM     56.6              46.5    10.1       MM
MEAN             66.6              55.9    10.7       MM
DAYS MAX >= 90      0               0.0     0.0       MM
DAYS MAX <= 32      0               0.0     0.0       MM
DAYS MIN <= 32      0               1.4    -1.4       MM
DAYS MIN <= 0       0               0.0     0.0       MM

PRECIPITATION (INCHES)
RECORD
 MAXIMUM        13.15   1952
 MINIMUM         0.00   1911
TOTALS           1.11              3.58   -2.47       MM
DAILY AVG.       0.04              0.13   -0.09       MM
DAYS >= .01         3               8.7    -5.7       MM
DAYS >= .10         3               5.2    -2.2       MM
DAYS >= .50         1               2.3    -1.3       MM
DAYS >= 1.00        0               1.0    -1.0       MM
GREATEST
 24 HR. TOTAL    0.59   02/14 TO 02/14

SNOWFALL (INCHES)
RECORDS
 TOTAL             MM   5
TOTALS            0.0                 T     0.0       MM
SINCE 7/1         0.0                 T     0.0       MM
SNOWDEPTH AVG.      0                MM      MM       MM
DAYS >= 1.0         0               0.0     0.0       MM
GREATEST
 SNOW DEPTH         0   MM                            MM  MM
 24 HR TOTAL      0.0   02/28 TO 02/28

DEGREE_DAYS
HEATING TOTAL      65               270    -205       MM
 SINCE 7/1        555              1213    -658       MM
.................................................................

WIND (MPH)
AVERAGE WIND SPEED              10.2
HIGHEST WIND SPEED/DIRECTION    29/310    DATE  02/20
HIGHEST GUST SPEED/DIRECTION    40/310    DATE  02/20

SKY COVER
POSSIBLE SUNSHINE (PERCENT)   MM
AVERAGE SKY COVER           0.60
NUMBER OF DAYS FAIR            6
NUMBER OF DAYS PC             11
NUMBER OF DAYS CLOUDY         11

AVERAGE RH (PERCENT)     73

WEATHER CONDITIONS. NUMBER OF DAYS WITH
THUNDERSTORM              0     MIXED PRECIP               0
HEAVY RAIN                1     RAIN                       1
LIGHT RAIN                1     FREEZING RAIN              0
LT FREEZING RAIN          0     HAIL                       0
HEAVY SNOW                0     SNOW                       0
LIGHT SNOW                0     SLEET                      0
FOG                      18     FOG W/VIS <= 1/4 MILE      4
HAZE                     10

-  INDICATES NEGATIVE NUMBERS.
R  INDICATES RECORD WAS SET OR TIED.
MM INDICATES DATA IS MISSING.
T  INDICATES TRACE AMOUNT.

$$
