000
CXUS44 KBRO 011549
CLMBRO


CLIMATE REPORT
NATIONAL WEATHER SERVICE BROWNSVILLE TX
1044 AM CDT THU JUN 1 2017

...................................

...THE BROWNSVILLE CLIMATE SUMMARY FOR THE MONTH OF MAY 2017...

CLIMATE NORMAL PERIOD 1981 TO 2010
CLIMATE RECORD PERIOD 1878 TO 2017

WEATHER         OBSERVED          NORMAL  DEPART  LAST YEAR`S
                 VALUE   DATE(S)  VALUE   FROM    VALUE  DATE(S)
                                          NORMAL
................................................................
TEMPERATURE (F)
HIGHEST            98   05/22        94       4       91  05/26
                        05/12                             05/05
LOWEST             59   05/05        61      -2       60  05/05
AVG. MAXIMUM     91.2              88.4     2.8     87.5
AVG. MINIMUM     73.1              72.3     0.8     73.1
MEAN             82.2              80.3     1.9     80.3
DAYS MAX >= 90     23              11.8    11.2       10
DAYS MAX <= 32      0               0.0     0.0        0
DAYS MIN <= 32      0               0.0     0.0        0
DAYS MIN <= 0       0               0.0     0.0        0

PRECIPITATION (INCHES)
TOTALS           1.85              2.64   -0.79     2.18
DAILY AVG.       0.06              0.09   -0.03     0.07
DAYS >= .01         4               4.9    -0.9        9
DAYS >= .10         2               2.6    -0.6        3
DAYS >= .50         1               1.6    -0.6        2
DAYS >= 1.00        1               1.0     0.0        1
GREATEST
 24 HR. TOTAL    1.40   05/29 TO 05/29

DEGREE_DAYS
HEATING TOTAL       0                 0       0        0
 SINCE 7/1        201               554    -353      374
COOLING TOTAL     540               476      64      484
 SINCE 1/1       1637              1093     544     1160
.................................................................

WIND (MPH)
AVERAGE WIND SPEED              12.1
HIGHEST WIND SPEED/DIRECTION    33/310    DATE  05/29
HIGHEST GUST SPEED/DIRECTION    41/310    DATE  05/29

SKY COVER
POSSIBLE SUNSHINE (PERCENT)   MM
AVERAGE SKY COVER           0.40
NUMBER OF DAYS FAIR           10
NUMBER OF DAYS PC             16
NUMBER OF DAYS CLOUDY          5

AVERAGE RH (PERCENT)     69

WEATHER CONDITIONS. NUMBER OF DAYS WITH
THUNDERSTORM              0     MIXED PRECIP               0
HEAVY RAIN                2     RAIN                       2
LIGHT RAIN                8     FREEZING RAIN              0
LT FREEZING RAIN          0     HAIL                       0
HEAVY SNOW                0     SNOW                       0
LIGHT SNOW                0     SLEET                      0
FOG                       4     FOG W/VIS <= 1/4 MILE      1
HAZE                      1

-  INDICATES NEGATIVE NUMBERS.
R  INDICATES RECORD WAS SET OR TIED.
MM INDICATES DATA IS MISSING.
T  INDICATES TRACE AMOUNT.

$$
