000
CXUS52 KCAE 011522
CLMCAE


CLIMATE REPORT
NATIONAL WEATHER SERVICE COLUMBIA SC
1120 AM EDT WED JUL 1 2015

...................................

...THE COLUMBIA METRO AIRPORT SC CLIMATE SUMMARY FOR THE MONTH OF JUNE 2015...

CLIMATE NORMAL PERIOD 1981 TO 2010
CLIMATE RECORD PERIOD 1887 TO 2015

WEATHER         OBSERVED          NORMAL  DEPART
                 VALUE   DATE(S)  VALUE   FROM
                                          NORMAL
................................................
TEMPERATURE (F)
RECORD
 HIGH             109   06/30/2012
                        06/29/2012
                        54/01/2206
 LOW               44   06/01/1984
HIGHEST           101   06/26        MM      MM
                        06/18
                        06/17
LOWEST             65   06/29        MM      MM
                        06/05
AVG. MAXIMUM     93.6              90.0     3.6
AVG. MINIMUM     71.6              68.2     3.4
MEAN             82.6              79.1     3.5
DAYS MAX >= 90     23              15.6     7.4
DAYS MAX <= 32      0               0.0     0.0
DAYS MIN <= 32      0               0.0     0.0
DAYS MIN <= 0       0               0.0     0.0

PRECIPITATION (INCHES)
RECORD
 MAXIMUM        14.81   1973
 MINIMUM         0.49   2002
TOTALS           8.79              4.69    4.10
DAILY AVG.       0.29              0.16    0.13
DAYS >= .01        10              10.5    -0.5
DAYS >= .10         8               7.1     0.9
DAYS >= .50         6               3.1     2.9
DAYS >= 1.00        4               1.3     2.7
GREATEST
 24 HR. TOTAL    2.42   06/02 TO 06/02
                        06/02 TO 06/03
 STORM TOTAL       MM
 (MM/DD(HH))            MM

SNOWFALL (INCHES)
RECORDS
 TOTAL             MM   MM
TOTALS            0.0               0.0     0.0
SINCE 7/1           T               1.5    -1.5
DAYS >= TRACE       0               0.0     0.0
DAYS >= 1.0         0               0.0     0.0
GREATEST
 SNOW DEPTH         0   MM

DEGREE_DAYS
HEATING TOTAL       0                 1      -1
 SINCE 7/1       2463              2552     -89
COOLING TOTAL     537               424     113
 SINCE 1/1        958               745     213

FREEZE DATES
RECORD
 EARLIEST     10/15/1991
 LATEST       04/03/1964
EARLIEST      11/03             11/05
LATEST        03/07             03/22
.................................................

WIND (MPH)
AVERAGE WIND SPEED              5.9
RESULTANT WIND SPEED/DIRECTION   3/235
HIGHEST WIND SPEED/DIRECTION    46/260    DATE  06/30
HIGHEST GUST SPEED/DIRECTION    55/260    DATE  06/30

SKY COVER
POSSIBLE SUNSHINE (PERCENT)   MM
AVERAGE SKY COVER           0.40
NUMBER OF DAYS FAIR            8
NUMBER OF DAYS PC             21
NUMBER OF DAYS CLOUDY          1

AVERAGE RH (PERCENT)     64

WEATHER CONDITIONS. NUMBER OF DAYS WITH
THUNDERSTORM             14     MIXED PRECIP               0
HEAVY RAIN                7     RAIN                       7
LIGHT RAIN               14     FREEZING RAIN              0
LT FREEZING RAIN          0     HAIL                       0
HEAVY SNOW                0     SNOW                       0
LIGHT SNOW                0     SLEET                      0
FOG                      11     FOG W/VIS <= 1/4 MILE      0
HAZE                      6

-  INDICATES NEGATIVE NUMBERS.
R  INDICATES RECORD WAS SET OR TIED.
MM INDICATES DATA IS MISSING.
T  INDICATES TRACE AMOUNT.

$$
