000
CXUS55 KGJT 011130
CLMCAG


CLIMATE REPORT
NATIONAL WEATHER SERVICE GRAND JUNCTION CO
400 AM MST WED MAR 1 2017

...................................

...THE CRAIG CO CLIMATE SUMMARY FOR THE MONTH OF FEBRUARY 2017...

CLIMATE NORMAL PERIOD 1981 TO 2010
CLIMATE RECORD PERIOD 9999 TO 9999

WEATHER         OBSERVED          NORMAL  DEPART  LAST YEAR`S
                 VALUE   DATE(S)  VALUE   FROM    VALUE  DATE(S)
                                          NORMAL
................................................................
TEMPERATURE (F)
HIGHEST            57   02/21        MM      MM       49  02/18
LOWEST              0   02/26        MM      MM      -21  02/04
AVG. MAXIMUM     40.6              33.8     6.8     33.4
AVG. MINIMUM     20.4               7.5    12.9      4.3
MEAN             30.5              20.7     9.8     18.8
DAYS MAX >= 90      0               0.0     0.0        0
DAYS MAX <= 32      9              10.4    -1.4       11
DAYS MIN <= 32     24              27.7    -3.7       29
DAYS MIN <= 0       1               8.1    -7.1        9

PRECIPITATION (INCHES)
TOTALS           1.61              0.82    0.79     0.34
DAILY AVG.       0.06              0.03    0.03     0.01
DAYS >= .01         7                MM      MM        5
DAYS >= .10         5                MM      MM        1
DAYS >= .50         1                MM      MM        0
DAYS >= 1.00        0                MM      MM        0
GREATEST
 24 HR. TOTAL    0.58   02/27 TO 02/27              0.11

SNOWFALL (INCHES)
TOTALS             MM                MM      MM       MM
SINCE 7/1          MM                MM      MM       MM
SNOWDEPTH AVG.     MM                MM      MM       MM
DAYS >= 1.0        MM                MM      MM       MM
GREATEST
 SNOW DEPTH        MM                                 MM  MM
 24 HR TOTAL       MM                                 MM

DEGREE_DAYS
HEATING TOTAL     957              1242    -285     1332
 SINCE 7/1       5520              6326    -806     6279
COOLING TOTAL       0                 0       0        0
 SINCE 1/1          0                 0       0        0
.................................................................

WIND (MPH)
AVERAGE WIND SPEED              6.0
HIGHEST WIND SPEED/DIRECTION    35/230    DATE  02/27
HIGHEST GUST SPEED/DIRECTION    46/210    DATE  02/21

SKY COVER
POSSIBLE SUNSHINE (PERCENT)   MM
AVERAGE SKY COVER           0.60
NUMBER OF DAYS FAIR            3
NUMBER OF DAYS PC             15
NUMBER OF DAYS CLOUDY         10

AVERAGE RH (PERCENT)     68

WEATHER CONDITIONS. NUMBER OF DAYS WITH
THUNDERSTORM              0     MIXED PRECIP               0
HEAVY RAIN                1     RAIN                       2
LIGHT RAIN                7     FREEZING RAIN              0
LT FREEZING RAIN          0     HAIL                       0
HEAVY SNOW                2     SNOW                       4
LIGHT SNOW               11     SLEET                      0
FOG                      13     FOG W/VIS <= 1/4 MILE      7
HAZE                      5

-  INDICATES NEGATIVE NUMBERS.
R  INDICATES RECORD WAS SET OR TIED.
MM INDICATES DATA IS MISSING.
T  INDICATES TRACE AMOUNT.

$$
