000
CXUS51 KCLE 030241
CLMCAK


CLIMATE REPORT
NATIONAL WEATHER SERVICE CLEVELAND OH
1038 PM EDT SUN JUL 2 2017

...................................

...THE AKRON CANTON OH CLIMATE SUMMARY FOR THE MONTH OF JUNE 2017...

CLIMATE NORMAL PERIOD 1981 TO 2010
CLIMATE RECORD PERIOD 1887 TO 2017

WEATHER         OBSERVED          NORMAL  DEPART  LAST YEAR`S
                 VALUE   DATE(S)  VALUE   FROM    VALUE
                                          NORMAL
.............................................................
TEMPERATURE (F)
RECORD
 HIGH             100   06/25/1988
                        06/26/1952
 LOW               32   06/11/1972
HIGHEST            92   06/13
LOWEST             49   06/08
AVG. MAXIMUM     80.9              78.0     2.9     81.4
AVG. MINIMUM     59.9              57.7     2.2     59.7
MEAN             70.4              67.9     2.5     70.5
DAYS MAX >= 90      4               0.8     3.2        1
DAYS MAX <= 32      0               0.0     0.0        0
DAYS MIN <= 32      0               0.0     0.0        0
DAYS MIN <= 0       0               0.0     0.0        0

PRECIPITATION (INCHES)
RECORD
 MAXIMUM        11.12   1924
 MINIMUM         0.37   1988
TOTALS           4.73              3.83    0.90     3.51
DAYS >= .01        10              12.1    -2.1        9
DAYS >= .10         5               7.7    -2.7        6
DAYS >= .50         4               2.7     1.3        2
DAYS >= 1.00        2               0.7     1.3        1
GREATEST
 24 HR. TOTAL    1.32   06/18 TO 06/18              1.88

SNOWFALL (INCHES)
RECORDS
 TOTAL             MM   MM
TOTALS            0.0               0.0     0.0      0.0
SINCE 7/1        37.2              47.5   -10.3     30.2
DAYS >= 1.0         0               0.0     0.0        0
GREATEST
 24 HR TOTAL      0.0   06/30 TO 06/30

DEGREE_DAYS
HEATING TOTAL      23                49     -26       19
 SINCE 7/1       4896              6150   -1254     5000
COOLING TOTAL     189               135      54      194
 SINCE 1/1        253               177      76      255
..............................................................

WIND (MPH)
AVERAGE WIND SPEED              8.6
HIGHEST WIND SPEED/DIRECTION    37/290    DATE  06/29
HIGHEST GUST SPEED/DIRECTION    47/290    DATE  06/29

SKY COVER
AVERAGE SKY COVER           0.50

AVERAGE RH (PERCENT)     63

WEATHER CONDITIONS. NUMBER OF DAYS WITH
THUNDERSTORM              0     MIXED PRECIP               0
HEAVY RAIN                4     RAIN                       3
LIGHT RAIN               14     FREEZING RAIN              0
LT FREEZING RAIN          0     HAIL                       0
HEAVY SNOW                0     SNOW                       0
LIGHT SNOW                0     SLEET                      0
FOG                       9     FOG W/VIS <= 1/4 MILE      0
HAZE                      7

-  INDICATES NEGATIVE NUMBERS.
R  INDICATES RECORD WAS SET OR TIED.
MM INDICATES DATA IS MISSING.
T  INDICATES TRACE AMOUNT.

$$
