000
CXUS55 KCYS 082117
CLMCHY


CLIMATE REPORT
NATIONAL WEATHER SERVICE CHEYENNE WY
216 PM MST MON DEC 8 2014

...................................

...THE CHEYENNE WY CLIMATE SUMMARY FOR THE MONTH OF NOVEMBER 2014...

CLIMATE NORMAL PERIOD 1981 TO 2010
CLIMATE RECORD PERIOD 1871 TO 2014

WEATHER         OBSERVED          NORMAL  DEPART  LAST YEAR`S
                 VALUE   DATE(S)  VALUE   FROM    VALUE
                                          NORMAL
.............................................................
TEMPERATURE (F)
RECORD
 HIGH              75   11/15/1999
                        11/05/1891
 LOW              -21   11/13/1916
HIGHEST            66   11/01        47      19       64
LOWEST            -14   11/13        24     -38        6
                        11/12
AVG. MAXIMUM     45.3              46.5    -1.2     49.0
AVG. MINIMUM     21.0              24.2    -3.2     24.2
MEAN             33.2              35.3    -2.1     36.6
DAYS MAX >= 90      0               0.0     0.0        0
DAYS MAX <= 32      6               4.3     1.7        3
DAYS MIN <= 32     23              23.1    -0.1       28
DAYS MIN <= 0       5               0.6     4.4        0

PRECIPITATION (INCHES)
RECORD
 MAXIMUM         2.48   1979
 MINIMUM            T   1965
                        1901
                        1878
TOTALS           1.19              0.59    0.60     0.16
DAYS >= .01         9               6.4     2.6        3
DAYS >= .10         3               1.9     1.1        1
DAYS >= .50         1               0.2     0.8        0
DAYS >= 1.00        0               0.0     0.0        0
GREATEST
 24 HR. TOTAL    0.74   11/02 TO 11/03

DEGREE_DAYS
HEATING TOTAL     948               889      59      846
 SINCE 7/1       1598              1748    -150     1704
COOLING TOTAL       0                 0       0        0
 SINCE 1/1        301               348     -47      520

FREEZE DATES
RECORD
 EARLIEST     08/24/1910
 LATEST       06/19/1876
EARLIEST      11/01             09/24
LATEST                          05/20
..............................................................

WIND (MPH)
AVERAGE WIND SPEED              14.1
HIGHEST WIND SPEED/DIRECTION    51/280    DATE  11/25
HIGHEST GUST SPEED/DIRECTION    61/250    DATE  11/29

SKY COVER
POSSIBLE SUNSHINE (PERCENT)   MM
AVERAGE SKY COVER           0.20
NUMBER OF DAYS FAIR           18
NUMBER OF DAYS PC             10
NUMBER OF DAYS CLOUDY          1

AVERAGE RH (PERCENT)     51

WEATHER CONDITIONS. NUMBER OF DAYS WITH
THUNDERSTORM              0     MIXED PRECIP               0
HEAVY RAIN                0     RAIN                       2
LIGHT RAIN                4     FREEZING RAIN              0
LT FREEZING RAIN          1     HAIL                       0
HEAVY SNOW                2     SNOW                       3
LIGHT SNOW               10     SLEET                      0
FOG                       8     FOG W/VIS <= 1/4 MILE      2
HAZE                      6

-  INDICATES NEGATIVE NUMBERS.
R  INDICATES RECORD WAS SET OR TIED.
MM INDICATES DATA IS MISSING.
T  INDICATES TRACE AMOUNT.
...................................

...THE DOUGLAS WY AIRPORT CLIMATE SUMMARY FOR THE MONTH OF NOVEMBER 2014...

CLIMATE NORMAL PERIOD 1981 TO 2010
CLIMATE RECORD PERIOD 1998 TO 2014

WEATHER         OBSERVED          NORMAL  DEPART  LAST YEAR`S
                 VALUE   DATE(S)  VALUE   FROM    VALUE
                                          NORMAL
.............................................................
TEMPERATURE (F)
RECORD
 HIGH              76   11/07/1999
 LOW              -25   11/13/2014
HIGHEST            73   11/01        MM      MM       67
LOWEST            -25R  11/13        MM      MM      -12
AVG. MAXIMUM     44.2              46.7    -2.5     49.2
AVG. MINIMUM     14.2              19.6    -5.4     19.0
MEAN             29.2              33.2    -4.0     34.1
DAYS MAX >= 90      0               0.0     0.0        0
DAYS MAX <= 32      9               4.9     4.1        3
DAYS MIN <= 32     27              27.0     0.0       30
DAYS MIN <= 0       5               1.4     3.6        2

PRECIPITATION (INCHES)
RECORD
 MAXIMUM           MM   MM
 MINIMUM           MM   MM
TOTALS           0.35              0.65   -0.30     0.22
DAYS >= .01         7                MM      MM        3
DAYS >= .10         1                MM      MM        1
DAYS >= .50         0                MM      MM        0
DAYS >= 1.00        0                MM      MM        0
GREATEST
 24 HR. TOTAL    0.13   11/14 TO 11/15

DEGREE_DAYS
HEATING TOTAL    1066               955     111      919
 SINCE 7/1       1724              1822     -98     1737
COOLING TOTAL       0                 0       0        0
 SINCE 1/1        401               486     -85      739

FREEZE DATES
RECORD
 EARLIEST     MM
 LATEST       MM
EARLIEST      11/01             MM
LATEST                          MM
..............................................................

WIND (MPH)
AVERAGE WIND SPEED              10.7
HIGHEST WIND SPEED/DIRECTION    45/240    DATE  11/29
HIGHEST GUST SPEED/DIRECTION    56/250    DATE  11/22

SKY COVER
POSSIBLE SUNSHINE (PERCENT)   MM
AVERAGE SKY COVER           0.30
NUMBER OF DAYS FAIR           16
NUMBER OF DAYS PC              6
NUMBER OF DAYS CLOUDY          3

AVERAGE RH (PERCENT)     58

WEATHER CONDITIONS. NUMBER OF DAYS WITH
THUNDERSTORM              0     MIXED PRECIP               0
HEAVY RAIN                0     RAIN                       0
LIGHT RAIN                4     FREEZING RAIN              0
LT FREEZING RAIN          1     HAIL                       0
HEAVY SNOW                0     SNOW                       2
LIGHT SNOW               10     SLEET                      0
FOG                       6     FOG W/VIS <= 1/4 MILE      1
HAZE                      7

-  INDICATES NEGATIVE NUMBERS.
R  INDICATES RECORD WAS SET OR TIED.
MM INDICATES DATA IS MISSING.
T  INDICATES TRACE AMOUNT.
...................................

...THE LARAMIE WY AIRPORT CLIMATE SUMMARY FOR THE MONTH OF NOVEMBER 2014...

CLIMATE NORMAL PERIOD 1981 TO 2010
CLIMATE RECORD PERIOD 1948 TO 2014

WEATHER         OBSERVED          NORMAL  DEPART  LAST YEAR`S
                 VALUE   DATE(S)  VALUE   FROM    VALUE
                                          NORMAL
.............................................................
TEMPERATURE (F)
RECORD
 HIGH              70   11/15/1999
 LOW              -26   11/25/1993
HIGHEST            64   11/01        MM      MM       59
LOWEST            -24   11/13        17     -41       -5
AVG. MAXIMUM     40.8              41.3    -0.5     44.6
AVG. MINIMUM     15.1              17.4    -2.3     19.4
MEAN             28.0              29.3    -1.3     32.0
DAYS MAX >= 90      0               0.0     0.0        0
DAYS MAX <= 32      8               7.8     0.2        4
DAYS MIN <= 32     26              27.6    -1.6       30
DAYS MIN <= 0       5               2.6     2.4        1

PRECIPITATION (INCHES)
RECORD
 MAXIMUM         2.62   1983
 MINIMUM         0.00   1949
TOTALS           0.54              0.54    0.00     0.46
DAYS >= .01         9               5.7     3.3        5
DAYS >= .10         2               1.9     0.1        2
DAYS >= .50         0               0.1    -0.1        0
DAYS >= 1.00        0               0.0     0.0        0
GREATEST
 24 HR. TOTAL    0.22   11/02 TO 11/03

DEGREE_DAYS
HEATING TOTAL    1105              1069      36      981
 SINCE 7/1       2128              2312    -184     2122
COOLING TOTAL       0                 0       0        0
 SINCE 1/1         67                67       0      162

FREEZE DATES
RECORD
 EARLIEST     MM
 LATEST       MM
EARLIEST      11/02             MM
LATEST                          MM
..............................................................

WIND (MPH)
AVERAGE WIND SPEED              13.8
HIGHEST WIND SPEED/DIRECTION    46/270    DATE  11/25
HIGHEST GUST SPEED/DIRECTION    59/270    DATE  11/25

SKY COVER
POSSIBLE SUNSHINE (PERCENT)   MM
AVERAGE SKY COVER           0.30
NUMBER OF DAYS FAIR           16
NUMBER OF DAYS PC             12
NUMBER OF DAYS CLOUDY          1

AVERAGE RH (PERCENT)     58

WEATHER CONDITIONS. NUMBER OF DAYS WITH
THUNDERSTORM              0     MIXED PRECIP               0
HEAVY RAIN                0     RAIN                       0
LIGHT RAIN                4     FREEZING RAIN              0
LT FREEZING RAIN          0     HAIL                       0
HEAVY SNOW                0     SNOW                       4
LIGHT SNOW               12     SLEET                      0
FOG                      14     FOG W/VIS <= 1/4 MILE      4
HAZE                      3

-  INDICATES NEGATIVE NUMBERS.
R  INDICATES RECORD WAS SET OR TIED.
MM INDICATES DATA IS MISSING.
T  INDICATES TRACE AMOUNT.
...................................

...THE RAWLINS WY AIRPORT CLIMATE SUMMARY FOR THE MONTH OF NOVEMBER 2014...

CLIMATE NORMAL PERIOD 1981 TO 2010
CLIMATE RECORD PERIOD 1951 TO 2014

WEATHER         OBSERVED          NORMAL  DEPART  LAST YEAR`S
                 VALUE   DATE(S)  VALUE   FROM    VALUE
                                          NORMAL
.............................................................
TEMPERATURE (F)
RECORD
 HIGH              70   11/14/1999
                        11/06/1999
 LOW              -24   11/13/2014
HIGHEST            66   11/01        MM      MM       57
LOWEST            -24R  11/13        MM      MM      -13
AVG. MAXIMUM     40.2              40.6    -0.4     42.9
AVG. MINIMUM     19.1              19.6    -0.5     20.3
MEAN             29.7              30.1    -0.4     31.6
DAYS MAX >= 90      0               0.0     0.0        0
DAYS MAX <= 32      8               7.5     0.5        6
DAYS MIN <= 32     24              26.2    -2.2       26
DAYS MIN <= 0       5               1.6     3.4        2

PRECIPITATION (INCHES)
RECORD
 MAXIMUM         2.04   1983
 MINIMUM         0.03   1976
TOTALS           0.70              0.55    0.15     0.17
DAYS >= .01        10               6.9     3.1        4
DAYS >= .10         2               2.1    -0.1        1
DAYS >= .50         0               0.0     0.0        0
DAYS >= 1.00        0               0.0     0.0        0
GREATEST
 24 HR. TOTAL    0.29   11/02 TO 11/03

DEGREE_DAYS
HEATING TOTAL    1053              1047       6      995
 SINCE 7/1       1891              2106    -215     1984
COOLING TOTAL       0                 0       0        0
 SINCE 1/1        211               186      25      371

FREEZE DATES
RECORD
 EARLIEST     MM
 LATEST       MM
EARLIEST      11/02             MM
LATEST                          MM
..............................................................

WIND (MPH)
AVERAGE WIND SPEED              16.0
HIGHEST WIND SPEED/DIRECTION    45/250    DATE  11/25
HIGHEST GUST SPEED/DIRECTION    60/240    DATE  11/25

SKY COVER
POSSIBLE SUNSHINE (PERCENT)   MM
AVERAGE SKY COVER           0.30
NUMBER OF DAYS FAIR           15
NUMBER OF DAYS PC             11
NUMBER OF DAYS CLOUDY          3

AVERAGE RH (PERCENT)     60

WEATHER CONDITIONS. NUMBER OF DAYS WITH
THUNDERSTORM              0     MIXED PRECIP               0
HEAVY RAIN                1     RAIN                       2
LIGHT RAIN                7     FREEZING RAIN              0
LT FREEZING RAIN          0     HAIL                       0
HEAVY SNOW                1     SNOW                       3
LIGHT SNOW               11     SLEET                      0
FOG                      11     FOG W/VIS <= 1/4 MILE      1
HAZE                      4

-  INDICATES NEGATIVE NUMBERS.
R  INDICATES RECORD WAS SET OR TIED.
MM INDICATES DATA IS MISSING.
T  INDICATES TRACE AMOUNT.
...................................

...THE TORRINGTON WY AIRPORT CLIMATE SUMMARY FOR THE MONTH OF NOVEMBER 2014...

CLIMATE NORMAL PERIOD 1981 TO 2010
CLIMATE RECORD PERIOD 1998 TO 2014

WEATHER         OBSERVED          NORMAL  DEPART  LAST YEAR`S
                 VALUE   DATE(S)  VALUE   FROM    VALUE
                                          NORMAL
.............................................................
TEMPERATURE (F)
RECORD
 HIGH              80   11/02/2008
 LOW              -14   11/13/2014
HIGHEST            68   11/28        MM      MM       69
                        11/08
LOWEST            -14R  11/13        MM      MM       -9
AVG. MAXIMUM     46.5              49.7    -3.2     50.7
AVG. MINIMUM     17.0              22.1    -5.1     21.1
MEAN             31.8              35.9    -4.1     35.9
DAYS MAX >= 90      0               0.0     0.0        0
DAYS MAX <= 32      9               3.4     5.6        3
DAYS MIN <= 32     26              26.0     0.0       28
DAYS MIN <= 0       4               0.8     3.2        2

PRECIPITATION (INCHES)
RECORD
 MAXIMUM         0.41   2010
 MINIMUM         0.01   2006
TOTALS           0.82R             0.44    0.38     0.36
DAYS >= .01         7                MM      MM        3
DAYS >= .10         1                MM      MM        2
DAYS >= .50         1                MM      MM        0
DAYS >= 1.00        0                MM      MM        0
GREATEST
 24 HR. TOTAL    0.66   11/02 TO 11/03

DEGREE_DAYS
HEATING TOTAL     989               873     116      867
 SINCE 7/1       1532              1583     -51     1569
COOLING TOTAL       0                 0       0        0
 SINCE 1/1        587               678     -91      893

FREEZE DATES
RECORD
 EARLIEST     MM
 LATEST       MM
EARLIEST      11/01             MM
LATEST                          MM
..............................................................

WIND (MPH)
AVERAGE WIND SPEED              9.9
HIGHEST WIND SPEED/DIRECTION    38/290    DATE  11/25
HIGHEST GUST SPEED/DIRECTION    49/290    DATE  11/25

SKY COVER
POSSIBLE SUNSHINE (PERCENT)   MM
AVERAGE SKY COVER           0.30
NUMBER OF DAYS FAIR           20
NUMBER OF DAYS PC              4
NUMBER OF DAYS CLOUDY          5

AVERAGE RH (PERCENT)     59

WEATHER CONDITIONS. NUMBER OF DAYS WITH
THUNDERSTORM              0     MIXED PRECIP               0
HEAVY RAIN                0     RAIN                       1
LIGHT RAIN                3     FREEZING RAIN              0
LT FREEZING RAIN          1     HAIL                       0
HEAVY SNOW                0     SNOW                       1
LIGHT SNOW                9     SLEET                      0
FOG                       8     FOG W/VIS <= 1/4 MILE      2
HAZE                      2

-  INDICATES NEGATIVE NUMBERS.
R  INDICATES RECORD WAS SET OR TIED.
MM INDICATES DATA IS MISSING.
T  INDICATES TRACE AMOUNT.

$$
